{"id":75843,"date":"2022-02-23T17:31:03","date_gmt":"2022-02-23T16:31:03","guid":{"rendered":"https:\/\/www.pescafish.it\/new\/?post_type=product&#038;p=75843"},"modified":"2022-02-23T17:31:04","modified_gmt":"2022-02-23T16:31:04","slug":"squid-meal-1kg-carp-zone","status":"publish","type":"product","link":"https:\/\/www.pescafish.it\/new\/prodotto\/squid-meal-1kg-carp-zone\/","title":{"rendered":"Squid Meal 1kg &#8211; Carp-Zone"},"content":{"rendered":"<h2>Squid Meal 1kg<\/h2>\n<p>Questa farina di Squid viene ralizzata usando solamente la polpa, senza la pelle ed eventuale inpurit\u00e0, di calamari freschi. Lo SQUID MEAL \u00e8 un forte attrattore e uno stimolatore naturale perch\u00e8 contiene betaina ed amminoacidi. Il suo valore proteico \u00e8 del 84% e il suo contenuto di grassi \u00e8 del 4%, la sua digeribilit\u00e0 \u00e8 arriva sorprendemente al 96%!!! La sua granulometria, superiore a quella di altre farine di pesce, consente di aumentare il grado di permeabilit\u00e0 dell\u2019esca, sostituendo in parte il ruolo dei birdfood nei fishmeal mix.<\/p>\n<p><strong>Dosaggio:<\/strong> 3 &#8211; 30% per Kg di Mix.<\/p>\n","protected":false},"excerpt":{"rendered":"<p>Squid Meal 1kg Questa farina di Squid viene ralizzata usando solamente la polpa, senza la pelle ed eventuale inpurit\u00e0, di calamari freschi. Lo SQUID MEAL \u00e8 un forte attrattore e uno stimolatore naturale perch\u00e8 contiene betaina ed amminoacidi. Il suo valore proteico \u00e8 del 84% e il suo contenuto di grassi \u00e8 del 4%, la [&hellip;]<\/p>\n","protected":false},"featured_media":75844,"comment_status":"closed","ping_status":"closed","template":"","meta":[],"product_cat":[1307],"product_tag":[1306],"yoast_head":"<!-- This site is optimized with the Yoast SEO plugin v15.3 - https:\/\/yoast.com\/wordpress\/plugins\/seo\/ -->\n<title>Squid Meal 1kg - Carp-Zone - Pesca Fish<\/title>\n<meta name=\"robots\" content=\"index, follow, max-snippet:-1, max-image-preview:large, max-video-preview:-1\" \/>\n<link rel=\"canonical\" href=\"https:\/\/www.pescafish.it\/new\/prodotto\/squid-meal-1kg-carp-zone\/\" \/>\n<meta property=\"og:locale\" content=\"it_IT\" \/>\n<meta property=\"og:type\" content=\"article\" \/>\n<meta property=\"og:title\" content=\"Squid Meal 1kg - Carp-Zone - Pesca Fish\" \/>\n<meta property=\"og:description\" content=\"Squid Meal 1kg Questa farina di Squid viene ralizzata usando solamente la polpa, senza la pelle ed eventuale inpurit\u00e0, di calamari freschi. Lo SQUID MEAL \u00e8 un forte attrattore e uno stimolatore naturale perch\u00e8 contiene betaina ed amminoacidi. Il suo valore proteico \u00e8 del 84% e il suo contenuto di grassi \u00e8 del 4%, la [&hellip;]\" \/>\n<meta property=\"og:url\" content=\"https:\/\/www.pescafish.it\/new\/prodotto\/squid-meal-1kg-carp-zone\/\" \/>\n<meta property=\"og:site_name\" content=\"Pesca Fish\" \/>\n<meta property=\"article:publisher\" content=\"https:\/\/www.facebook.com\/pescafishvr\/\" \/>\n<meta property=\"article:modified_time\" content=\"2022-02-23T16:31:04+00:00\" \/>\n<meta property=\"og:image\" content=\"https:\/\/www.pescafish.it\/new\/wp-content\/uploads\/2022\/02\/cz525-scaled.jpg\" \/>\n\t<meta property=\"og:image:width\" content=\"2552\" \/>\n\t<meta property=\"og:image:height\" content=\"2560\" \/>\n<meta name=\"twitter:card\" content=\"summary_large_image\" \/>\n<meta name=\"twitter:label1\" content=\"Scritto da\">\n\t<meta name=\"twitter:data1\" content=\"francesca\">\n\t<meta name=\"twitter:label2\" content=\"Tempo di lettura stimato\">\n\t<meta name=\"twitter:data2\" content=\"0 minuti\">\n<script type=\"application\/ld+json\" class=\"yoast-schema-graph\">{\"@context\":\"https:\/\/schema.org\",\"@graph\":[{\"@type\":\"WebSite\",\"@id\":\"https:\/\/www.pescafish.it\/new\/#website\",\"url\":\"https:\/\/www.pescafish.it\/new\/\",\"name\":\"Pesca Fish\",\"description\":\"Benvenuti sul nostro sito!\",\"potentialAction\":[{\"@type\":\"SearchAction\",\"target\":\"https:\/\/www.pescafish.it\/new\/?s={search_term_string}\",\"query-input\":\"required name=search_term_string\"}],\"inLanguage\":\"it-IT\"},{\"@type\":\"ImageObject\",\"@id\":\"https:\/\/www.pescafish.it\/new\/prodotto\/squid-meal-1kg-carp-zone\/#primaryimage\",\"inLanguage\":\"it-IT\",\"url\":\"https:\/\/www.pescafish.it\/new\/wp-content\/uploads\/2022\/02\/cz525-scaled.jpg\",\"width\":2552,\"height\":2560,\"caption\":\"Carp-Zone\"},{\"@type\":\"WebPage\",\"@id\":\"https:\/\/www.pescafish.it\/new\/prodotto\/squid-meal-1kg-carp-zone\/#webpage\",\"url\":\"https:\/\/www.pescafish.it\/new\/prodotto\/squid-meal-1kg-carp-zone\/\",\"name\":\"Squid Meal 1kg - Carp-Zone - Pesca Fish\",\"isPartOf\":{\"@id\":\"https:\/\/www.pescafish.it\/new\/#website\"},\"primaryImageOfPage\":{\"@id\":\"https:\/\/www.pescafish.it\/new\/prodotto\/squid-meal-1kg-carp-zone\/#primaryimage\"},\"datePublished\":\"2022-02-23T16:31:03+00:00\",\"dateModified\":\"2022-02-23T16:31:04+00:00\",\"inLanguage\":\"it-IT\",\"potentialAction\":[{\"@type\":\"ReadAction\",\"target\":[\"https:\/\/www.pescafish.it\/new\/prodotto\/squid-meal-1kg-carp-zone\/\"]}]}]}<\/script>\n<!-- \/ Yoast SEO plugin. -->","_links":{"self":[{"href":"https:\/\/www.pescafish.it\/new\/wp-json\/wp\/v2\/product\/75843"}],"collection":[{"href":"https:\/\/www.pescafish.it\/new\/wp-json\/wp\/v2\/product"}],"about":[{"href":"https:\/\/www.pescafish.it\/new\/wp-json\/wp\/v2\/types\/product"}],"replies":[{"embeddable":true,"href":"https:\/\/www.pescafish.it\/new\/wp-json\/wp\/v2\/comments?post=75843"}],"wp:featuredmedia":[{"embeddable":true,"href":"https:\/\/www.pescafish.it\/new\/wp-json\/wp\/v2\/media\/75844"}],"wp:attachment":[{"href":"https:\/\/www.pescafish.it\/new\/wp-json\/wp\/v2\/media?parent=75843"}],"wp:term":[{"taxonomy":"product_cat","embeddable":true,"href":"https:\/\/www.pescafish.it\/new\/wp-json\/wp\/v2\/product_cat?post=75843"},{"taxonomy":"product_tag","embeddable":true,"href":"https:\/\/www.pescafish.it\/new\/wp-json\/wp\/v2\/product_tag?post=75843"}],"curies":[{"name":"wp","href":"https:\/\/api.w.org\/{rel}","templated":true}]}}