{"id":75629,"date":"2022-02-15T12:15:49","date_gmt":"2022-02-15T11:15:49","guid":{"rendered":"https:\/\/www.pescafish.it\/new\/?post_type=product&#038;p=75629"},"modified":"2024-11-26T09:34:09","modified_gmt":"2024-11-26T08:34:09","slug":"ptfe-spinner-swivel-size-11-korda","status":"publish","type":"product","link":"https:\/\/www.pescafish.it\/new\/prodotto\/ptfe-spinner-swivel-size-11-korda\/","title":{"rendered":"PTFE Spinner Swivel Size 11 &#8211; Korda"},"content":{"rendered":"<h2>PTFE Spinner Swivel Size 11<\/h2>\n<p>Uno dei principi fondamentali dello spinner rig, come suggerisce il nome, \u00e8 che l&#8217;amo \u00e8 libero di girare e prendere una presa nella bocca della carpa.\u00a0Pi\u00f9 gira liberamente, maggiori sono le possibilit\u00e0 di ottenere un aggancio, e questo \u00e8 esattamente ci\u00f2 che ottiene il PTFE Spinner Swivel.<br \/>\nQuesta versione \u00e8 la scelta perfetta per chiunque desideri meno articoli in metallo sui propri rig.\u00a0Rendendolo meno invadente, eliminando un anello di metallo come parte della girella.<br \/>\nQuesta girella di misura 11 \u00e8 progettata specificamente per noi con questo rig e pu\u00f2 essere utilizzata con vari materiali di collegamento dell&#8217;amo e proprio come la nostra versione standard, l&#8217;amo pu\u00f2 essere facilmente aggiunto o rimosso dal &#8220;crook&#8221; all&#8217;altra estremit\u00e0, che viene poi coperto con un kicker per mantenere tutto al sicuro.\u00a0Il politetrafluoroetilene (PTFE) ha uno dei coefficienti di attrito pi\u00f9 bassi di qualsiasi materiale solido, il che lo rende perfetto per il rivestimento di girelle in quanto riduce l&#8217;attrito tra la canna e l&#8217;occhio.\u00a0Sono venduti in confezioni da otto.<br \/>\nDisponibile anche la versione girevole ad anello.<\/p>\n<p><strong>Confezione da 8 pezzi.<\/strong><\/p>\n","protected":false},"excerpt":{"rendered":"<p>PTFE Spinner Swivel Size 11 Uno dei principi fondamentali dello spinner rig, come suggerisce il nome, \u00e8 che l&#8217;amo \u00e8 libero di girare e prendere una presa nella bocca della carpa.\u00a0Pi\u00f9 gira liberamente, maggiori sono le possibilit\u00e0 di ottenere un aggancio, e questo \u00e8 esattamente ci\u00f2 che ottiene il PTFE Spinner Swivel. Questa versione \u00e8 [&hellip;]<\/p>\n","protected":false},"featured_media":75630,"comment_status":"closed","ping_status":"closed","template":"","meta":[],"product_cat":[587],"product_tag":[1018],"yoast_head":"<!-- This site is optimized with the Yoast SEO plugin v15.3 - https:\/\/yoast.com\/wordpress\/plugins\/seo\/ -->\n<title>PTFE Spinner Swivel Size 11 - Korda - Pesca Fish<\/title>\n<meta name=\"robots\" content=\"index, follow, max-snippet:-1, max-image-preview:large, max-video-preview:-1\" \/>\n<link rel=\"canonical\" href=\"https:\/\/www.pescafish.it\/new\/prodotto\/ptfe-spinner-swivel-size-11-korda\/\" \/>\n<meta property=\"og:locale\" content=\"it_IT\" \/>\n<meta property=\"og:type\" content=\"article\" \/>\n<meta property=\"og:title\" content=\"PTFE Spinner Swivel Size 11 - Korda - Pesca Fish\" \/>\n<meta property=\"og:description\" content=\"PTFE Spinner Swivel Size 11 Uno dei principi fondamentali dello spinner rig, come suggerisce il nome, \u00e8 che l&#8217;amo \u00e8 libero di girare e prendere una presa nella bocca della carpa.\u00a0Pi\u00f9 gira liberamente, maggiori sono le possibilit\u00e0 di ottenere un aggancio, e questo \u00e8 esattamente ci\u00f2 che ottiene il PTFE Spinner Swivel. Questa versione \u00e8 [&hellip;]\" \/>\n<meta property=\"og:url\" content=\"https:\/\/www.pescafish.it\/new\/prodotto\/ptfe-spinner-swivel-size-11-korda\/\" \/>\n<meta property=\"og:site_name\" content=\"Pesca Fish\" \/>\n<meta property=\"article:publisher\" content=\"https:\/\/www.facebook.com\/pescafishvr\/\" \/>\n<meta property=\"article:modified_time\" content=\"2024-11-26T08:34:09+00:00\" \/>\n<meta property=\"og:image\" content=\"https:\/\/www.pescafish.it\/new\/wp-content\/uploads\/2022\/02\/13441643385006.png\" \/>\n\t<meta property=\"og:image:width\" content=\"300\" \/>\n\t<meta property=\"og:image:height\" content=\"300\" \/>\n<meta name=\"twitter:card\" content=\"summary_large_image\" \/>\n<meta name=\"twitter:label1\" content=\"Scritto da\">\n\t<meta name=\"twitter:data1\" content=\"francesca\">\n\t<meta name=\"twitter:label2\" content=\"Tempo di lettura stimato\">\n\t<meta name=\"twitter:data2\" content=\"1 minuto\">\n<script type=\"application\/ld+json\" class=\"yoast-schema-graph\">{\"@context\":\"https:\/\/schema.org\",\"@graph\":[{\"@type\":\"WebSite\",\"@id\":\"https:\/\/www.pescafish.it\/new\/#website\",\"url\":\"https:\/\/www.pescafish.it\/new\/\",\"name\":\"Pesca Fish\",\"description\":\"Benvenuti sul nostro sito!\",\"potentialAction\":[{\"@type\":\"SearchAction\",\"target\":\"https:\/\/www.pescafish.it\/new\/?s={search_term_string}\",\"query-input\":\"required name=search_term_string\"}],\"inLanguage\":\"it-IT\"},{\"@type\":\"ImageObject\",\"@id\":\"https:\/\/www.pescafish.it\/new\/prodotto\/ptfe-spinner-swivel-size-11-korda\/#primaryimage\",\"inLanguage\":\"it-IT\",\"url\":\"https:\/\/www.pescafish.it\/new\/wp-content\/uploads\/2022\/02\/13441643385006.png\",\"width\":300,\"height\":300},{\"@type\":\"WebPage\",\"@id\":\"https:\/\/www.pescafish.it\/new\/prodotto\/ptfe-spinner-swivel-size-11-korda\/#webpage\",\"url\":\"https:\/\/www.pescafish.it\/new\/prodotto\/ptfe-spinner-swivel-size-11-korda\/\",\"name\":\"PTFE Spinner Swivel Size 11 - Korda - Pesca Fish\",\"isPartOf\":{\"@id\":\"https:\/\/www.pescafish.it\/new\/#website\"},\"primaryImageOfPage\":{\"@id\":\"https:\/\/www.pescafish.it\/new\/prodotto\/ptfe-spinner-swivel-size-11-korda\/#primaryimage\"},\"datePublished\":\"2022-02-15T11:15:49+00:00\",\"dateModified\":\"2024-11-26T08:34:09+00:00\",\"inLanguage\":\"it-IT\",\"potentialAction\":[{\"@type\":\"ReadAction\",\"target\":[\"https:\/\/www.pescafish.it\/new\/prodotto\/ptfe-spinner-swivel-size-11-korda\/\"]}]}]}<\/script>\n<!-- \/ Yoast SEO plugin. -->","_links":{"self":[{"href":"https:\/\/www.pescafish.it\/new\/wp-json\/wp\/v2\/product\/75629"}],"collection":[{"href":"https:\/\/www.pescafish.it\/new\/wp-json\/wp\/v2\/product"}],"about":[{"href":"https:\/\/www.pescafish.it\/new\/wp-json\/wp\/v2\/types\/product"}],"replies":[{"embeddable":true,"href":"https:\/\/www.pescafish.it\/new\/wp-json\/wp\/v2\/comments?post=75629"}],"wp:featuredmedia":[{"embeddable":true,"href":"https:\/\/www.pescafish.it\/new\/wp-json\/wp\/v2\/media\/75630"}],"wp:attachment":[{"href":"https:\/\/www.pescafish.it\/new\/wp-json\/wp\/v2\/media?parent=75629"}],"wp:term":[{"taxonomy":"product_cat","embeddable":true,"href":"https:\/\/www.pescafish.it\/new\/wp-json\/wp\/v2\/product_cat?post=75629"},{"taxonomy":"product_tag","embeddable":true,"href":"https:\/\/www.pescafish.it\/new\/wp-json\/wp\/v2\/product_tag?post=75629"}],"curies":[{"name":"wp","href":"https:\/\/api.w.org\/{rel}","templated":true}]}}