{"id":75351,"date":"2022-02-01T17:44:52","date_gmt":"2022-02-01T16:44:52","guid":{"rendered":"https:\/\/www.pescafish.it\/new\/?post_type=product&#038;p=75351"},"modified":"2024-02-26T16:21:34","modified_gmt":"2024-02-26T15:21:34","slug":"mulinello-tdr-daiwa","status":"publish","type":"product","link":"https:\/\/www.pescafish.it\/new\/prodotto\/mulinello-tdr-daiwa\/","title":{"rendered":"Mulinello TDR &#8211; Daiwa"},"content":{"rendered":"<div class=\"flex_column av_one_full  flex_column_div av-zero-column-padding first  avia-builder-el-11  el_after_av_hr  el_before_av_one_full  \">\n<div class=\"av-special-heading av-special-heading-h3  blockquote elegant-quote elegant-centered  avia-builder-el-12  avia-builder-el-no-sibling  \">\n<h2><span style=\"font-size: 16px;\">TDR<\/span><\/h2>\n<p class=\"av-special-heading-tag \"><span style=\"font-size: 16px;\">TDR \u00e8 il mulinello definitivo per la pesca Match e Feeder. Prestazioni eccezionali, durabilit\u00e0 e affidabilit\u00e0 ai massimi livelli fanno del TDR un compagno di pesca ineguagliabile tanto per l\u2019agonista quanto per l\u2019appassionato che pratica le tecniche Match e Feeder in modo intenso e continuativo.<\/span><\/p>\n<p><strong>Caratteristiche:\u00a0<\/strong><\/p>\n<div class=\"flex_column av_one_half  flex_column_div av-zero-column-padding first  avia-builder-el-18  el_after_av_one_full  el_before_av_two_fifth  column-top-margin\">\n<section class=\"av_textblock_section \">\n<div class=\"avia_textblock  \">\n<p>\u2022 Corpo in alluminio e meccanica interna Tough Digigear (esclusiva Daiwa): resistenza, potenza e affidabilit\u00e0.<br \/>\n\u2022 Frizione Quick Drag: massima sensibilit\u00e0 e sicurezza, per passare dalla modalit\u00e0 \u201clibera\u201d giusto brake in una frazione di secondo.<br \/>\n\u2022 Clip ferma-filo ammortizzata High Impact Line Clip: permette lanci ripetuti e precisi al medesimo spot.<br \/>\n\u2022 Bobina di ricambio in dotazione<br \/>\n\u2022 Manovella pieghevole<br \/>\n\u2022 Leva di sblocco dell\u2019anti ritorno.<\/p>\n<p><strong>Disponibile nelle seguenti varianti:<\/strong><\/p>\n<table style=\"height: 69px; width: 100%; border-collapse: collapse;\" border=\"1\">\n<tbody>\n<tr style=\"height: 23px;\">\n<td style=\"width: 16.6667%; height: 23px; text-align: center;\"><strong>Codice<\/strong><\/td>\n<td style=\"width: 16.6667%; height: 23px; text-align: center;\"><strong>Cuscinetti<\/strong><\/td>\n<td style=\"width: 16.6667%; height: 23px; text-align: center;\"><strong>Frizione<\/strong><\/td>\n<td style=\"width: 16.6667%; height: 23px; text-align: center;\"><strong>Rapporto Di Recupero<\/strong><\/td>\n<td style=\"width: 16.6667%; height: 23px; text-align: center;\"><strong>Capacit\u00e0 Bobina<\/strong><\/td>\n<td style=\"width: 16.6667%; height: 23px; text-align: center;\"><strong>Peso (gr)<\/strong><\/td>\n<\/tr>\n<tr style=\"height: 23px;\">\n<td style=\"width: 16.6667%; height: 23px; text-align: center;\">18TDR3012QD<\/td>\n<td style=\"width: 16.6667%; height: 23px; text-align: center;\">8<\/td>\n<td style=\"width: 16.6667%; height: 23px; text-align: center;\">12<\/td>\n<td style=\"width: 16.6667%; height: 23px; text-align: center;\">4,7:1 \/ 79cm<\/td>\n<td style=\"width: 16.6667%; height: 23px; text-align: center;\">NYLON: 0,28mm \u2013 150m<br \/>\nBRAID: 0,28mm \u2013 150m<\/td>\n<td style=\"width: 16.6667%; height: 23px; text-align: center;\">305<\/td>\n<\/tr>\n<tr style=\"height: 23px;\">\n<td style=\"width: 16.6667%; height: 23px; text-align: center;\">18TDR4012QD<\/td>\n<td style=\"width: 16.6667%; height: 23px; text-align: center;\">8<\/td>\n<td style=\"width: 16.6667%; height: 23px; text-align: center;\">12<\/td>\n<td style=\"width: 16.6667%; height: 23px; text-align: center;\">4,7:1 \/ 79cm<\/td>\n<td style=\"width: 16.6667%; height: 23px; text-align: center;\">NYLON: 0,28mm \u2013 150m<br \/>\nBRAID: 0,28mm \u2013 150m<\/td>\n<td style=\"width: 16.6667%; height: 23px; text-align: center;\">395g<\/td>\n<\/tr>\n<\/tbody>\n<\/table>\n<\/div>\n<\/section>\n<\/div>\n<\/div>\n<\/div>\n","protected":false},"excerpt":{"rendered":"<p>TDR TDR \u00e8 il mulinello definitivo per la pesca Match e Feeder. Prestazioni eccezionali, durabilit\u00e0 e affidabilit\u00e0 ai massimi livelli fanno del TDR un compagno di pesca ineguagliabile tanto per l\u2019agonista quanto per l\u2019appassionato che pratica le tecniche Match e Feeder in modo intenso e continuativo. Caratteristiche:\u00a0 \u2022 Corpo in alluminio e meccanica interna Tough [&hellip;]<\/p>\n","protected":false},"featured_media":75352,"comment_status":"closed","ping_status":"closed","template":"","meta":[],"product_cat":[351],"product_tag":[1051],"yoast_head":"<!-- This site is optimized with the Yoast SEO plugin v15.3 - https:\/\/yoast.com\/wordpress\/plugins\/seo\/ -->\n<title>Mulinello TDR - Daiwa - Pesca Fish<\/title>\n<meta name=\"robots\" content=\"index, follow, max-snippet:-1, max-image-preview:large, max-video-preview:-1\" \/>\n<link rel=\"canonical\" href=\"https:\/\/www.pescafish.it\/new\/prodotto\/mulinello-tdr-daiwa\/\" \/>\n<meta property=\"og:locale\" content=\"it_IT\" \/>\n<meta property=\"og:type\" content=\"article\" \/>\n<meta property=\"og:title\" content=\"Mulinello TDR - Daiwa - Pesca Fish\" \/>\n<meta property=\"og:description\" content=\"TDR TDR \u00e8 il mulinello definitivo per la pesca Match e Feeder. Prestazioni eccezionali, durabilit\u00e0 e affidabilit\u00e0 ai massimi livelli fanno del TDR un compagno di pesca ineguagliabile tanto per l\u2019agonista quanto per l\u2019appassionato che pratica le tecniche Match e Feeder in modo intenso e continuativo. Caratteristiche:\u00a0 \u2022 Corpo in alluminio e meccanica interna Tough [&hellip;]\" \/>\n<meta property=\"og:url\" content=\"https:\/\/www.pescafish.it\/new\/prodotto\/mulinello-tdr-daiwa\/\" \/>\n<meta property=\"og:site_name\" content=\"Pesca Fish\" \/>\n<meta property=\"article:publisher\" content=\"https:\/\/www.facebook.com\/pescafishvr\/\" \/>\n<meta property=\"article:modified_time\" content=\"2024-02-26T15:21:34+00:00\" \/>\n<meta property=\"og:image\" content=\"https:\/\/www.pescafish.it\/new\/wp-content\/uploads\/2022\/02\/TDR.jpg\" \/>\n\t<meta property=\"og:image:width\" content=\"900\" \/>\n\t<meta property=\"og:image:height\" content=\"900\" \/>\n<meta name=\"twitter:card\" content=\"summary_large_image\" \/>\n<meta name=\"twitter:label1\" content=\"Scritto da\">\n\t<meta name=\"twitter:data1\" content=\"francesca\">\n\t<meta name=\"twitter:label2\" content=\"Tempo di lettura stimato\">\n\t<meta name=\"twitter:data2\" content=\"1 minuto\">\n<script type=\"application\/ld+json\" class=\"yoast-schema-graph\">{\"@context\":\"https:\/\/schema.org\",\"@graph\":[{\"@type\":\"WebSite\",\"@id\":\"https:\/\/www.pescafish.it\/new\/#website\",\"url\":\"https:\/\/www.pescafish.it\/new\/\",\"name\":\"Pesca Fish\",\"description\":\"Benvenuti sul nostro sito!\",\"potentialAction\":[{\"@type\":\"SearchAction\",\"target\":\"https:\/\/www.pescafish.it\/new\/?s={search_term_string}\",\"query-input\":\"required name=search_term_string\"}],\"inLanguage\":\"it-IT\"},{\"@type\":\"ImageObject\",\"@id\":\"https:\/\/www.pescafish.it\/new\/prodotto\/mulinello-tdr-daiwa\/#primaryimage\",\"inLanguage\":\"it-IT\",\"url\":\"https:\/\/www.pescafish.it\/new\/wp-content\/uploads\/2022\/02\/TDR.jpg\",\"width\":900,\"height\":900,\"caption\":\"Daiwa\"},{\"@type\":\"WebPage\",\"@id\":\"https:\/\/www.pescafish.it\/new\/prodotto\/mulinello-tdr-daiwa\/#webpage\",\"url\":\"https:\/\/www.pescafish.it\/new\/prodotto\/mulinello-tdr-daiwa\/\",\"name\":\"Mulinello TDR - Daiwa - Pesca Fish\",\"isPartOf\":{\"@id\":\"https:\/\/www.pescafish.it\/new\/#website\"},\"primaryImageOfPage\":{\"@id\":\"https:\/\/www.pescafish.it\/new\/prodotto\/mulinello-tdr-daiwa\/#primaryimage\"},\"datePublished\":\"2022-02-01T16:44:52+00:00\",\"dateModified\":\"2024-02-26T15:21:34+00:00\",\"inLanguage\":\"it-IT\",\"potentialAction\":[{\"@type\":\"ReadAction\",\"target\":[\"https:\/\/www.pescafish.it\/new\/prodotto\/mulinello-tdr-daiwa\/\"]}]}]}<\/script>\n<!-- \/ Yoast SEO plugin. -->","_links":{"self":[{"href":"https:\/\/www.pescafish.it\/new\/wp-json\/wp\/v2\/product\/75351"}],"collection":[{"href":"https:\/\/www.pescafish.it\/new\/wp-json\/wp\/v2\/product"}],"about":[{"href":"https:\/\/www.pescafish.it\/new\/wp-json\/wp\/v2\/types\/product"}],"replies":[{"embeddable":true,"href":"https:\/\/www.pescafish.it\/new\/wp-json\/wp\/v2\/comments?post=75351"}],"wp:featuredmedia":[{"embeddable":true,"href":"https:\/\/www.pescafish.it\/new\/wp-json\/wp\/v2\/media\/75352"}],"wp:attachment":[{"href":"https:\/\/www.pescafish.it\/new\/wp-json\/wp\/v2\/media?parent=75351"}],"wp:term":[{"taxonomy":"product_cat","embeddable":true,"href":"https:\/\/www.pescafish.it\/new\/wp-json\/wp\/v2\/product_cat?post=75351"},{"taxonomy":"product_tag","embeddable":true,"href":"https:\/\/www.pescafish.it\/new\/wp-json\/wp\/v2\/product_tag?post=75351"}],"curies":[{"name":"wp","href":"https:\/\/api.w.org\/{rel}","templated":true}]}}