{"id":74399,"date":"2021-12-10T19:08:51","date_gmt":"2021-12-10T18:08:51","guid":{"rendered":"https:\/\/www.pescafish.it\/new\/?post_type=product&#038;p=74399"},"modified":"2021-12-10T19:08:52","modified_gmt":"2021-12-10T18:08:52","slug":"basix-mini-stow-korda","status":"publish","type":"product","link":"https:\/\/www.pescafish.it\/new\/prodotto\/basix-mini-stow-korda\/","title":{"rendered":"Basix Mini Stow\u00a0&#8211; Korda"},"content":{"rendered":"<h2 class=\"title\">Basix Mini Stow<\/h2>\n<p>Questa \u00e8 una versione pi\u00f9 piccola delle famose bobine Stow, che sono state sviluppate sulle rive del Lago Elstow e sono state utilizzate da molti membri del Team Korda per anni. Il principio alla base di questa bobina \u00e8 che pu\u00f2 essere pescato con lenze sia strette che allentate, e quando prendi una presa, la lenza si stacca dalla clip sul lato. Perch\u00e9 ci\u00f2 accada, la catena a sfere in acciaio inossidabile su cui \u00e8 montato deve essere della stessa lunghezza del tuo segnalatore di abboccata e un sistema di connettori staccabili ti consente di regolarlo facilmente in modo che sia compatibile con qualsiasi cicalino (viene impostato alla lunghezza corretta per l&#8217;uso con qualcosa come un Delkim o un allarme di dimensioni simili). Viene fornito con un peso in acciaio inossidabile, ma possono essere utilizzati anche i pesi da 6 g e 8 g, venduti separatamente come parte della gamma Stow. Il Basix Mini Stow pu\u00f2 essere dotato di un Mini Isotope (disponibile in sette diversi colori) e viene montato sotto il segnalatore di abboccata utilizzando una mazza da hockey modellata, a cui si avvita la catena della palla.<\/p>\n<p><strong>Disponibile nelle seguenti colorazioni:<br \/>\nKBX029<\/strong>\u00a0 Green<br \/>\n<strong>KBX030<\/strong>\u00a0 Red<br \/>\n<strong>KBX031<\/strong>\u00a0 Blue<\/p>\n","protected":false},"excerpt":{"rendered":"<p>Basix Mini Stow Questa \u00e8 una versione pi\u00f9 piccola delle famose bobine Stow, che sono state sviluppate sulle rive del Lago Elstow e sono state utilizzate da molti membri del Team Korda per anni. Il principio alla base di questa bobina \u00e8 che pu\u00f2 essere pescato con lenze sia strette che allentate, e quando prendi [&hellip;]<\/p>\n","protected":false},"featured_media":74400,"comment_status":"closed","ping_status":"closed","template":"","meta":[],"product_cat":[488],"product_tag":[1018],"yoast_head":"<!-- This site is optimized with the Yoast SEO plugin v15.3 - https:\/\/yoast.com\/wordpress\/plugins\/seo\/ -->\n<title>Basix Mini Stow\u00a0- Korda - Pesca Fish<\/title>\n<meta name=\"robots\" content=\"index, follow, max-snippet:-1, max-image-preview:large, max-video-preview:-1\" \/>\n<link rel=\"canonical\" href=\"https:\/\/www.pescafish.it\/new\/prodotto\/basix-mini-stow-korda\/\" \/>\n<meta property=\"og:locale\" content=\"it_IT\" \/>\n<meta property=\"og:type\" content=\"article\" \/>\n<meta property=\"og:title\" content=\"Basix Mini Stow\u00a0- Korda - Pesca Fish\" \/>\n<meta property=\"og:description\" content=\"Basix Mini Stow Questa \u00e8 una versione pi\u00f9 piccola delle famose bobine Stow, che sono state sviluppate sulle rive del Lago Elstow e sono state utilizzate da molti membri del Team Korda per anni. Il principio alla base di questa bobina \u00e8 che pu\u00f2 essere pescato con lenze sia strette che allentate, e quando prendi [&hellip;]\" \/>\n<meta property=\"og:url\" content=\"https:\/\/www.pescafish.it\/new\/prodotto\/basix-mini-stow-korda\/\" \/>\n<meta property=\"og:site_name\" content=\"Pesca Fish\" \/>\n<meta property=\"article:publisher\" content=\"https:\/\/www.facebook.com\/pescafishvr\/\" \/>\n<meta property=\"article:modified_time\" content=\"2021-12-10T18:08:52+00:00\" \/>\n<meta property=\"og:image\" content=\"https:\/\/www.pescafish.it\/new\/wp-content\/uploads\/2021\/12\/23391638261934.png\" \/>\n\t<meta property=\"og:image:width\" content=\"300\" \/>\n\t<meta property=\"og:image:height\" content=\"300\" \/>\n<meta name=\"twitter:card\" content=\"summary_large_image\" \/>\n<meta name=\"twitter:label1\" content=\"Scritto da\">\n\t<meta name=\"twitter:data1\" content=\"francesca\">\n\t<meta name=\"twitter:label2\" content=\"Tempo di lettura stimato\">\n\t<meta name=\"twitter:data2\" content=\"1 minuto\">\n<script type=\"application\/ld+json\" class=\"yoast-schema-graph\">{\"@context\":\"https:\/\/schema.org\",\"@graph\":[{\"@type\":\"WebSite\",\"@id\":\"https:\/\/www.pescafish.it\/new\/#website\",\"url\":\"https:\/\/www.pescafish.it\/new\/\",\"name\":\"Pesca Fish\",\"description\":\"Benvenuti sul nostro sito!\",\"potentialAction\":[{\"@type\":\"SearchAction\",\"target\":\"https:\/\/www.pescafish.it\/new\/?s={search_term_string}\",\"query-input\":\"required name=search_term_string\"}],\"inLanguage\":\"it-IT\"},{\"@type\":\"ImageObject\",\"@id\":\"https:\/\/www.pescafish.it\/new\/prodotto\/basix-mini-stow-korda\/#primaryimage\",\"inLanguage\":\"it-IT\",\"url\":\"https:\/\/www.pescafish.it\/new\/wp-content\/uploads\/2021\/12\/23391638261934.png\",\"width\":300,\"height\":300,\"caption\":\"Korda\"},{\"@type\":\"WebPage\",\"@id\":\"https:\/\/www.pescafish.it\/new\/prodotto\/basix-mini-stow-korda\/#webpage\",\"url\":\"https:\/\/www.pescafish.it\/new\/prodotto\/basix-mini-stow-korda\/\",\"name\":\"Basix Mini Stow\\u00a0- Korda - Pesca Fish\",\"isPartOf\":{\"@id\":\"https:\/\/www.pescafish.it\/new\/#website\"},\"primaryImageOfPage\":{\"@id\":\"https:\/\/www.pescafish.it\/new\/prodotto\/basix-mini-stow-korda\/#primaryimage\"},\"datePublished\":\"2021-12-10T18:08:51+00:00\",\"dateModified\":\"2021-12-10T18:08:52+00:00\",\"inLanguage\":\"it-IT\",\"potentialAction\":[{\"@type\":\"ReadAction\",\"target\":[\"https:\/\/www.pescafish.it\/new\/prodotto\/basix-mini-stow-korda\/\"]}]}]}<\/script>\n<!-- \/ Yoast SEO plugin. -->","_links":{"self":[{"href":"https:\/\/www.pescafish.it\/new\/wp-json\/wp\/v2\/product\/74399"}],"collection":[{"href":"https:\/\/www.pescafish.it\/new\/wp-json\/wp\/v2\/product"}],"about":[{"href":"https:\/\/www.pescafish.it\/new\/wp-json\/wp\/v2\/types\/product"}],"replies":[{"embeddable":true,"href":"https:\/\/www.pescafish.it\/new\/wp-json\/wp\/v2\/comments?post=74399"}],"wp:featuredmedia":[{"embeddable":true,"href":"https:\/\/www.pescafish.it\/new\/wp-json\/wp\/v2\/media\/74400"}],"wp:attachment":[{"href":"https:\/\/www.pescafish.it\/new\/wp-json\/wp\/v2\/media?parent=74399"}],"wp:term":[{"taxonomy":"product_cat","embeddable":true,"href":"https:\/\/www.pescafish.it\/new\/wp-json\/wp\/v2\/product_cat?post=74399"},{"taxonomy":"product_tag","embeddable":true,"href":"https:\/\/www.pescafish.it\/new\/wp-json\/wp\/v2\/product_tag?post=74399"}],"curies":[{"name":"wp","href":"https:\/\/api.w.org\/{rel}","templated":true}]}}