{"id":74232,"date":"2021-11-30T19:03:39","date_gmt":"2021-11-30T18:03:39","guid":{"rendered":"https:\/\/www.pescafish.it\/new\/?post_type=product&#038;p=74232"},"modified":"2023-08-16T11:30:03","modified_gmt":"2023-08-16T09:30:03","slug":"deluxe-accessory-chair-s23-korum","status":"publish","type":"product","link":"https:\/\/www.pescafish.it\/new\/prodotto\/deluxe-accessory-chair-s23-korum\/","title":{"rendered":"Accessory Chair S23 Deluxe &#8211; Korum"},"content":{"rendered":"<p>Il nostro design brevettato della nuova sedia Korum S23 Accessory Chair utilizza un nuovo telaio con gambe tubolari da 23 mm di diametro rendendo la sedia ancora pi\u00f9 facile da usare e configurare in ogni situazione di pesca. La sedia Korum Accessory S23 migliora la stabilit\u00e0 e la facilit\u00e0 di regolazione delle gambe, rendendo la sedia ancor pi\u00f9 facile da usare con gli tutti gli accessori. L\u2019imbottitura \u00e8 realizzata con materiali leggeri di altissima qualit\u00e0, per una migliore traspirazione e comfort.<br \/>\nIl modello Deluxe presenta un nuovo sistema di braccioli reclinabili, in cui il bracciolo pu\u00f2 essere semplicemente spostato di lato su uno o entrambi i lati. Vanta anche un nuovo sistema di gambe telescopiche, per la massima regolazione e adattabilit\u00e0.<\/p>\n<p>\u2022 Design unico e brevettato<br \/>\n\u2022 Sistema di gambe completamente regolabili con profilo S23 molto stabile<br \/>\n\u2022 Seduta e schienale imbottito con zone traspiranti<br \/>\n\u2022 Realizzato con tessuto Korum 600D e pannelli in spugna traspirante<br \/>\n\u2022 Design del telaio leggero e richiudibile di tipo Quick Fold<br \/>\n\u2022 Piedini anti fango orientabili e adattabili anche per per i terreni pi\u00f9 sconnessi<\/p>\n<p><strong>Dimensioni:<\/strong><br \/>\nAltezza: 115-125cm<br \/>\nLarghezza: 65cm<br \/>\nProfondit\u00e0: 80cm<\/p>\n","protected":false},"excerpt":{"rendered":"<p>Il nostro design brevettato della nuova sedia Korum S23 Accessory Chair utilizza un nuovo telaio con gambe tubolari da 23 mm di diametro rendendo la sedia ancora pi\u00f9 facile da usare e configurare in ogni situazione di pesca. La sedia Korum Accessory S23 migliora la stabilit\u00e0 e la facilit\u00e0 di regolazione delle gambe, rendendo la [&hellip;]<\/p>\n","protected":false},"featured_media":74233,"comment_status":"closed","ping_status":"closed","template":"","meta":[],"product_cat":[188],"product_tag":[1031],"yoast_head":"<!-- This site is optimized with the Yoast SEO plugin v15.3 - https:\/\/yoast.com\/wordpress\/plugins\/seo\/ -->\n<title>Accessory Chair S23 Deluxe - Korum - Pesca Fish<\/title>\n<meta name=\"robots\" content=\"index, follow, max-snippet:-1, max-image-preview:large, max-video-preview:-1\" \/>\n<link rel=\"canonical\" href=\"https:\/\/www.pescafish.it\/new\/prodotto\/deluxe-accessory-chair-s23-korum\/\" \/>\n<meta property=\"og:locale\" content=\"it_IT\" \/>\n<meta property=\"og:type\" content=\"article\" \/>\n<meta property=\"og:title\" content=\"Accessory Chair S23 Deluxe - Korum - Pesca Fish\" \/>\n<meta property=\"og:description\" content=\"Il nostro design brevettato della nuova sedia Korum S23 Accessory Chair utilizza un nuovo telaio con gambe tubolari da 23 mm di diametro rendendo la sedia ancora pi\u00f9 facile da usare e configurare in ogni situazione di pesca. La sedia Korum Accessory S23 migliora la stabilit\u00e0 e la facilit\u00e0 di regolazione delle gambe, rendendo la [&hellip;]\" \/>\n<meta property=\"og:url\" content=\"https:\/\/www.pescafish.it\/new\/prodotto\/deluxe-accessory-chair-s23-korum\/\" \/>\n<meta property=\"og:site_name\" content=\"Pesca Fish\" \/>\n<meta property=\"article:publisher\" content=\"https:\/\/www.facebook.com\/pescafishvr\/\" \/>\n<meta property=\"article:modified_time\" content=\"2023-08-16T09:30:03+00:00\" \/>\n<meta property=\"og:image\" content=\"https:\/\/www.pescafish.it\/new\/wp-content\/uploads\/2021\/11\/DELUXE-ACCESSORY-CHAIR-S23.jpg\" \/>\n\t<meta property=\"og:image:width\" content=\"1000\" \/>\n\t<meta property=\"og:image:height\" content=\"1000\" \/>\n<meta name=\"twitter:card\" content=\"summary_large_image\" \/>\n<meta name=\"twitter:label1\" content=\"Scritto da\">\n\t<meta name=\"twitter:data1\" content=\"francesca\">\n\t<meta name=\"twitter:label2\" content=\"Tempo di lettura stimato\">\n\t<meta name=\"twitter:data2\" content=\"1 minuto\">\n<script type=\"application\/ld+json\" class=\"yoast-schema-graph\">{\"@context\":\"https:\/\/schema.org\",\"@graph\":[{\"@type\":\"WebSite\",\"@id\":\"https:\/\/www.pescafish.it\/new\/#website\",\"url\":\"https:\/\/www.pescafish.it\/new\/\",\"name\":\"Pesca Fish\",\"description\":\"Benvenuti sul nostro sito!\",\"potentialAction\":[{\"@type\":\"SearchAction\",\"target\":\"https:\/\/www.pescafish.it\/new\/?s={search_term_string}\",\"query-input\":\"required name=search_term_string\"}],\"inLanguage\":\"it-IT\"},{\"@type\":\"ImageObject\",\"@id\":\"https:\/\/www.pescafish.it\/new\/prodotto\/deluxe-accessory-chair-s23-korum\/#primaryimage\",\"inLanguage\":\"it-IT\",\"url\":\"https:\/\/www.pescafish.it\/new\/wp-content\/uploads\/2021\/11\/DELUXE-ACCESSORY-CHAIR-S23.jpg\",\"width\":1000,\"height\":1000,\"caption\":\"deluxe accessory chair s23 korum\"},{\"@type\":\"WebPage\",\"@id\":\"https:\/\/www.pescafish.it\/new\/prodotto\/deluxe-accessory-chair-s23-korum\/#webpage\",\"url\":\"https:\/\/www.pescafish.it\/new\/prodotto\/deluxe-accessory-chair-s23-korum\/\",\"name\":\"Accessory Chair S23 Deluxe - Korum - Pesca Fish\",\"isPartOf\":{\"@id\":\"https:\/\/www.pescafish.it\/new\/#website\"},\"primaryImageOfPage\":{\"@id\":\"https:\/\/www.pescafish.it\/new\/prodotto\/deluxe-accessory-chair-s23-korum\/#primaryimage\"},\"datePublished\":\"2021-11-30T18:03:39+00:00\",\"dateModified\":\"2023-08-16T09:30:03+00:00\",\"inLanguage\":\"it-IT\",\"potentialAction\":[{\"@type\":\"ReadAction\",\"target\":[\"https:\/\/www.pescafish.it\/new\/prodotto\/deluxe-accessory-chair-s23-korum\/\"]}]}]}<\/script>\n<!-- \/ Yoast SEO plugin. -->","_links":{"self":[{"href":"https:\/\/www.pescafish.it\/new\/wp-json\/wp\/v2\/product\/74232"}],"collection":[{"href":"https:\/\/www.pescafish.it\/new\/wp-json\/wp\/v2\/product"}],"about":[{"href":"https:\/\/www.pescafish.it\/new\/wp-json\/wp\/v2\/types\/product"}],"replies":[{"embeddable":true,"href":"https:\/\/www.pescafish.it\/new\/wp-json\/wp\/v2\/comments?post=74232"}],"wp:featuredmedia":[{"embeddable":true,"href":"https:\/\/www.pescafish.it\/new\/wp-json\/wp\/v2\/media\/74233"}],"wp:attachment":[{"href":"https:\/\/www.pescafish.it\/new\/wp-json\/wp\/v2\/media?parent=74232"}],"wp:term":[{"taxonomy":"product_cat","embeddable":true,"href":"https:\/\/www.pescafish.it\/new\/wp-json\/wp\/v2\/product_cat?post=74232"},{"taxonomy":"product_tag","embeddable":true,"href":"https:\/\/www.pescafish.it\/new\/wp-json\/wp\/v2\/product_tag?post=74232"}],"curies":[{"name":"wp","href":"https:\/\/api.w.org\/{rel}","templated":true}]}}