{"id":72244,"date":"2021-10-15T10:53:13","date_gmt":"2021-10-15T08:53:13","guid":{"rendered":"https:\/\/www.pescafish.it\/new\/?post_type=product&#038;p=72244"},"modified":"2023-09-15T09:50:25","modified_gmt":"2023-09-15T07:50:25","slug":"miuras-mouse-big-miuras-lures","status":"publish","type":"product","link":"https:\/\/www.pescafish.it\/new\/prodotto\/miuras-mouse-big-miuras-lures\/","title":{"rendered":"Miuras Mouse Big &#8211; Miuras Lures"},"content":{"rendered":"<p>Nel vasto panorama di esche artificiali disponibili, il MIURAS MOUSE \u00e8 sicuramente una novit\u00e0, inimitabile e unico \u00e8 realizzato artigianalmente pezzo per pezzo, curato nei dettagli pratici ed estetici, e assemblato con i migliori materiali disponibili per resistere ai morsi e ai combattimenti pi\u00f9 gravosi.<br \/>\nL\u2019azione di nuoto \u00e8 molto particolare e si divide in due movimenti che vanno a compensarsi tra loro. La testa, grazie al suo particolare profilo e alla morbida copertura di bucktail, pulsa in maniera naturale ondeggiando pigramente, mentre la coda \u00e8 mobile e,\u00a0grazie allo snodo tra le due sezioni, \u00e8\u00a0libera di muoversi frenetica anche su recuperi lenti, trasmettendo parte del suo movimento alla testa stessa. Questa combinazione crea un connubio irresistibile anche a pesci sottoposti a forte pressione di pesca, o i condizioni di apatia dovuta a cambi repentini di tempo.<\/p>\n<p><strong>Lunghezza:<\/strong>\u00a020cm<br \/>\n<strong>Peso:<\/strong>\u00a040g<\/p>\n<p><strong>Disponibile nelle seguenti colorazioni:<\/strong><br \/>\n<strong>11-MMB-003<\/strong>\u00a0 Spotted Bullhead<br \/>\n<strong>11-MMB-008<\/strong>\u00a0 Baitfish<br \/>\n<strong>11-MMB-009<\/strong>\u00a0 Yellow Fever<br \/>\n<strong>11-MMB-010<\/strong>\u00a0 White Christmas<br \/>\n<strong>11-MMB-011<\/strong>\u00a0 Pink Panther<br \/>\n<strong>11-MMB-012<\/strong>\u00a0 Dracula<br \/>\n<strong>11-MMB-013<\/strong>\u00a0 Sunset<\/p>\n","protected":false},"excerpt":{"rendered":"<p>Nel vasto panorama di esche artificiali disponibili, il MIURAS MOUSE \u00e8 sicuramente una novit\u00e0, inimitabile e unico \u00e8 realizzato artigianalmente pezzo per pezzo, curato nei dettagli pratici ed estetici, e assemblato con i migliori materiali disponibili per resistere ai morsi e ai combattimenti pi\u00f9 gravosi. L\u2019azione di nuoto \u00e8 molto particolare e si divide in [&hellip;]<\/p>\n","protected":false},"featured_media":72232,"comment_status":"closed","ping_status":"closed","template":"","meta":[],"product_cat":[1283],"product_tag":[1284],"yoast_head":"<!-- This site is optimized with the Yoast SEO plugin v15.3 - https:\/\/yoast.com\/wordpress\/plugins\/seo\/ -->\n<title>Miuras Mouse Big - Miuras Lures - Pesca Fish<\/title>\n<meta name=\"description\" content=\"Miuras Mouse Big - Miuras Lures | Per informazioni scriveteci a info@pescafish.it oppure contattateci allo 045\/6100748\" \/>\n<meta name=\"robots\" content=\"index, follow, max-snippet:-1, max-image-preview:large, max-video-preview:-1\" \/>\n<link rel=\"canonical\" href=\"https:\/\/www.pescafish.it\/new\/prodotto\/miuras-mouse-big-miuras-lures\/\" \/>\n<meta property=\"og:locale\" content=\"it_IT\" \/>\n<meta property=\"og:type\" content=\"article\" \/>\n<meta property=\"og:title\" content=\"Miuras Mouse Big - Miuras Lures - Pesca Fish\" \/>\n<meta property=\"og:description\" content=\"Miuras Mouse Big - Miuras Lures | Per informazioni scriveteci a info@pescafish.it oppure contattateci allo 045\/6100748\" \/>\n<meta property=\"og:url\" content=\"https:\/\/www.pescafish.it\/new\/prodotto\/miuras-mouse-big-miuras-lures\/\" \/>\n<meta property=\"og:site_name\" content=\"Pesca Fish\" \/>\n<meta property=\"article:publisher\" content=\"https:\/\/www.facebook.com\/pescafishvr\/\" \/>\n<meta property=\"article:modified_time\" content=\"2023-09-15T07:50:25+00:00\" \/>\n<meta property=\"og:image\" content=\"https:\/\/www.pescafish.it\/new\/wp-content\/uploads\/2021\/10\/MIURAS-MOUSE_PINK-PANTHER.jpg\" \/>\n\t<meta property=\"og:image:width\" content=\"740\" \/>\n\t<meta property=\"og:image:height\" content=\"740\" \/>\n<meta name=\"twitter:card\" content=\"summary_large_image\" \/>\n<meta name=\"twitter:label1\" content=\"Scritto da\">\n\t<meta name=\"twitter:data1\" content=\"francesca\">\n\t<meta name=\"twitter:label2\" content=\"Tempo di lettura stimato\">\n\t<meta name=\"twitter:data2\" content=\"1 minuto\">\n<script type=\"application\/ld+json\" class=\"yoast-schema-graph\">{\"@context\":\"https:\/\/schema.org\",\"@graph\":[{\"@type\":\"WebSite\",\"@id\":\"https:\/\/www.pescafish.it\/new\/#website\",\"url\":\"https:\/\/www.pescafish.it\/new\/\",\"name\":\"Pesca Fish\",\"description\":\"Benvenuti sul nostro sito!\",\"potentialAction\":[{\"@type\":\"SearchAction\",\"target\":\"https:\/\/www.pescafish.it\/new\/?s={search_term_string}\",\"query-input\":\"required name=search_term_string\"}],\"inLanguage\":\"it-IT\"},{\"@type\":\"ImageObject\",\"@id\":\"https:\/\/www.pescafish.it\/new\/prodotto\/miuras-mouse-big-miuras-lures\/#primaryimage\",\"inLanguage\":\"it-IT\",\"url\":\"https:\/\/www.pescafish.it\/new\/wp-content\/uploads\/2021\/10\/MIURAS-MOUSE_PINK-PANTHER.jpg\",\"width\":740,\"height\":740,\"caption\":\"miuras mouse\"},{\"@type\":\"WebPage\",\"@id\":\"https:\/\/www.pescafish.it\/new\/prodotto\/miuras-mouse-big-miuras-lures\/#webpage\",\"url\":\"https:\/\/www.pescafish.it\/new\/prodotto\/miuras-mouse-big-miuras-lures\/\",\"name\":\"Miuras Mouse Big - Miuras Lures - Pesca Fish\",\"isPartOf\":{\"@id\":\"https:\/\/www.pescafish.it\/new\/#website\"},\"primaryImageOfPage\":{\"@id\":\"https:\/\/www.pescafish.it\/new\/prodotto\/miuras-mouse-big-miuras-lures\/#primaryimage\"},\"datePublished\":\"2021-10-15T08:53:13+00:00\",\"dateModified\":\"2023-09-15T07:50:25+00:00\",\"description\":\"Miuras Mouse Big - Miuras Lures | Per informazioni scriveteci a info@pescafish.it oppure contattateci allo 045\/6100748\",\"inLanguage\":\"it-IT\",\"potentialAction\":[{\"@type\":\"ReadAction\",\"target\":[\"https:\/\/www.pescafish.it\/new\/prodotto\/miuras-mouse-big-miuras-lures\/\"]}]}]}<\/script>\n<!-- \/ Yoast SEO plugin. -->","_links":{"self":[{"href":"https:\/\/www.pescafish.it\/new\/wp-json\/wp\/v2\/product\/72244"}],"collection":[{"href":"https:\/\/www.pescafish.it\/new\/wp-json\/wp\/v2\/product"}],"about":[{"href":"https:\/\/www.pescafish.it\/new\/wp-json\/wp\/v2\/types\/product"}],"replies":[{"embeddable":true,"href":"https:\/\/www.pescafish.it\/new\/wp-json\/wp\/v2\/comments?post=72244"}],"wp:featuredmedia":[{"embeddable":true,"href":"https:\/\/www.pescafish.it\/new\/wp-json\/wp\/v2\/media\/72232"}],"wp:attachment":[{"href":"https:\/\/www.pescafish.it\/new\/wp-json\/wp\/v2\/media?parent=72244"}],"wp:term":[{"taxonomy":"product_cat","embeddable":true,"href":"https:\/\/www.pescafish.it\/new\/wp-json\/wp\/v2\/product_cat?post=72244"},{"taxonomy":"product_tag","embeddable":true,"href":"https:\/\/www.pescafish.it\/new\/wp-json\/wp\/v2\/product_tag?post=72244"}],"curies":[{"name":"wp","href":"https:\/\/api.w.org\/{rel}","templated":true}]}}