{"id":71631,"date":"2021-08-28T08:44:52","date_gmt":"2021-08-28T06:44:52","guid":{"rendered":"https:\/\/www.pescafish.it\/new\/?post_type=product&#038;p=71631"},"modified":"2026-03-16T20:05:37","modified_gmt":"2026-03-16T19:05:37","slug":"longchuck-tapered-leaders-korda","status":"publish","type":"product","link":"https:\/\/www.pescafish.it\/new\/prodotto\/longchuck-tapered-leaders-korda\/","title":{"rendered":"LongChuck Tapered Leaders &#8211; Korda"},"content":{"rendered":"<h2 class=\"title\">LongChuck Tapered Leaders<\/h2>\n<p>Questi shock leader\u00a0sono stati progettati specificamente per la pesca\u00a0a lungo raggio per aiutarvi a raggiungere la massima distanza senza il rischio di rompere e sono perfetti se usati in combinazione con la lenza principale Long Chuck. Ci sono tre diverse combinazioni di Long Chuck Tapered Leaders, che ti permettono di abbinarle al carico di rottura della lenza principale che state utilizzando, garantendo cos\u00ec il nodo di giunzione pi\u00f9 pulito possibile e riducendo anche il rischio di &#8216;frap-up&#8217; (questo di solito si verifica quando lenze di diametro diverso vengono unite e si slegano quando attraversano l&#8217;anello di testa).<\/p>\n<p>Ogni leader \u00e8 lungo 10 m\u00a0e dispone di\u00a08 m di 30lb\/0.47 mm per assorbire la forza del lancio e fornire una certa protezione durante il recupero di un pesce grazie alla sua resistenza all&#8217;abrasione &#8211; ideale quando si pesca su fondi ghiaiosi &#8211; e poi gli ultimi 2 m si assottigliano\u00a0da 0,47 mm (30 libbre) a 0,27 mm (10 libbre), 0,30 mm (12 libbre) o 0,33 mm (15 libbre), a seconda di quale delle tre versioni si sceglie.<\/p>\n<p>I leader affusolati\u00a0presentano le stesse propriet\u00e0 della lenza Long Chuck, con bassa elasticit\u00e0 per aiutare a comprimere la canna (il mono pesante \u00e8 in genere abbastanza elastico e ostacola il lancio); basso assorbimento d&#8217;acqua; leggera per il suo carico di rottura, poich\u00e9 \u00e8 trasparente (la tintura aggiunge peso extra), quindi rimane pi\u00f9 a lungo nell&#8217;aria; e un elevato rapporto tra carico di rottura e diametro per ridurre la resistenza all&#8217;aria. Ogni bobina contiene cinque leader.<\/p>\n<p><strong>Disponibile nelle seguenti varianti:<\/strong><br \/>\n<strong>KDCM05<\/strong>\u00a0 10-30lb \/ 0.27-0.47mm<br \/>\n<strong>KDCM06<\/strong>\u00a0 12-30lb \/ 0.30-0.47mm<br \/>\n<strong>KDCM07<\/strong>\u00a0 15-30lb \/ 0.33-0.47mm<\/p>\n<p>confezione da 300m<\/p>\n","protected":false},"excerpt":{"rendered":"<p>LongChuck Tapered Leaders Questi shock leader\u00a0sono stati progettati specificamente per la pesca\u00a0a lungo raggio per aiutarvi a raggiungere la massima distanza senza il rischio di rompere e sono perfetti se usati in combinazione con la lenza principale Long Chuck. Ci sono tre diverse combinazioni di Long Chuck Tapered Leaders, che ti permettono di abbinarle al [&hellip;]<\/p>\n","protected":false},"featured_media":71632,"comment_status":"closed","ping_status":"closed","template":"","meta":[],"product_cat":[727],"product_tag":[1018],"yoast_head":"<!-- This site is optimized with the Yoast SEO plugin v15.3 - https:\/\/yoast.com\/wordpress\/plugins\/seo\/ -->\n<title>LongChuck Tapered Leaders - Korda - Pesca Fish<\/title>\n<meta name=\"robots\" content=\"index, follow, max-snippet:-1, max-image-preview:large, max-video-preview:-1\" \/>\n<link rel=\"canonical\" href=\"https:\/\/www.pescafish.it\/new\/prodotto\/longchuck-tapered-leaders-korda\/\" \/>\n<meta property=\"og:locale\" content=\"it_IT\" \/>\n<meta property=\"og:type\" content=\"article\" \/>\n<meta property=\"og:title\" content=\"LongChuck Tapered Leaders - Korda - Pesca Fish\" \/>\n<meta property=\"og:description\" content=\"LongChuck Tapered Leaders Questi shock leader\u00a0sono stati progettati specificamente per la pesca\u00a0a lungo raggio per aiutarvi a raggiungere la massima distanza senza il rischio di rompere e sono perfetti se usati in combinazione con la lenza principale Long Chuck. Ci sono tre diverse combinazioni di Long Chuck Tapered Leaders, che ti permettono di abbinarle al [&hellip;]\" \/>\n<meta property=\"og:url\" content=\"https:\/\/www.pescafish.it\/new\/prodotto\/longchuck-tapered-leaders-korda\/\" \/>\n<meta property=\"og:site_name\" content=\"Pesca Fish\" \/>\n<meta property=\"article:publisher\" content=\"https:\/\/www.facebook.com\/pescafishvr\/\" \/>\n<meta property=\"article:modified_time\" content=\"2026-03-16T19:05:37+00:00\" \/>\n<meta property=\"og:image\" content=\"https:\/\/www.pescafish.it\/new\/wp-content\/uploads\/2021\/08\/19331627912775.png\" \/>\n\t<meta property=\"og:image:width\" content=\"300\" \/>\n\t<meta property=\"og:image:height\" content=\"300\" \/>\n<meta name=\"twitter:card\" content=\"summary_large_image\" \/>\n<meta name=\"twitter:label1\" content=\"Scritto da\">\n\t<meta name=\"twitter:data1\" content=\"francesca\">\n\t<meta name=\"twitter:label2\" content=\"Tempo di lettura stimato\">\n\t<meta name=\"twitter:data2\" content=\"1 minuto\">\n<script type=\"application\/ld+json\" class=\"yoast-schema-graph\">{\"@context\":\"https:\/\/schema.org\",\"@graph\":[{\"@type\":\"WebSite\",\"@id\":\"https:\/\/www.pescafish.it\/new\/#website\",\"url\":\"https:\/\/www.pescafish.it\/new\/\",\"name\":\"Pesca Fish\",\"description\":\"Benvenuti sul nostro sito!\",\"potentialAction\":[{\"@type\":\"SearchAction\",\"target\":\"https:\/\/www.pescafish.it\/new\/?s={search_term_string}\",\"query-input\":\"required name=search_term_string\"}],\"inLanguage\":\"it-IT\"},{\"@type\":\"ImageObject\",\"@id\":\"https:\/\/www.pescafish.it\/new\/prodotto\/longchuck-tapered-leaders-korda\/#primaryimage\",\"inLanguage\":\"it-IT\",\"url\":\"https:\/\/www.pescafish.it\/new\/wp-content\/uploads\/2021\/08\/19331627912775.png\",\"width\":300,\"height\":300,\"caption\":\"Korda\"},{\"@type\":\"WebPage\",\"@id\":\"https:\/\/www.pescafish.it\/new\/prodotto\/longchuck-tapered-leaders-korda\/#webpage\",\"url\":\"https:\/\/www.pescafish.it\/new\/prodotto\/longchuck-tapered-leaders-korda\/\",\"name\":\"LongChuck Tapered Leaders - Korda - Pesca Fish\",\"isPartOf\":{\"@id\":\"https:\/\/www.pescafish.it\/new\/#website\"},\"primaryImageOfPage\":{\"@id\":\"https:\/\/www.pescafish.it\/new\/prodotto\/longchuck-tapered-leaders-korda\/#primaryimage\"},\"datePublished\":\"2021-08-28T06:44:52+00:00\",\"dateModified\":\"2026-03-16T19:05:37+00:00\",\"inLanguage\":\"it-IT\",\"potentialAction\":[{\"@type\":\"ReadAction\",\"target\":[\"https:\/\/www.pescafish.it\/new\/prodotto\/longchuck-tapered-leaders-korda\/\"]}]}]}<\/script>\n<!-- \/ Yoast SEO plugin. -->","_links":{"self":[{"href":"https:\/\/www.pescafish.it\/new\/wp-json\/wp\/v2\/product\/71631"}],"collection":[{"href":"https:\/\/www.pescafish.it\/new\/wp-json\/wp\/v2\/product"}],"about":[{"href":"https:\/\/www.pescafish.it\/new\/wp-json\/wp\/v2\/types\/product"}],"replies":[{"embeddable":true,"href":"https:\/\/www.pescafish.it\/new\/wp-json\/wp\/v2\/comments?post=71631"}],"wp:featuredmedia":[{"embeddable":true,"href":"https:\/\/www.pescafish.it\/new\/wp-json\/wp\/v2\/media\/71632"}],"wp:attachment":[{"href":"https:\/\/www.pescafish.it\/new\/wp-json\/wp\/v2\/media?parent=71631"}],"wp:term":[{"taxonomy":"product_cat","embeddable":true,"href":"https:\/\/www.pescafish.it\/new\/wp-json\/wp\/v2\/product_cat?post=71631"},{"taxonomy":"product_tag","embeddable":true,"href":"https:\/\/www.pescafish.it\/new\/wp-json\/wp\/v2\/product_tag?post=71631"}],"curies":[{"name":"wp","href":"https:\/\/api.w.org\/{rel}","templated":true}]}}