{"id":70873,"date":"2021-07-16T19:19:46","date_gmt":"2021-07-16T17:19:46","guid":{"rendered":"https:\/\/www.pescafish.it\/new\/?post_type=product&#038;p=70873"},"modified":"2024-08-16T17:41:48","modified_gmt":"2024-08-16T15:41:48","slug":"basix-baiting-needle-korda","status":"publish","type":"product","link":"https:\/\/www.pescafish.it\/new\/prodotto\/basix-baiting-needle-korda\/","title":{"rendered":"Basix Baiting Needle -Korda"},"content":{"rendered":"<h2>Basix Baiting Needle<\/h2>\n<p>Il Basix Baiting Needle pu\u00f2 essere utilizzato con la maggior parte delle esche, poich\u00e9 \u00e8 affilato e forte, il che significa che pu\u00f2 essere spinto attraverso la maggior parte delle esche pi\u00f9 dure senza paura di dividerle. Il &#8216;truffatore&#8217; su l&#8217;estremit\u00e0 \u00e8 stata progettata per tenere i capelli in posizione mentre l&#8217;esca viene infilata su di essa, spenta dell&#8217;ago, ma senza pericolo di sfilacciare materiali intrecciati o di farli separato, il che pu\u00f2 rendere difficile l&#8217;inserimento di un fermacapelli. La maniglia verde brillante \u00e8 stata progettato ergonomicamente e se dovessi lasciarlo cadere a terra lo rende pi\u00f9 facile da trovare. L&#8217;ago cromato \u00e8 stato progettato per durare e non arrugginisce.<\/p>\n","protected":false},"excerpt":{"rendered":"<p>Basix Baiting Needle Il Basix Baiting Needle pu\u00f2 essere utilizzato con la maggior parte delle esche, poich\u00e9 \u00e8 affilato e forte, il che significa che pu\u00f2 essere spinto attraverso la maggior parte delle esche pi\u00f9 dure senza paura di dividerle. Il &#8216;truffatore&#8217; su l&#8217;estremit\u00e0 \u00e8 stata progettata per tenere i capelli in posizione mentre l&#8217;esca [&hellip;]<\/p>\n","protected":false},"featured_media":70874,"comment_status":"closed","ping_status":"closed","template":"","meta":[],"product_cat":[587],"product_tag":[1018],"yoast_head":"<!-- This site is optimized with the Yoast SEO plugin v15.3 - https:\/\/yoast.com\/wordpress\/plugins\/seo\/ -->\n<title>Basix Baiting Needle -Korda - Pesca Fish<\/title>\n<meta name=\"robots\" content=\"index, follow, max-snippet:-1, max-image-preview:large, max-video-preview:-1\" \/>\n<link rel=\"canonical\" href=\"https:\/\/www.pescafish.it\/new\/prodotto\/basix-baiting-needle-korda\/\" \/>\n<meta property=\"og:locale\" content=\"it_IT\" \/>\n<meta property=\"og:type\" content=\"article\" \/>\n<meta property=\"og:title\" content=\"Basix Baiting Needle -Korda - Pesca Fish\" \/>\n<meta property=\"og:description\" content=\"Basix Baiting Needle Il Basix Baiting Needle pu\u00f2 essere utilizzato con la maggior parte delle esche, poich\u00e9 \u00e8 affilato e forte, il che significa che pu\u00f2 essere spinto attraverso la maggior parte delle esche pi\u00f9 dure senza paura di dividerle. Il &#8216;truffatore&#8217; su l&#8217;estremit\u00e0 \u00e8 stata progettata per tenere i capelli in posizione mentre l&#8217;esca [&hellip;]\" \/>\n<meta property=\"og:url\" content=\"https:\/\/www.pescafish.it\/new\/prodotto\/basix-baiting-needle-korda\/\" \/>\n<meta property=\"og:site_name\" content=\"Pesca Fish\" \/>\n<meta property=\"article:publisher\" content=\"https:\/\/www.facebook.com\/pescafishvr\/\" \/>\n<meta property=\"article:modified_time\" content=\"2024-08-16T15:41:48+00:00\" \/>\n<meta property=\"og:image\" content=\"https:\/\/www.pescafish.it\/new\/wp-content\/uploads\/2021\/07\/korda-basix-baiting-needle.jpg\" \/>\n\t<meta property=\"og:image:width\" content=\"269\" \/>\n\t<meta property=\"og:image:height\" content=\"646\" \/>\n<meta name=\"twitter:card\" content=\"summary_large_image\" \/>\n<meta name=\"twitter:label1\" content=\"Scritto da\">\n\t<meta name=\"twitter:data1\" content=\"francesca\">\n\t<meta name=\"twitter:label2\" content=\"Tempo di lettura stimato\">\n\t<meta name=\"twitter:data2\" content=\"0 minuti\">\n<script type=\"application\/ld+json\" class=\"yoast-schema-graph\">{\"@context\":\"https:\/\/schema.org\",\"@graph\":[{\"@type\":\"WebSite\",\"@id\":\"https:\/\/www.pescafish.it\/new\/#website\",\"url\":\"https:\/\/www.pescafish.it\/new\/\",\"name\":\"Pesca Fish\",\"description\":\"Benvenuti sul nostro sito!\",\"potentialAction\":[{\"@type\":\"SearchAction\",\"target\":\"https:\/\/www.pescafish.it\/new\/?s={search_term_string}\",\"query-input\":\"required name=search_term_string\"}],\"inLanguage\":\"it-IT\"},{\"@type\":\"ImageObject\",\"@id\":\"https:\/\/www.pescafish.it\/new\/prodotto\/basix-baiting-needle-korda\/#primaryimage\",\"inLanguage\":\"it-IT\",\"url\":\"https:\/\/www.pescafish.it\/new\/wp-content\/uploads\/2021\/07\/korda-basix-baiting-needle.jpg\",\"width\":269,\"height\":646,\"caption\":\"Korda\"},{\"@type\":\"WebPage\",\"@id\":\"https:\/\/www.pescafish.it\/new\/prodotto\/basix-baiting-needle-korda\/#webpage\",\"url\":\"https:\/\/www.pescafish.it\/new\/prodotto\/basix-baiting-needle-korda\/\",\"name\":\"Basix Baiting Needle -Korda - Pesca Fish\",\"isPartOf\":{\"@id\":\"https:\/\/www.pescafish.it\/new\/#website\"},\"primaryImageOfPage\":{\"@id\":\"https:\/\/www.pescafish.it\/new\/prodotto\/basix-baiting-needle-korda\/#primaryimage\"},\"datePublished\":\"2021-07-16T17:19:46+00:00\",\"dateModified\":\"2024-08-16T15:41:48+00:00\",\"inLanguage\":\"it-IT\",\"potentialAction\":[{\"@type\":\"ReadAction\",\"target\":[\"https:\/\/www.pescafish.it\/new\/prodotto\/basix-baiting-needle-korda\/\"]}]}]}<\/script>\n<!-- \/ Yoast SEO plugin. -->","_links":{"self":[{"href":"https:\/\/www.pescafish.it\/new\/wp-json\/wp\/v2\/product\/70873"}],"collection":[{"href":"https:\/\/www.pescafish.it\/new\/wp-json\/wp\/v2\/product"}],"about":[{"href":"https:\/\/www.pescafish.it\/new\/wp-json\/wp\/v2\/types\/product"}],"replies":[{"embeddable":true,"href":"https:\/\/www.pescafish.it\/new\/wp-json\/wp\/v2\/comments?post=70873"}],"wp:featuredmedia":[{"embeddable":true,"href":"https:\/\/www.pescafish.it\/new\/wp-json\/wp\/v2\/media\/70874"}],"wp:attachment":[{"href":"https:\/\/www.pescafish.it\/new\/wp-json\/wp\/v2\/media?parent=70873"}],"wp:term":[{"taxonomy":"product_cat","embeddable":true,"href":"https:\/\/www.pescafish.it\/new\/wp-json\/wp\/v2\/product_cat?post=70873"},{"taxonomy":"product_tag","embeddable":true,"href":"https:\/\/www.pescafish.it\/new\/wp-json\/wp\/v2\/product_tag?post=70873"}],"curies":[{"name":"wp","href":"https:\/\/api.w.org\/{rel}","templated":true}]}}