{"id":70866,"date":"2021-07-16T19:12:04","date_gmt":"2021-07-16T17:12:04","guid":{"rendered":"https:\/\/www.pescafish.it\/new\/?post_type=product&#038;p=70866"},"modified":"2024-11-25T16:13:24","modified_gmt":"2024-11-25T15:13:24","slug":"basix-carp-cradle-korda","status":"publish","type":"product","link":"https:\/\/www.pescafish.it\/new\/prodotto\/basix-carp-cradle-korda\/","title":{"rendered":"Basix Carp Cradle &#8211; Korda"},"content":{"rendered":"<h2>Basix Carp Cradle<\/h2>\n<p>La culla per carpe BASIX \u00e8 stata progettata per offrire la massima protezione alle tue catture quando \u00e8 sul divano, ma allo stesso tempo pratico da usare e trasportare. \u00e8 fatto<br \/>\nda 50 mm di schiuma imbottita per fornire molta ammortizzazione, con uno strato esterno impermeabile che \u00e8 progettato per essere adatto ai pesci quando \u00e8 bagnato e non rimuove la melma protettiva del pesce. Le pareti imbottite aiutano a garantire che il pescato rimanga al sicuro e all&#8217;interno dei suoi confini. quando non sei dentro usa il BASIX Carp Cradle si piega in due e c&#8217;\u00e8 spazio per riporre un Carp Care Kit e Basix Pesare l&#8217;imbracatura all&#8217;interno. Le maniglie per il trasporto possono essere utilizzate anche per fissarlo una volta che sei in una nuotata per evitare qualsiasi rischio che possa soffiare via.<\/p>\n<p><strong>Disponibile nelle seguenti varianti:<\/strong><br \/>\n<strong>KBX028<\/strong>\u00a0 Standard<br \/>\n<strong>KBX041<\/strong>\u00a0 XL<\/p>\n","protected":false},"excerpt":{"rendered":"<p>Basix Carp Cradle La culla per carpe BASIX \u00e8 stata progettata per offrire la massima protezione alle tue catture quando \u00e8 sul divano, ma allo stesso tempo pratico da usare e trasportare. \u00e8 fatto da 50 mm di schiuma imbottita per fornire molta ammortizzazione, con uno strato esterno impermeabile che \u00e8 progettato per essere adatto [&hellip;]<\/p>\n","protected":false},"featured_media":70867,"comment_status":"closed","ping_status":"closed","template":"","meta":[],"product_cat":[411],"product_tag":[1018],"yoast_head":"<!-- This site is optimized with the Yoast SEO plugin v15.3 - https:\/\/yoast.com\/wordpress\/plugins\/seo\/ -->\n<title>Basix Carp Cradle - Korda - Pesca Fish<\/title>\n<meta name=\"robots\" content=\"index, follow, max-snippet:-1, max-image-preview:large, max-video-preview:-1\" \/>\n<link rel=\"canonical\" href=\"https:\/\/www.pescafish.it\/new\/prodotto\/basix-carp-cradle-korda\/\" \/>\n<meta property=\"og:locale\" content=\"it_IT\" \/>\n<meta property=\"og:type\" content=\"article\" \/>\n<meta property=\"og:title\" content=\"Basix Carp Cradle - Korda - Pesca Fish\" \/>\n<meta property=\"og:description\" content=\"Basix Carp Cradle La culla per carpe BASIX \u00e8 stata progettata per offrire la massima protezione alle tue catture quando \u00e8 sul divano, ma allo stesso tempo pratico da usare e trasportare. \u00e8 fatto da 50 mm di schiuma imbottita per fornire molta ammortizzazione, con uno strato esterno impermeabile che \u00e8 progettato per essere adatto [&hellip;]\" \/>\n<meta property=\"og:url\" content=\"https:\/\/www.pescafish.it\/new\/prodotto\/basix-carp-cradle-korda\/\" \/>\n<meta property=\"og:site_name\" content=\"Pesca Fish\" \/>\n<meta property=\"article:publisher\" content=\"https:\/\/www.facebook.com\/pescafishvr\/\" \/>\n<meta property=\"article:modified_time\" content=\"2024-11-25T15:13:24+00:00\" \/>\n<meta property=\"og:image\" content=\"https:\/\/www.pescafish.it\/new\/wp-content\/uploads\/2021\/07\/basix_carp_cradle_1.jpg\" \/>\n\t<meta property=\"og:image:width\" content=\"700\" \/>\n\t<meta property=\"og:image:height\" content=\"466\" \/>\n<meta name=\"twitter:card\" content=\"summary_large_image\" \/>\n<meta name=\"twitter:label1\" content=\"Scritto da\">\n\t<meta name=\"twitter:data1\" content=\"francesca\">\n\t<meta name=\"twitter:label2\" content=\"Tempo di lettura stimato\">\n\t<meta name=\"twitter:data2\" content=\"1 minuto\">\n<script type=\"application\/ld+json\" class=\"yoast-schema-graph\">{\"@context\":\"https:\/\/schema.org\",\"@graph\":[{\"@type\":\"WebSite\",\"@id\":\"https:\/\/www.pescafish.it\/new\/#website\",\"url\":\"https:\/\/www.pescafish.it\/new\/\",\"name\":\"Pesca Fish\",\"description\":\"Benvenuti sul nostro sito!\",\"potentialAction\":[{\"@type\":\"SearchAction\",\"target\":\"https:\/\/www.pescafish.it\/new\/?s={search_term_string}\",\"query-input\":\"required name=search_term_string\"}],\"inLanguage\":\"it-IT\"},{\"@type\":\"ImageObject\",\"@id\":\"https:\/\/www.pescafish.it\/new\/prodotto\/basix-carp-cradle-korda\/#primaryimage\",\"inLanguage\":\"it-IT\",\"url\":\"https:\/\/www.pescafish.it\/new\/wp-content\/uploads\/2021\/07\/basix_carp_cradle_1.jpg\",\"width\":700,\"height\":466,\"caption\":\"Korda\"},{\"@type\":\"WebPage\",\"@id\":\"https:\/\/www.pescafish.it\/new\/prodotto\/basix-carp-cradle-korda\/#webpage\",\"url\":\"https:\/\/www.pescafish.it\/new\/prodotto\/basix-carp-cradle-korda\/\",\"name\":\"Basix Carp Cradle - Korda - Pesca Fish\",\"isPartOf\":{\"@id\":\"https:\/\/www.pescafish.it\/new\/#website\"},\"primaryImageOfPage\":{\"@id\":\"https:\/\/www.pescafish.it\/new\/prodotto\/basix-carp-cradle-korda\/#primaryimage\"},\"datePublished\":\"2021-07-16T17:12:04+00:00\",\"dateModified\":\"2024-11-25T15:13:24+00:00\",\"inLanguage\":\"it-IT\",\"potentialAction\":[{\"@type\":\"ReadAction\",\"target\":[\"https:\/\/www.pescafish.it\/new\/prodotto\/basix-carp-cradle-korda\/\"]}]}]}<\/script>\n<!-- \/ Yoast SEO plugin. -->","_links":{"self":[{"href":"https:\/\/www.pescafish.it\/new\/wp-json\/wp\/v2\/product\/70866"}],"collection":[{"href":"https:\/\/www.pescafish.it\/new\/wp-json\/wp\/v2\/product"}],"about":[{"href":"https:\/\/www.pescafish.it\/new\/wp-json\/wp\/v2\/types\/product"}],"replies":[{"embeddable":true,"href":"https:\/\/www.pescafish.it\/new\/wp-json\/wp\/v2\/comments?post=70866"}],"wp:featuredmedia":[{"embeddable":true,"href":"https:\/\/www.pescafish.it\/new\/wp-json\/wp\/v2\/media\/70867"}],"wp:attachment":[{"href":"https:\/\/www.pescafish.it\/new\/wp-json\/wp\/v2\/media?parent=70866"}],"wp:term":[{"taxonomy":"product_cat","embeddable":true,"href":"https:\/\/www.pescafish.it\/new\/wp-json\/wp\/v2\/product_cat?post=70866"},{"taxonomy":"product_tag","embeddable":true,"href":"https:\/\/www.pescafish.it\/new\/wp-json\/wp\/v2\/product_tag?post=70866"}],"curies":[{"name":"wp","href":"https:\/\/api.w.org\/{rel}","templated":true}]}}