{"id":70785,"date":"2021-07-15T11:10:32","date_gmt":"2021-07-15T09:10:32","guid":{"rendered":"https:\/\/www.pescafish.it\/new\/?post_type=product&#038;p=70785"},"modified":"2022-07-06T21:33:50","modified_gmt":"2022-07-06T19:33:50","slug":"kore-quick-dry-shorts-olive-korda","status":"publish","type":"product","link":"https:\/\/www.pescafish.it\/new\/prodotto\/kore-quick-dry-shorts-olive-korda\/","title":{"rendered":"KORE Quick Dry Shorts Olive\u00a0&#8211; Korda"},"content":{"rendered":"<h2>KORE Quick Dry Shorts Olive<\/h2>\n<p>I pantaloncini Korda Kore Quick Dry sono perfetti per la pesca nei mesi pi\u00f9 caldi poich\u00e9 sono progettati per l&#8217;uso in acqua, proprio come un pantaloncino da bagno.<\/p>\n<p>Quando fa molto caldo e non vuoi sudare, \u00e8 la soluzione perfetta per camminare in acqua, lanciare, adescare o stancare i pesci.<\/p>\n<p>I pantaloncini Quick Dry sono comodi da indossare e pronti per andare in acqua.<\/p>\n<p>La vestibilit\u00e0 \u00e8 realizzata in microfibra di poliestere 100% con steli pi\u00f9 corti e un tocco morbido.<\/p>\n<p>Lo strato interno in rete consente di indossarli senza biancheria intima, consentendo loro di asciugarsi rapidamente al sole.<\/p>\n<p>Con elastico in vita, bottone in vernice e cerniere, il cordoncino consente un fissaggio ancora pi\u00f9 sicuro quando si entra in acqua.<\/p>\n<p>Ha due tasche laterali con zip e una tasca posteriore che si asciuga molto velocemente, oltre a una piccola tasca interna.<\/p>\n<p><strong>Disponibile nelle seguenti taglie:<br \/>\nKCL654\u00a0 <\/strong>Size M<strong><br \/>\nKCL655\u00a0 <\/strong>Size L<strong><br \/>\nKCL656\u00a0 <\/strong>Size XL<\/p>\n<p>&nbsp;<\/p>\n","protected":false},"excerpt":{"rendered":"<p>KORE Quick Dry Shorts Olive I pantaloncini Korda Kore Quick Dry sono perfetti per la pesca nei mesi pi\u00f9 caldi poich\u00e9 sono progettati per l&#8217;uso in acqua, proprio come un pantaloncino da bagno. Quando fa molto caldo e non vuoi sudare, \u00e8 la soluzione perfetta per camminare in acqua, lanciare, adescare o stancare i pesci. [&hellip;]<\/p>\n","protected":false},"featured_media":70796,"comment_status":"closed","ping_status":"closed","template":"","meta":[],"product_cat":[771],"product_tag":[1018],"yoast_head":"<!-- This site is optimized with the Yoast SEO plugin v15.3 - https:\/\/yoast.com\/wordpress\/plugins\/seo\/ -->\n<title>KORE Quick Dry Shorts Olive\u00a0- Korda - Pesca Fish<\/title>\n<meta name=\"robots\" content=\"index, follow, max-snippet:-1, max-image-preview:large, max-video-preview:-1\" \/>\n<link rel=\"canonical\" href=\"https:\/\/www.pescafish.it\/new\/prodotto\/kore-quick-dry-shorts-olive-korda\/\" \/>\n<meta property=\"og:locale\" content=\"it_IT\" \/>\n<meta property=\"og:type\" content=\"article\" \/>\n<meta property=\"og:title\" content=\"KORE Quick Dry Shorts Olive\u00a0- Korda - Pesca Fish\" \/>\n<meta property=\"og:description\" content=\"KORE Quick Dry Shorts Olive I pantaloncini Korda Kore Quick Dry sono perfetti per la pesca nei mesi pi\u00f9 caldi poich\u00e9 sono progettati per l&#8217;uso in acqua, proprio come un pantaloncino da bagno. Quando fa molto caldo e non vuoi sudare, \u00e8 la soluzione perfetta per camminare in acqua, lanciare, adescare o stancare i pesci. [&hellip;]\" \/>\n<meta property=\"og:url\" content=\"https:\/\/www.pescafish.it\/new\/prodotto\/kore-quick-dry-shorts-olive-korda\/\" \/>\n<meta property=\"og:site_name\" content=\"Pesca Fish\" \/>\n<meta property=\"article:publisher\" content=\"https:\/\/www.facebook.com\/pescafishvr\/\" \/>\n<meta property=\"article:modified_time\" content=\"2022-07-06T19:33:50+00:00\" \/>\n<meta property=\"og:image\" content=\"https:\/\/www.pescafish.it\/new\/wp-content\/uploads\/2021\/07\/korda-kore-quick-dry-shorts-olive.jpg\" \/>\n\t<meta property=\"og:image:width\" content=\"458\" \/>\n\t<meta property=\"og:image:height\" content=\"458\" \/>\n<meta name=\"twitter:card\" content=\"summary_large_image\" \/>\n<meta name=\"twitter:label1\" content=\"Scritto da\">\n\t<meta name=\"twitter:data1\" content=\"francesca\">\n\t<meta name=\"twitter:label2\" content=\"Tempo di lettura stimato\">\n\t<meta name=\"twitter:data2\" content=\"1 minuto\">\n<script type=\"application\/ld+json\" class=\"yoast-schema-graph\">{\"@context\":\"https:\/\/schema.org\",\"@graph\":[{\"@type\":\"WebSite\",\"@id\":\"https:\/\/www.pescafish.it\/new\/#website\",\"url\":\"https:\/\/www.pescafish.it\/new\/\",\"name\":\"Pesca Fish\",\"description\":\"Benvenuti sul nostro sito!\",\"potentialAction\":[{\"@type\":\"SearchAction\",\"target\":\"https:\/\/www.pescafish.it\/new\/?s={search_term_string}\",\"query-input\":\"required name=search_term_string\"}],\"inLanguage\":\"it-IT\"},{\"@type\":\"ImageObject\",\"@id\":\"https:\/\/www.pescafish.it\/new\/prodotto\/kore-quick-dry-shorts-olive-korda\/#primaryimage\",\"inLanguage\":\"it-IT\",\"url\":\"https:\/\/www.pescafish.it\/new\/wp-content\/uploads\/2021\/07\/korda-kore-quick-dry-shorts-olive.jpg\",\"width\":458,\"height\":458,\"caption\":\"Korda\"},{\"@type\":\"WebPage\",\"@id\":\"https:\/\/www.pescafish.it\/new\/prodotto\/kore-quick-dry-shorts-olive-korda\/#webpage\",\"url\":\"https:\/\/www.pescafish.it\/new\/prodotto\/kore-quick-dry-shorts-olive-korda\/\",\"name\":\"KORE Quick Dry Shorts Olive\\u00a0- Korda - Pesca Fish\",\"isPartOf\":{\"@id\":\"https:\/\/www.pescafish.it\/new\/#website\"},\"primaryImageOfPage\":{\"@id\":\"https:\/\/www.pescafish.it\/new\/prodotto\/kore-quick-dry-shorts-olive-korda\/#primaryimage\"},\"datePublished\":\"2021-07-15T09:10:32+00:00\",\"dateModified\":\"2022-07-06T19:33:50+00:00\",\"inLanguage\":\"it-IT\",\"potentialAction\":[{\"@type\":\"ReadAction\",\"target\":[\"https:\/\/www.pescafish.it\/new\/prodotto\/kore-quick-dry-shorts-olive-korda\/\"]}]}]}<\/script>\n<!-- \/ Yoast SEO plugin. -->","_links":{"self":[{"href":"https:\/\/www.pescafish.it\/new\/wp-json\/wp\/v2\/product\/70785"}],"collection":[{"href":"https:\/\/www.pescafish.it\/new\/wp-json\/wp\/v2\/product"}],"about":[{"href":"https:\/\/www.pescafish.it\/new\/wp-json\/wp\/v2\/types\/product"}],"replies":[{"embeddable":true,"href":"https:\/\/www.pescafish.it\/new\/wp-json\/wp\/v2\/comments?post=70785"}],"wp:featuredmedia":[{"embeddable":true,"href":"https:\/\/www.pescafish.it\/new\/wp-json\/wp\/v2\/media\/70796"}],"wp:attachment":[{"href":"https:\/\/www.pescafish.it\/new\/wp-json\/wp\/v2\/media?parent=70785"}],"wp:term":[{"taxonomy":"product_cat","embeddable":true,"href":"https:\/\/www.pescafish.it\/new\/wp-json\/wp\/v2\/product_cat?post=70785"},{"taxonomy":"product_tag","embeddable":true,"href":"https:\/\/www.pescafish.it\/new\/wp-json\/wp\/v2\/product_tag?post=70785"}],"curies":[{"name":"wp","href":"https:\/\/api.w.org\/{rel}","templated":true}]}}