{"id":6974,"date":"2015-12-01T11:37:27","date_gmt":"2015-12-01T10:37:27","guid":{"rendered":"http:\/\/www.pescafish.it\/new\/ancoretta-senza-ardiglione-serie-19-gamakatsu"},"modified":"2016-03-02T13:30:15","modified_gmt":"2016-03-02T12:30:15","slug":"ancoretta-senza-ardiglione-serie-19-gamakatsu","status":"publish","type":"product","link":"https:\/\/www.pescafish.it\/new\/prodotto\/ancoretta-senza-ardiglione-serie-19-gamakatsu\/","title":{"rendered":"Ancoretta senza ardiglione Serie 19 &#8211; Gamakatsu"},"content":{"rendered":"<p>Nuova<br \/>\nancoretta con punte senza ardiglione, idonea a soddisfare i regolamenti in<br \/>\nvigore in alcuni fiumi del nostro Paese. Al di l\u00e0 delle imposizioni legislative<br \/>\nlocali, la pesca con questo tipo di ancorette \u00e8 altamente sportiva. Da<br \/>\nmoltissimi anni i pescatori pi\u00f9 evoluti asportano l\u2019ardiglione comprimendolo<br \/>\ncon le punte di una pinza, ottenendo due vantaggi: la maggior penetrabilit\u00e0<br \/>\ndelle punte, che si traduce in un numero pi\u00f9 alto di catture, e la possibilit\u00e0<br \/>\ndi liberare i pesci senza recare loro alcun danno importante. Slamare il pesce<br \/>\nsenza toccarlo con le mani \u00e8 ancor pi\u00f9 facile quando si impiega l\u2019ancoretta<br \/>\nsenza ardiglione: basta prenderne il gambo o un braccio libero con la pinza e<br \/>\nruotare leggermente. Se avete dubbi circa la tenuta durante il combattimento, \u00e8<br \/>\nsegno che non ci avete mai provato. Fatelo, e cambierete punto<br \/>\ndi vista!<br \/>\n<span style=font-weight: bold;><\/p>\n<p>Disponibile nelle seguenti misure:<\/span><br \/><span style=font-weight: bold;>TR19006&nbsp; <\/span>Size 6<br \/><span style=font-weight: bold;>TR19008<\/span>&nbsp; Size 8<br \/><span style=font-weight: bold;>TR19010<\/span>&nbsp; Size 10 <\/p>\n<p><b>La confezione contine n\u00b05 pezzi.<\/b><\/p>\n","protected":false},"excerpt":{"rendered":"<p>Nuova ancoretta con punte senza ardiglione, idonea a soddisfare i regolamenti in vigore in alcuni fiumi del nostro Paese. Al di l\u00e0 delle imposizioni legislative locali, la pesca con questo tipo di ancorette \u00e8 altamente sportiva. Da moltissimi anni i pescatori pi\u00f9 evoluti asportano l\u2019ardiglione comprimendolo con le punte di una pinza, ottenendo due vantaggi: [&hellip;]<\/p>\n","protected":false},"featured_media":26163,"comment_status":"closed","ping_status":"closed","template":"","meta":[],"product_cat":[683],"product_tag":[],"yoast_head":"<!-- This site is optimized with the Yoast SEO plugin v15.3 - https:\/\/yoast.com\/wordpress\/plugins\/seo\/ -->\n<title>Ancoretta senza ardiglione Serie 19 - Gamakatsu - Pesca Fish<\/title>\n<meta name=\"robots\" content=\"index, follow, max-snippet:-1, max-image-preview:large, max-video-preview:-1\" \/>\n<link rel=\"canonical\" href=\"https:\/\/www.pescafish.it\/new\/prodotto\/ancoretta-senza-ardiglione-serie-19-gamakatsu\/\" \/>\n<meta property=\"og:locale\" content=\"it_IT\" \/>\n<meta property=\"og:type\" content=\"article\" \/>\n<meta property=\"og:title\" content=\"Ancoretta senza ardiglione Serie 19 - Gamakatsu - Pesca Fish\" \/>\n<meta property=\"og:description\" content=\"Nuova ancoretta con punte senza ardiglione, idonea a soddisfare i regolamenti in vigore in alcuni fiumi del nostro Paese. Al di l\u00e0 delle imposizioni legislative locali, la pesca con questo tipo di ancorette \u00e8 altamente sportiva. Da moltissimi anni i pescatori pi\u00f9 evoluti asportano l\u2019ardiglione comprimendolo con le punte di una pinza, ottenendo due vantaggi: [&hellip;]\" \/>\n<meta property=\"og:url\" content=\"https:\/\/www.pescafish.it\/new\/prodotto\/ancoretta-senza-ardiglione-serie-19-gamakatsu\/\" \/>\n<meta property=\"og:site_name\" content=\"Pesca Fish\" \/>\n<meta property=\"article:publisher\" content=\"https:\/\/www.facebook.com\/pescafishvr\/\" \/>\n<meta property=\"article:modified_time\" content=\"2016-03-02T12:30:15+00:00\" \/>\n<meta property=\"og:image\" content=\"https:\/\/www.pescafish.it\/new\/wp-content\/uploads\/2015\/12\/f2aaea9f3c8cc0e8125eaf73ef5029ef.jpg\" \/>\n\t<meta property=\"og:image:width\" content=\"160\" \/>\n\t<meta property=\"og:image:height\" content=\"120\" \/>\n<meta name=\"twitter:card\" content=\"summary_large_image\" \/>\n<meta name=\"twitter:label1\" content=\"Scritto da\">\n\t<meta name=\"twitter:data1\" content=\"francesca\">\n\t<meta name=\"twitter:label2\" content=\"Tempo di lettura stimato\">\n\t<meta name=\"twitter:data2\" content=\"1 minuto\">\n<script type=\"application\/ld+json\" class=\"yoast-schema-graph\">{\"@context\":\"https:\/\/schema.org\",\"@graph\":[{\"@type\":\"WebSite\",\"@id\":\"https:\/\/www.pescafish.it\/new\/#website\",\"url\":\"https:\/\/www.pescafish.it\/new\/\",\"name\":\"Pesca Fish\",\"description\":\"Benvenuti sul nostro sito!\",\"potentialAction\":[{\"@type\":\"SearchAction\",\"target\":\"https:\/\/www.pescafish.it\/new\/?s={search_term_string}\",\"query-input\":\"required name=search_term_string\"}],\"inLanguage\":\"it-IT\"},{\"@type\":\"ImageObject\",\"@id\":\"https:\/\/www.pescafish.it\/new\/prodotto\/ancoretta-senza-ardiglione-serie-19-gamakatsu\/#primaryimage\",\"inLanguage\":\"it-IT\",\"url\":\"https:\/\/www.pescafish.it\/new\/wp-content\/uploads\/2015\/12\/f2aaea9f3c8cc0e8125eaf73ef5029ef.jpg\",\"width\":160,\"height\":120},{\"@type\":\"WebPage\",\"@id\":\"https:\/\/www.pescafish.it\/new\/prodotto\/ancoretta-senza-ardiglione-serie-19-gamakatsu\/#webpage\",\"url\":\"https:\/\/www.pescafish.it\/new\/prodotto\/ancoretta-senza-ardiglione-serie-19-gamakatsu\/\",\"name\":\"Ancoretta senza ardiglione Serie 19 - Gamakatsu - Pesca Fish\",\"isPartOf\":{\"@id\":\"https:\/\/www.pescafish.it\/new\/#website\"},\"primaryImageOfPage\":{\"@id\":\"https:\/\/www.pescafish.it\/new\/prodotto\/ancoretta-senza-ardiglione-serie-19-gamakatsu\/#primaryimage\"},\"datePublished\":\"2015-12-01T10:37:27+00:00\",\"dateModified\":\"2016-03-02T12:30:15+00:00\",\"inLanguage\":\"it-IT\",\"potentialAction\":[{\"@type\":\"ReadAction\",\"target\":[\"https:\/\/www.pescafish.it\/new\/prodotto\/ancoretta-senza-ardiglione-serie-19-gamakatsu\/\"]}]}]}<\/script>\n<!-- \/ Yoast SEO plugin. -->","_links":{"self":[{"href":"https:\/\/www.pescafish.it\/new\/wp-json\/wp\/v2\/product\/6974"}],"collection":[{"href":"https:\/\/www.pescafish.it\/new\/wp-json\/wp\/v2\/product"}],"about":[{"href":"https:\/\/www.pescafish.it\/new\/wp-json\/wp\/v2\/types\/product"}],"replies":[{"embeddable":true,"href":"https:\/\/www.pescafish.it\/new\/wp-json\/wp\/v2\/comments?post=6974"}],"wp:featuredmedia":[{"embeddable":true,"href":"https:\/\/www.pescafish.it\/new\/wp-json\/wp\/v2\/media\/26163"}],"wp:attachment":[{"href":"https:\/\/www.pescafish.it\/new\/wp-json\/wp\/v2\/media?parent=6974"}],"wp:term":[{"taxonomy":"product_cat","embeddable":true,"href":"https:\/\/www.pescafish.it\/new\/wp-json\/wp\/v2\/product_cat?post=6974"},{"taxonomy":"product_tag","embeddable":true,"href":"https:\/\/www.pescafish.it\/new\/wp-json\/wp\/v2\/product_tag?post=6974"}],"curies":[{"name":"wp","href":"https:\/\/api.w.org\/{rel}","templated":true}]}}