{"id":65570,"date":"2021-01-22T10:40:07","date_gmt":"2021-01-22T09:40:07","guid":{"rendered":"https:\/\/www.pescafish.it\/new\/?post_type=product&#038;p=65570"},"modified":"2025-07-12T15:48:38","modified_gmt":"2025-07-12T13:48:38","slug":"power-feedz-boilies-starbaits","status":"publish","type":"product","link":"https:\/\/www.pescafish.it\/new\/prodotto\/power-feedz-boilies-starbaits\/","title":{"rendered":"Power Feedz Boilies &#8211; Starbaits"},"content":{"rendered":"<h2>Power Feedz Boilies<\/h2>\n<p>Formulate sulla stessa base delle FEEDZ,\u00a0\u00a0le POWER FEEDZ BOILIES hanno una parte aromatica e una parte attraente potenziata che si combina perfettamente con i semi utilizzati per la progettazione del mix.<span style=\"font-size: medium;\">\u00a0<span title=\"\">Troviamo tutte le qualit\u00e0 e le propriet\u00e0 delle &#8220;nature&#8221; FEEDZ.<\/span>\u00a0<span title=\"\">L&#8217;obiettivo \u00e8 perfezionare il tuo approccio completando la gamma FEEDZ poich\u00e9 queste esche contenenti un aroma sintetico e una maggiore quantit\u00e0 di attrattori generano una maggiore stimolazione e attrazione. Possono essere usate da sole ovviamente o in aggiunta alla gamma FEEDZ!<\/span><\/span><\/p>\n<p><strong>Disponibile nella seguenti varianti:<br \/>\nSB63945\u00a0<\/strong> Indian Hemp<br \/>\n<strong>SB63922\u00a0<\/strong> Fish &amp; Krill<br \/>\n<strong>SB79361<\/strong>\u00a0 Tigernut<\/p>\n<p><strong>Confezione da 1.8kg<\/strong><\/p>\n","protected":false},"excerpt":{"rendered":"<p>Power Feedz Boilies Formulate sulla stessa base delle FEEDZ,\u00a0\u00a0le POWER FEEDZ BOILIES hanno una parte aromatica e una parte attraente potenziata che si combina perfettamente con i semi utilizzati per la progettazione del mix.\u00a0Troviamo tutte le qualit\u00e0 e le propriet\u00e0 delle &#8220;nature&#8221; FEEDZ.\u00a0L&#8217;obiettivo \u00e8 perfezionare il tuo approccio completando la gamma FEEDZ poich\u00e9 queste esche [&hellip;]<\/p>\n","protected":false},"featured_media":65571,"comment_status":"closed","ping_status":"closed","template":"","meta":[],"product_cat":[826],"product_tag":[1034],"yoast_head":"<!-- This site is optimized with the Yoast SEO plugin v15.3 - https:\/\/yoast.com\/wordpress\/plugins\/seo\/ -->\n<title>Power Feedz Boilies - Starbaits - Pesca Fish<\/title>\n<meta name=\"robots\" content=\"index, follow, max-snippet:-1, max-image-preview:large, max-video-preview:-1\" \/>\n<link rel=\"canonical\" href=\"https:\/\/www.pescafish.it\/new\/prodotto\/power-feedz-boilies-starbaits\/\" \/>\n<meta property=\"og:locale\" content=\"it_IT\" \/>\n<meta property=\"og:type\" content=\"article\" \/>\n<meta property=\"og:title\" content=\"Power Feedz Boilies - Starbaits - Pesca Fish\" \/>\n<meta property=\"og:description\" content=\"Power Feedz Boilies Formulate sulla stessa base delle FEEDZ,\u00a0\u00a0le POWER FEEDZ BOILIES hanno una parte aromatica e una parte attraente potenziata che si combina perfettamente con i semi utilizzati per la progettazione del mix.\u00a0Troviamo tutte le qualit\u00e0 e le propriet\u00e0 delle &#8220;nature&#8221; FEEDZ.\u00a0L&#8217;obiettivo \u00e8 perfezionare il tuo approccio completando la gamma FEEDZ poich\u00e9 queste esche [&hellip;]\" \/>\n<meta property=\"og:url\" content=\"https:\/\/www.pescafish.it\/new\/prodotto\/power-feedz-boilies-starbaits\/\" \/>\n<meta property=\"og:site_name\" content=\"Pesca Fish\" \/>\n<meta property=\"article:publisher\" content=\"https:\/\/www.facebook.com\/pescafishvr\/\" \/>\n<meta property=\"article:modified_time\" content=\"2025-07-12T13:48:38+00:00\" \/>\n<meta property=\"og:image\" content=\"https:\/\/www.pescafish.it\/new\/wp-content\/uploads\/2021\/01\/ghg-scaled.jpg\" \/>\n\t<meta property=\"og:image:width\" content=\"2560\" \/>\n\t<meta property=\"og:image:height\" content=\"2267\" \/>\n<meta name=\"twitter:card\" content=\"summary_large_image\" \/>\n<meta name=\"twitter:label1\" content=\"Scritto da\">\n\t<meta name=\"twitter:data1\" content=\"francesca\">\n\t<meta name=\"twitter:label2\" content=\"Tempo di lettura stimato\">\n\t<meta name=\"twitter:data2\" content=\"0 minuti\">\n<script type=\"application\/ld+json\" class=\"yoast-schema-graph\">{\"@context\":\"https:\/\/schema.org\",\"@graph\":[{\"@type\":\"WebSite\",\"@id\":\"https:\/\/www.pescafish.it\/new\/#website\",\"url\":\"https:\/\/www.pescafish.it\/new\/\",\"name\":\"Pesca Fish\",\"description\":\"Benvenuti sul nostro sito!\",\"potentialAction\":[{\"@type\":\"SearchAction\",\"target\":\"https:\/\/www.pescafish.it\/new\/?s={search_term_string}\",\"query-input\":\"required name=search_term_string\"}],\"inLanguage\":\"it-IT\"},{\"@type\":\"ImageObject\",\"@id\":\"https:\/\/www.pescafish.it\/new\/prodotto\/power-feedz-boilies-starbaits\/#primaryimage\",\"inLanguage\":\"it-IT\",\"url\":\"https:\/\/www.pescafish.it\/new\/wp-content\/uploads\/2021\/01\/ghg-scaled.jpg\",\"width\":2560,\"height\":2267,\"caption\":\"Starbaits\"},{\"@type\":\"WebPage\",\"@id\":\"https:\/\/www.pescafish.it\/new\/prodotto\/power-feedz-boilies-starbaits\/#webpage\",\"url\":\"https:\/\/www.pescafish.it\/new\/prodotto\/power-feedz-boilies-starbaits\/\",\"name\":\"Power Feedz Boilies - Starbaits - Pesca Fish\",\"isPartOf\":{\"@id\":\"https:\/\/www.pescafish.it\/new\/#website\"},\"primaryImageOfPage\":{\"@id\":\"https:\/\/www.pescafish.it\/new\/prodotto\/power-feedz-boilies-starbaits\/#primaryimage\"},\"datePublished\":\"2021-01-22T09:40:07+00:00\",\"dateModified\":\"2025-07-12T13:48:38+00:00\",\"inLanguage\":\"it-IT\",\"potentialAction\":[{\"@type\":\"ReadAction\",\"target\":[\"https:\/\/www.pescafish.it\/new\/prodotto\/power-feedz-boilies-starbaits\/\"]}]}]}<\/script>\n<!-- \/ Yoast SEO plugin. -->","_links":{"self":[{"href":"https:\/\/www.pescafish.it\/new\/wp-json\/wp\/v2\/product\/65570"}],"collection":[{"href":"https:\/\/www.pescafish.it\/new\/wp-json\/wp\/v2\/product"}],"about":[{"href":"https:\/\/www.pescafish.it\/new\/wp-json\/wp\/v2\/types\/product"}],"replies":[{"embeddable":true,"href":"https:\/\/www.pescafish.it\/new\/wp-json\/wp\/v2\/comments?post=65570"}],"wp:featuredmedia":[{"embeddable":true,"href":"https:\/\/www.pescafish.it\/new\/wp-json\/wp\/v2\/media\/65571"}],"wp:attachment":[{"href":"https:\/\/www.pescafish.it\/new\/wp-json\/wp\/v2\/media?parent=65570"}],"wp:term":[{"taxonomy":"product_cat","embeddable":true,"href":"https:\/\/www.pescafish.it\/new\/wp-json\/wp\/v2\/product_cat?post=65570"},{"taxonomy":"product_tag","embeddable":true,"href":"https:\/\/www.pescafish.it\/new\/wp-json\/wp\/v2\/product_tag?post=65570"}],"curies":[{"name":"wp","href":"https:\/\/api.w.org\/{rel}","templated":true}]}}