{"id":65146,"date":"2021-01-16T15:37:30","date_gmt":"2021-01-16T14:37:30","guid":{"rendered":"https:\/\/www.pescafish.it\/new\/?post_type=product&#038;p=65146"},"modified":"2021-09-15T22:55:35","modified_gmt":"2021-09-15T20:55:35","slug":"density-distance-mono-prologic","status":"publish","type":"product","link":"https:\/\/www.pescafish.it\/new\/prodotto\/density-distance-mono-prologic\/","title":{"rendered":"Density Distance Mono &#8211; Prologic"},"content":{"rendered":"<h2>Density Distance Mono<\/h2>\n<p>Il monofilo ad alta visibilit\u00e0 Density Distance Mono di Prologic \u00e8 un filo in nylon dal veloce affondamento.<\/p>\n<p>Grazie a un particolare trattamento che lo rende morbido \u00e8 possibile lanciare a lunghe distanze senza molti sforzi perch\u00e8 l\u2019uscita dalla bobina risulta molto fluida e senza intoppi.<\/p>\n<p>Dotato di ottima resistenza all\u2019abrasione e robustezza.<\/p>\n<p><strong>Disponibile nei seguenti diametri:<\/strong><br \/>\n<strong>65032\u00a0<\/strong> 0.35mm<\/p>\n<p><strong>Confezione da 1000mt<\/strong><\/p>\n","protected":false},"excerpt":{"rendered":"<p>Density Distance Mono Il monofilo ad alta visibilit\u00e0 Density Distance Mono di Prologic \u00e8 un filo in nylon dal veloce affondamento. Grazie a un particolare trattamento che lo rende morbido \u00e8 possibile lanciare a lunghe distanze senza molti sforzi perch\u00e8 l\u2019uscita dalla bobina risulta molto fluida e senza intoppi. Dotato di ottima resistenza all\u2019abrasione e [&hellip;]<\/p>\n","protected":false},"featured_media":65147,"comment_status":"open","ping_status":"closed","template":"","meta":[],"product_cat":[711],"product_tag":[1040],"yoast_head":"<!-- This site is optimized with the Yoast SEO plugin v15.3 - https:\/\/yoast.com\/wordpress\/plugins\/seo\/ -->\n<title>Density Distance Mono - Prologic - Pesca Fish<\/title>\n<meta name=\"robots\" content=\"index, follow, max-snippet:-1, max-image-preview:large, max-video-preview:-1\" \/>\n<link rel=\"canonical\" href=\"https:\/\/www.pescafish.it\/new\/prodotto\/density-distance-mono-prologic\/\" \/>\n<meta property=\"og:locale\" content=\"it_IT\" \/>\n<meta property=\"og:type\" content=\"article\" \/>\n<meta property=\"og:title\" content=\"Density Distance Mono - Prologic - Pesca Fish\" \/>\n<meta property=\"og:description\" content=\"Density Distance Mono Il monofilo ad alta visibilit\u00e0 Density Distance Mono di Prologic \u00e8 un filo in nylon dal veloce affondamento. Grazie a un particolare trattamento che lo rende morbido \u00e8 possibile lanciare a lunghe distanze senza molti sforzi perch\u00e8 l\u2019uscita dalla bobina risulta molto fluida e senza intoppi. Dotato di ottima resistenza all\u2019abrasione e [&hellip;]\" \/>\n<meta property=\"og:url\" content=\"https:\/\/www.pescafish.it\/new\/prodotto\/density-distance-mono-prologic\/\" \/>\n<meta property=\"og:site_name\" content=\"Pesca Fish\" \/>\n<meta property=\"article:publisher\" content=\"https:\/\/www.facebook.com\/pescafishvr\/\" \/>\n<meta property=\"article:modified_time\" content=\"2021-09-15T20:55:35+00:00\" \/>\n<meta property=\"og:image\" content=\"https:\/\/www.pescafish.it\/new\/wp-content\/uploads\/2021\/01\/PROLOGIC-density-distance-mono-scaled-1.jpg\" \/>\n\t<meta property=\"og:image:width\" content=\"2560\" \/>\n\t<meta property=\"og:image:height\" content=\"2343\" \/>\n<meta name=\"twitter:card\" content=\"summary_large_image\" \/>\n<meta name=\"twitter:label1\" content=\"Scritto da\">\n\t<meta name=\"twitter:data1\" content=\"francesca\">\n\t<meta name=\"twitter:label2\" content=\"Tempo di lettura stimato\">\n\t<meta name=\"twitter:data2\" content=\"0 minuti\">\n<script type=\"application\/ld+json\" class=\"yoast-schema-graph\">{\"@context\":\"https:\/\/schema.org\",\"@graph\":[{\"@type\":\"WebSite\",\"@id\":\"https:\/\/www.pescafish.it\/new\/#website\",\"url\":\"https:\/\/www.pescafish.it\/new\/\",\"name\":\"Pesca Fish\",\"description\":\"Benvenuti sul nostro sito!\",\"potentialAction\":[{\"@type\":\"SearchAction\",\"target\":\"https:\/\/www.pescafish.it\/new\/?s={search_term_string}\",\"query-input\":\"required name=search_term_string\"}],\"inLanguage\":\"it-IT\"},{\"@type\":\"ImageObject\",\"@id\":\"https:\/\/www.pescafish.it\/new\/prodotto\/density-distance-mono-prologic\/#primaryimage\",\"inLanguage\":\"it-IT\",\"url\":\"https:\/\/www.pescafish.it\/new\/wp-content\/uploads\/2021\/01\/PROLOGIC-density-distance-mono-scaled-1.jpg\",\"width\":2560,\"height\":2343,\"caption\":\"Prologic\"},{\"@type\":\"WebPage\",\"@id\":\"https:\/\/www.pescafish.it\/new\/prodotto\/density-distance-mono-prologic\/#webpage\",\"url\":\"https:\/\/www.pescafish.it\/new\/prodotto\/density-distance-mono-prologic\/\",\"name\":\"Density Distance Mono - Prologic - Pesca Fish\",\"isPartOf\":{\"@id\":\"https:\/\/www.pescafish.it\/new\/#website\"},\"primaryImageOfPage\":{\"@id\":\"https:\/\/www.pescafish.it\/new\/prodotto\/density-distance-mono-prologic\/#primaryimage\"},\"datePublished\":\"2021-01-16T14:37:30+00:00\",\"dateModified\":\"2021-09-15T20:55:35+00:00\",\"inLanguage\":\"it-IT\",\"potentialAction\":[{\"@type\":\"ReadAction\",\"target\":[\"https:\/\/www.pescafish.it\/new\/prodotto\/density-distance-mono-prologic\/\"]}]}]}<\/script>\n<!-- \/ Yoast SEO plugin. -->","_links":{"self":[{"href":"https:\/\/www.pescafish.it\/new\/wp-json\/wp\/v2\/product\/65146"}],"collection":[{"href":"https:\/\/www.pescafish.it\/new\/wp-json\/wp\/v2\/product"}],"about":[{"href":"https:\/\/www.pescafish.it\/new\/wp-json\/wp\/v2\/types\/product"}],"replies":[{"embeddable":true,"href":"https:\/\/www.pescafish.it\/new\/wp-json\/wp\/v2\/comments?post=65146"}],"wp:featuredmedia":[{"embeddable":true,"href":"https:\/\/www.pescafish.it\/new\/wp-json\/wp\/v2\/media\/65147"}],"wp:attachment":[{"href":"https:\/\/www.pescafish.it\/new\/wp-json\/wp\/v2\/media?parent=65146"}],"wp:term":[{"taxonomy":"product_cat","embeddable":true,"href":"https:\/\/www.pescafish.it\/new\/wp-json\/wp\/v2\/product_cat?post=65146"},{"taxonomy":"product_tag","embeddable":true,"href":"https:\/\/www.pescafish.it\/new\/wp-json\/wp\/v2\/product_tag?post=65146"}],"curies":[{"name":"wp","href":"https:\/\/api.w.org\/{rel}","templated":true}]}}