{"id":64004,"date":"2020-12-02T08:44:41","date_gmt":"2020-12-02T07:44:41","guid":{"rendered":"https:\/\/www.pescafish.it\/new\/?post_type=product&#038;p=64004"},"modified":"2025-09-03T17:08:06","modified_gmt":"2025-09-03T15:08:06","slug":"kento-jig-3-8oz-big-hook-molix","status":"publish","type":"product","link":"https:\/\/www.pescafish.it\/new\/prodotto\/kento-jig-3-8oz-big-hook-molix\/","title":{"rendered":"Kento Jig 3\/8oz Big Hook &#8211; Molix"},"content":{"rendered":"<p>Versatile per flipping e pitching nella fitta vegetazione acquatica, o come swimming jig nella pesca su fondali rocciosi. La forma della testina facilita la penetrazione negli ostacoli pi\u00f9 intricati e un perfetto bilanciamento nel recupero costante (swimming jig). Il numero di fibre dell\u2019antialga \u00e8 calibrato sul peso dell\u2019esca per assicurare la funzione anti-incaglio senza compromettere la ferrata con l\u2019ottimo amo heavy wire. Lo skirt, in silicone di qualit\u00e0, \u00e8 costruito con il nuovo sistema LSS (Live Skirt System), che conferisce una maggiore vitalit\u00e0 e naturalezza dell\u2019esca.<\/p>\n<p><strong>Peso:<\/strong> 3\/8oz<\/p>\n<p><strong>Disponibile nelle seguenti colorazioni:<\/strong><br \/>\n<strong>KJ38BH-101\u00a0<\/strong> 101 &#8211; Black<br \/>\n<strong>KJ38BH-104<\/strong>\u00a0 104 &#8211; Black Blue<br \/>\n<strong>KJ38BH-126<\/strong>\u00a0 126 &#8211; Wild Craw<br \/>\n<strong>KJ38BH-127<\/strong>\u00a0 127 &#8211; Green Pumpkin Red Purple<br \/>\n<strong>KJ38BH-132<\/strong>\u00a0 132 &#8211; Fantastic Gill<br \/>\n<strong>KJ38BH-133\u00a0<\/strong> 133 &#8211; Blue Craw<br \/>\n<strong>KJ38BH-135<\/strong>\u00a0 135 &#8211; Green Pumpkin Special<br \/>\n<strong>KJ38BH-301<\/strong>\u00a0 301 &#8211; Black Blue Purple<br \/>\n<strong>KJ38BH-302<\/strong>\u00a0 302 &#8211; Green Pumpkin Flash<\/p>\n","protected":false},"excerpt":{"rendered":"<p>Versatile per flipping e pitching nella fitta vegetazione acquatica, o come swimming jig nella pesca su fondali rocciosi. La forma della testina facilita la penetrazione negli ostacoli pi\u00f9 intricati e un perfetto bilanciamento nel recupero costante (swimming jig). Il numero di fibre dell\u2019antialga \u00e8 calibrato sul peso dell\u2019esca per assicurare la funzione anti-incaglio senza compromettere [&hellip;]<\/p>\n","protected":false},"featured_media":64007,"comment_status":"closed","ping_status":"closed","template":"","meta":[],"product_cat":[132],"product_tag":[1025],"yoast_head":"<!-- This site is optimized with the Yoast SEO plugin v15.3 - https:\/\/yoast.com\/wordpress\/plugins\/seo\/ -->\n<title>Kento Jig 3\/8oz Big Hook - Molix - Pesca Fish<\/title>\n<meta name=\"robots\" content=\"index, follow, max-snippet:-1, max-image-preview:large, max-video-preview:-1\" \/>\n<link rel=\"canonical\" href=\"https:\/\/www.pescafish.it\/new\/prodotto\/kento-jig-3-8oz-big-hook-molix\/\" \/>\n<meta property=\"og:locale\" content=\"it_IT\" \/>\n<meta property=\"og:type\" content=\"article\" \/>\n<meta property=\"og:title\" content=\"Kento Jig 3\/8oz Big Hook - Molix - Pesca Fish\" \/>\n<meta property=\"og:description\" content=\"Versatile per flipping e pitching nella fitta vegetazione acquatica, o come swimming jig nella pesca su fondali rocciosi. La forma della testina facilita la penetrazione negli ostacoli pi\u00f9 intricati e un perfetto bilanciamento nel recupero costante (swimming jig). Il numero di fibre dell\u2019antialga \u00e8 calibrato sul peso dell\u2019esca per assicurare la funzione anti-incaglio senza compromettere [&hellip;]\" \/>\n<meta property=\"og:url\" content=\"https:\/\/www.pescafish.it\/new\/prodotto\/kento-jig-3-8oz-big-hook-molix\/\" \/>\n<meta property=\"og:site_name\" content=\"Pesca Fish\" \/>\n<meta property=\"article:publisher\" content=\"https:\/\/www.facebook.com\/pescafishvr\/\" \/>\n<meta property=\"article:modified_time\" content=\"2025-09-03T15:08:06+00:00\" \/>\n<meta property=\"og:image\" content=\"https:\/\/www.pescafish.it\/new\/wp-content\/uploads\/2020\/12\/kento-jig_126.jpg\" \/>\n\t<meta property=\"og:image:width\" content=\"1000\" \/>\n\t<meta property=\"og:image:height\" content=\"918\" \/>\n<meta name=\"twitter:card\" content=\"summary_large_image\" \/>\n<meta name=\"twitter:label1\" content=\"Scritto da\">\n\t<meta name=\"twitter:data1\" content=\"francesca\">\n\t<meta name=\"twitter:label2\" content=\"Tempo di lettura stimato\">\n\t<meta name=\"twitter:data2\" content=\"1 minuto\">\n<script type=\"application\/ld+json\" class=\"yoast-schema-graph\">{\"@context\":\"https:\/\/schema.org\",\"@graph\":[{\"@type\":\"WebSite\",\"@id\":\"https:\/\/www.pescafish.it\/new\/#website\",\"url\":\"https:\/\/www.pescafish.it\/new\/\",\"name\":\"Pesca Fish\",\"description\":\"Benvenuti sul nostro sito!\",\"potentialAction\":[{\"@type\":\"SearchAction\",\"target\":\"https:\/\/www.pescafish.it\/new\/?s={search_term_string}\",\"query-input\":\"required name=search_term_string\"}],\"inLanguage\":\"it-IT\"},{\"@type\":\"ImageObject\",\"@id\":\"https:\/\/www.pescafish.it\/new\/prodotto\/kento-jig-3-8oz-big-hook-molix\/#primaryimage\",\"inLanguage\":\"it-IT\",\"url\":\"https:\/\/www.pescafish.it\/new\/wp-content\/uploads\/2020\/12\/kento-jig_126.jpg\",\"width\":1000,\"height\":918,\"caption\":\"kento jig molix\"},{\"@type\":\"WebPage\",\"@id\":\"https:\/\/www.pescafish.it\/new\/prodotto\/kento-jig-3-8oz-big-hook-molix\/#webpage\",\"url\":\"https:\/\/www.pescafish.it\/new\/prodotto\/kento-jig-3-8oz-big-hook-molix\/\",\"name\":\"Kento Jig 3\/8oz Big Hook - Molix - Pesca Fish\",\"isPartOf\":{\"@id\":\"https:\/\/www.pescafish.it\/new\/#website\"},\"primaryImageOfPage\":{\"@id\":\"https:\/\/www.pescafish.it\/new\/prodotto\/kento-jig-3-8oz-big-hook-molix\/#primaryimage\"},\"datePublished\":\"2020-12-02T07:44:41+00:00\",\"dateModified\":\"2025-09-03T15:08:06+00:00\",\"inLanguage\":\"it-IT\",\"potentialAction\":[{\"@type\":\"ReadAction\",\"target\":[\"https:\/\/www.pescafish.it\/new\/prodotto\/kento-jig-3-8oz-big-hook-molix\/\"]}]}]}<\/script>\n<!-- \/ Yoast SEO plugin. -->","_links":{"self":[{"href":"https:\/\/www.pescafish.it\/new\/wp-json\/wp\/v2\/product\/64004"}],"collection":[{"href":"https:\/\/www.pescafish.it\/new\/wp-json\/wp\/v2\/product"}],"about":[{"href":"https:\/\/www.pescafish.it\/new\/wp-json\/wp\/v2\/types\/product"}],"replies":[{"embeddable":true,"href":"https:\/\/www.pescafish.it\/new\/wp-json\/wp\/v2\/comments?post=64004"}],"wp:featuredmedia":[{"embeddable":true,"href":"https:\/\/www.pescafish.it\/new\/wp-json\/wp\/v2\/media\/64007"}],"wp:attachment":[{"href":"https:\/\/www.pescafish.it\/new\/wp-json\/wp\/v2\/media?parent=64004"}],"wp:term":[{"taxonomy":"product_cat","embeddable":true,"href":"https:\/\/www.pescafish.it\/new\/wp-json\/wp\/v2\/product_cat?post=64004"},{"taxonomy":"product_tag","embeddable":true,"href":"https:\/\/www.pescafish.it\/new\/wp-json\/wp\/v2\/product_tag?post=64004"}],"curies":[{"name":"wp","href":"https:\/\/api.w.org\/{rel}","templated":true}]}}