{"id":62607,"date":"2020-10-10T09:17:02","date_gmt":"2020-10-10T07:17:02","guid":{"rendered":"https:\/\/www.pescafish.it\/new\/?post_type=product&#038;p=62607"},"modified":"2021-01-13T16:29:34","modified_gmt":"2021-01-13T15:29:34","slug":"kairiki-4-hi-vis-orange-150m-shimano","status":"publish","type":"product","link":"https:\/\/www.pescafish.it\/new\/prodotto\/kairiki-4-hi-vis-orange-150m-shimano\/","title":{"rendered":"Kairiki 4 Hi-Vis Orange 150m \u2013 Shimano"},"content":{"rendered":"<h2>Kairiki 4 Hi-Vis Orange 150m Shimano<\/h2>\n<p>Il nuovo Shimano Kairiki 4 \u00e8 un nuovo trecciato 4 Capi, prodotto in Japan, con metodo \u201cVT construction\u201d. E\u2019 un PE molto liscio e resistente, che permette di raggiungere distanze importanti. E\u2019 disponibili nei diametri dallo 0.06mm allo 0.315mm che presenta un carico di rottura di ben 29.8kg. Ha le propriet\u00e0 perfette per lo spinning sia in acqua dolce che salata poich\u00e9 \u00e8 altamente sensibile e molto regolare, il che si traduce anche in una riduzione del rumore. Inoltre ci saranno due colori extra disponibili accanto a Mantis Green e Steel Grey, vale a dire un arancione altamente visibile e multi color . Il Multi Color \u00e8 particolarmente interessante per la pesca a profondit\u00e0 maggiori. Grazie alla scorrevolezza e al basso diametro, Kairiki 4 \u00e8 ottimo per il jigging poich\u00e9 offre poca resistenza all\u2019acqua e avendo un allungamento ridotto &lt;3.0%, ci permette di essere sempre pronti in fase di ferrata.<\/p>\n<p><strong>Disponibili nei seguenti diametri:<br \/>\nLDM54TE0606015H\u00a0<\/strong> \u00d8 0,06mm \u2013 4,4kg<strong><br \/>\nLDM54TE0810015H\u00a0 <\/strong>\u00d8 0,10mm \u2013 6.8kg<strong><br \/>\nLDM54TE1013015H\u00a0 <\/strong>\u00d8 0,13mm \u2013 7,4kg<strong><br \/>\nLDM54TE1516015H\u00a0 <\/strong>\u00d8 0,16mm \u2013 8,1kg<strong><br \/>\nLDM54TE1819015H <\/strong>\u00d8 0,19mm \u2013 11,6kg<br \/>\n<strong>LDM54TE2521515H\u00a0<\/strong> \u00d8 0,215mm \u2013 16,7kg<br \/>\n<strong>LDM54TE3023015H\u00a0<\/strong> \u00d8 0,23mm \u2013 18,6kg<br \/>\n<strong>LDM54TE5031515H\u00a0<\/strong> \u00d8 0,315mm \u2013 29,9kg<\/p>\n<p><strong>Bobina da 150 metri<\/strong><\/p>\n","protected":false},"excerpt":{"rendered":"<p>Kairiki 4 Hi-Vis Orange 150m Shimano Il nuovo Shimano Kairiki 4 \u00e8 un nuovo trecciato 4 Capi, prodotto in Japan, con metodo \u201cVT construction\u201d. E\u2019 un PE molto liscio e resistente, che permette di raggiungere distanze importanti. E\u2019 disponibili nei diametri dallo 0.06mm allo 0.315mm che presenta un carico di rottura di ben 29.8kg. Ha [&hellip;]<\/p>\n","protected":false},"featured_media":62608,"comment_status":"open","ping_status":"closed","template":"","meta":[],"product_cat":[926],"product_tag":[1023],"yoast_head":"<!-- This site is optimized with the Yoast SEO plugin v15.3 - https:\/\/yoast.com\/wordpress\/plugins\/seo\/ -->\n<title>Kairiki 4 Hi-Vis Orange 150m \u2013 Shimano - Pesca Fish<\/title>\n<meta name=\"description\" content=\"Kairiki 4 Hi-Vis Orange 150m \u2013 Shimano | Per informazioni scriveteci a info@pescafish.it oppure contattateci allo 045\/6100748\" \/>\n<meta name=\"robots\" content=\"index, follow, max-snippet:-1, max-image-preview:large, max-video-preview:-1\" \/>\n<link rel=\"canonical\" href=\"https:\/\/www.pescafish.it\/new\/prodotto\/kairiki-4-hi-vis-orange-150m-shimano\/\" \/>\n<meta property=\"og:locale\" content=\"it_IT\" \/>\n<meta property=\"og:type\" content=\"article\" \/>\n<meta property=\"og:title\" content=\"Kairiki 4 Hi-Vis Orange 150m \u2013 Shimano - Pesca Fish\" \/>\n<meta property=\"og:description\" content=\"Kairiki 4 Hi-Vis Orange 150m \u2013 Shimano | Per informazioni scriveteci a info@pescafish.it oppure contattateci allo 045\/6100748\" \/>\n<meta property=\"og:url\" content=\"https:\/\/www.pescafish.it\/new\/prodotto\/kairiki-4-hi-vis-orange-150m-shimano\/\" \/>\n<meta property=\"og:site_name\" content=\"Pesca Fish\" \/>\n<meta property=\"article:publisher\" content=\"https:\/\/www.facebook.com\/pescafishvr\/\" \/>\n<meta property=\"article:modified_time\" content=\"2021-01-13T15:29:34+00:00\" \/>\n<meta property=\"og:image\" content=\"https:\/\/www.pescafish.it\/new\/wp-content\/uploads\/2020\/10\/KAIRIKI-4-SHIMANO-1.jpg\" \/>\n\t<meta property=\"og:image:width\" content=\"1000\" \/>\n\t<meta property=\"og:image:height\" content=\"939\" \/>\n<meta name=\"twitter:card\" content=\"summary_large_image\" \/>\n<meta name=\"twitter:label1\" content=\"Scritto da\">\n\t<meta name=\"twitter:data1\" content=\"francesca\">\n\t<meta name=\"twitter:label2\" content=\"Tempo di lettura stimato\">\n\t<meta name=\"twitter:data2\" content=\"1 minuto\">\n<script type=\"application\/ld+json\" class=\"yoast-schema-graph\">{\"@context\":\"https:\/\/schema.org\",\"@graph\":[{\"@type\":\"WebSite\",\"@id\":\"https:\/\/www.pescafish.it\/new\/#website\",\"url\":\"https:\/\/www.pescafish.it\/new\/\",\"name\":\"Pesca Fish\",\"description\":\"Benvenuti sul nostro sito!\",\"potentialAction\":[{\"@type\":\"SearchAction\",\"target\":\"https:\/\/www.pescafish.it\/new\/?s={search_term_string}\",\"query-input\":\"required name=search_term_string\"}],\"inLanguage\":\"it-IT\"},{\"@type\":\"ImageObject\",\"@id\":\"https:\/\/www.pescafish.it\/new\/prodotto\/kairiki-4-hi-vis-orange-150m-shimano\/#primaryimage\",\"inLanguage\":\"it-IT\",\"url\":\"https:\/\/www.pescafish.it\/new\/wp-content\/uploads\/2020\/10\/KAIRIKI-4-SHIMANO-1.jpg\",\"width\":1000,\"height\":939,\"caption\":\"Kairiki 4 Hi-Vis Orange 300m Shimano\"},{\"@type\":\"WebPage\",\"@id\":\"https:\/\/www.pescafish.it\/new\/prodotto\/kairiki-4-hi-vis-orange-150m-shimano\/#webpage\",\"url\":\"https:\/\/www.pescafish.it\/new\/prodotto\/kairiki-4-hi-vis-orange-150m-shimano\/\",\"name\":\"Kairiki 4 Hi-Vis Orange 150m \\u2013 Shimano - Pesca Fish\",\"isPartOf\":{\"@id\":\"https:\/\/www.pescafish.it\/new\/#website\"},\"primaryImageOfPage\":{\"@id\":\"https:\/\/www.pescafish.it\/new\/prodotto\/kairiki-4-hi-vis-orange-150m-shimano\/#primaryimage\"},\"datePublished\":\"2020-10-10T07:17:02+00:00\",\"dateModified\":\"2021-01-13T15:29:34+00:00\",\"description\":\"Kairiki 4 Hi-Vis Orange 150m \\u2013 Shimano | Per informazioni scriveteci a info@pescafish.it oppure contattateci allo 045\/6100748\",\"inLanguage\":\"it-IT\",\"potentialAction\":[{\"@type\":\"ReadAction\",\"target\":[\"https:\/\/www.pescafish.it\/new\/prodotto\/kairiki-4-hi-vis-orange-150m-shimano\/\"]}]}]}<\/script>\n<!-- \/ Yoast SEO plugin. -->","_links":{"self":[{"href":"https:\/\/www.pescafish.it\/new\/wp-json\/wp\/v2\/product\/62607"}],"collection":[{"href":"https:\/\/www.pescafish.it\/new\/wp-json\/wp\/v2\/product"}],"about":[{"href":"https:\/\/www.pescafish.it\/new\/wp-json\/wp\/v2\/types\/product"}],"replies":[{"embeddable":true,"href":"https:\/\/www.pescafish.it\/new\/wp-json\/wp\/v2\/comments?post=62607"}],"wp:featuredmedia":[{"embeddable":true,"href":"https:\/\/www.pescafish.it\/new\/wp-json\/wp\/v2\/media\/62608"}],"wp:attachment":[{"href":"https:\/\/www.pescafish.it\/new\/wp-json\/wp\/v2\/media?parent=62607"}],"wp:term":[{"taxonomy":"product_cat","embeddable":true,"href":"https:\/\/www.pescafish.it\/new\/wp-json\/wp\/v2\/product_cat?post=62607"},{"taxonomy":"product_tag","embeddable":true,"href":"https:\/\/www.pescafish.it\/new\/wp-json\/wp\/v2\/product_tag?post=62607"}],"curies":[{"name":"wp","href":"https:\/\/api.w.org\/{rel}","templated":true}]}}