{"id":62579,"date":"2020-10-09T18:13:25","date_gmt":"2020-10-09T16:13:25","guid":{"rendered":"https:\/\/www.pescafish.it\/new\/?post_type=product&#038;p=62579"},"modified":"2023-04-22T18:52:18","modified_gmt":"2023-04-22T16:52:18","slug":"micro-ring-swivel-bait-screw-medium-korda","status":"publish","type":"product","link":"https:\/\/www.pescafish.it\/new\/prodotto\/micro-ring-swivel-bait-screw-medium-korda\/","title":{"rendered":"Micro Ring Swivel Bait Screw Medium &#8211; Korda"},"content":{"rendered":"<h2>Micro Ring Swivel Bait Screw Medium<\/h2>\n<p>Basta spingere la punta della vite nell&#8217;esca e ruotarla in senso orario mantenendo la pressione fino a quando la base della vite non entra in contatto con l&#8217;esca.<\/p>\n<p>Un serraggio eccessivo rischier\u00e0 che l&#8217;esca si sgretoli e si stacchi dalla vite. Il rivestimento in PTFE (politetrafluoroetilene) \u00e8 un polimero sintetico che ha uno dei pi\u00f9 bassi coefficienti di attrito di qualsiasi solido.<\/p>\n<p>Questo lo rende il rivestimento perfetto per le nostre girelle in quanto riduce l&#8217;attrito tra il corpo e l&#8217;occhiello della girella, consentendo loro di ruotare liberamente, riducendo i grovigli.<\/p>\n<p><strong>Confezione da 5 pezzi.<\/strong><\/p>\n","protected":false},"excerpt":{"rendered":"<p>Micro Ring Swivel Bait Screw Medium Basta spingere la punta della vite nell&#8217;esca e ruotarla in senso orario mantenendo la pressione fino a quando la base della vite non entra in contatto con l&#8217;esca. Un serraggio eccessivo rischier\u00e0 che l&#8217;esca si sgretoli e si stacchi dalla vite. Il rivestimento in PTFE (politetrafluoroetilene) \u00e8 un polimero [&hellip;]<\/p>\n","protected":false},"featured_media":62580,"comment_status":"closed","ping_status":"closed","template":"","meta":[],"product_cat":[587],"product_tag":[1018],"yoast_head":"<!-- This site is optimized with the Yoast SEO plugin v15.3 - https:\/\/yoast.com\/wordpress\/plugins\/seo\/ -->\n<title>Micro Ring Swivel Bait Screw Medium - Korda - Pesca Fish<\/title>\n<meta name=\"robots\" content=\"index, follow, max-snippet:-1, max-image-preview:large, max-video-preview:-1\" \/>\n<link rel=\"canonical\" href=\"https:\/\/www.pescafish.it\/new\/prodotto\/micro-ring-swivel-bait-screw-medium-korda\/\" \/>\n<meta property=\"og:locale\" content=\"it_IT\" \/>\n<meta property=\"og:type\" content=\"article\" \/>\n<meta property=\"og:title\" content=\"Micro Ring Swivel Bait Screw Medium - Korda - Pesca Fish\" \/>\n<meta property=\"og:description\" content=\"Micro Ring Swivel Bait Screw Medium Basta spingere la punta della vite nell&#8217;esca e ruotarla in senso orario mantenendo la pressione fino a quando la base della vite non entra in contatto con l&#8217;esca. Un serraggio eccessivo rischier\u00e0 che l&#8217;esca si sgretoli e si stacchi dalla vite. Il rivestimento in PTFE (politetrafluoroetilene) \u00e8 un polimero [&hellip;]\" \/>\n<meta property=\"og:url\" content=\"https:\/\/www.pescafish.it\/new\/prodotto\/micro-ring-swivel-bait-screw-medium-korda\/\" \/>\n<meta property=\"og:site_name\" content=\"Pesca Fish\" \/>\n<meta property=\"article:publisher\" content=\"https:\/\/www.facebook.com\/pescafishvr\/\" \/>\n<meta property=\"article:modified_time\" content=\"2023-04-22T16:52:18+00:00\" \/>\n<meta property=\"og:image\" content=\"https:\/\/www.pescafish.it\/new\/wp-content\/uploads\/2020\/10\/Micro-Ring-Swivel-Bait-Screw-Medium.jpg\" \/>\n\t<meta property=\"og:image:width\" content=\"458\" \/>\n\t<meta property=\"og:image:height\" content=\"343\" \/>\n<meta name=\"twitter:card\" content=\"summary_large_image\" \/>\n<meta name=\"twitter:label1\" content=\"Scritto da\">\n\t<meta name=\"twitter:data1\" content=\"francesca\">\n\t<meta name=\"twitter:label2\" content=\"Tempo di lettura stimato\">\n\t<meta name=\"twitter:data2\" content=\"0 minuti\">\n<script type=\"application\/ld+json\" class=\"yoast-schema-graph\">{\"@context\":\"https:\/\/schema.org\",\"@graph\":[{\"@type\":\"WebSite\",\"@id\":\"https:\/\/www.pescafish.it\/new\/#website\",\"url\":\"https:\/\/www.pescafish.it\/new\/\",\"name\":\"Pesca Fish\",\"description\":\"Benvenuti sul nostro sito!\",\"potentialAction\":[{\"@type\":\"SearchAction\",\"target\":\"https:\/\/www.pescafish.it\/new\/?s={search_term_string}\",\"query-input\":\"required name=search_term_string\"}],\"inLanguage\":\"it-IT\"},{\"@type\":\"ImageObject\",\"@id\":\"https:\/\/www.pescafish.it\/new\/prodotto\/micro-ring-swivel-bait-screw-medium-korda\/#primaryimage\",\"inLanguage\":\"it-IT\",\"url\":\"https:\/\/www.pescafish.it\/new\/wp-content\/uploads\/2020\/10\/Micro-Ring-Swivel-Bait-Screw-Medium.jpg\",\"width\":458,\"height\":343,\"caption\":\"Korda\"},{\"@type\":\"WebPage\",\"@id\":\"https:\/\/www.pescafish.it\/new\/prodotto\/micro-ring-swivel-bait-screw-medium-korda\/#webpage\",\"url\":\"https:\/\/www.pescafish.it\/new\/prodotto\/micro-ring-swivel-bait-screw-medium-korda\/\",\"name\":\"Micro Ring Swivel Bait Screw Medium - Korda - Pesca Fish\",\"isPartOf\":{\"@id\":\"https:\/\/www.pescafish.it\/new\/#website\"},\"primaryImageOfPage\":{\"@id\":\"https:\/\/www.pescafish.it\/new\/prodotto\/micro-ring-swivel-bait-screw-medium-korda\/#primaryimage\"},\"datePublished\":\"2020-10-09T16:13:25+00:00\",\"dateModified\":\"2023-04-22T16:52:18+00:00\",\"inLanguage\":\"it-IT\",\"potentialAction\":[{\"@type\":\"ReadAction\",\"target\":[\"https:\/\/www.pescafish.it\/new\/prodotto\/micro-ring-swivel-bait-screw-medium-korda\/\"]}]}]}<\/script>\n<!-- \/ Yoast SEO plugin. -->","_links":{"self":[{"href":"https:\/\/www.pescafish.it\/new\/wp-json\/wp\/v2\/product\/62579"}],"collection":[{"href":"https:\/\/www.pescafish.it\/new\/wp-json\/wp\/v2\/product"}],"about":[{"href":"https:\/\/www.pescafish.it\/new\/wp-json\/wp\/v2\/types\/product"}],"replies":[{"embeddable":true,"href":"https:\/\/www.pescafish.it\/new\/wp-json\/wp\/v2\/comments?post=62579"}],"wp:featuredmedia":[{"embeddable":true,"href":"https:\/\/www.pescafish.it\/new\/wp-json\/wp\/v2\/media\/62580"}],"wp:attachment":[{"href":"https:\/\/www.pescafish.it\/new\/wp-json\/wp\/v2\/media?parent=62579"}],"wp:term":[{"taxonomy":"product_cat","embeddable":true,"href":"https:\/\/www.pescafish.it\/new\/wp-json\/wp\/v2\/product_cat?post=62579"},{"taxonomy":"product_tag","embeddable":true,"href":"https:\/\/www.pescafish.it\/new\/wp-json\/wp\/v2\/product_tag?post=62579"}],"curies":[{"name":"wp","href":"https:\/\/api.w.org\/{rel}","templated":true}]}}