{"id":62107,"date":"2020-09-24T10:51:55","date_gmt":"2020-09-24T08:51:55","guid":{"rendered":"https:\/\/www.pescafish.it\/new\/?post_type=product&#038;p=62107"},"modified":"2024-04-01T06:15:45","modified_gmt":"2024-04-01T04:15:45","slug":"the-floss-ridgemonkey","status":"publish","type":"product","link":"https:\/\/www.pescafish.it\/new\/prodotto\/the-floss-ridgemonkey\/","title":{"rendered":"The Floss &#8211; RidgeMonkey"},"content":{"rendered":"<h2>Bait Floss<\/h2>\n<p>Il\u00a0Filo Ridgemonkey Waxed Bait FLOSS 50mt\u00a0\u00e8 progettato per legare le esche, eliminando la necessit\u00e0 di perforare l&#8217;esca.<\/p>\n<p>Questo \u00e8 il partner perfetto per aiutare le pop up a\u00a0mantenere la loro galleggiabilit\u00e0!<\/p>\n<p><strong>Bobina da 50m.<\/strong><\/p>\n","protected":false},"excerpt":{"rendered":"<p>Bait Floss Il\u00a0Filo Ridgemonkey Waxed Bait FLOSS 50mt\u00a0\u00e8 progettato per legare le esche, eliminando la necessit\u00e0 di perforare l&#8217;esca. Questo \u00e8 il partner perfetto per aiutare le pop up a\u00a0mantenere la loro galleggiabilit\u00e0! Bobina da 50m.<\/p>\n","protected":false},"featured_media":62108,"comment_status":"open","ping_status":"closed","template":"","meta":[],"product_cat":[1103],"product_tag":[1101],"yoast_head":"<!-- This site is optimized with the Yoast SEO plugin v15.3 - https:\/\/yoast.com\/wordpress\/plugins\/seo\/ -->\n<title>The Floss - RidgeMonkey - Pesca Fish<\/title>\n<meta name=\"robots\" content=\"index, follow, max-snippet:-1, max-image-preview:large, max-video-preview:-1\" \/>\n<link rel=\"canonical\" href=\"https:\/\/www.pescafish.it\/new\/prodotto\/the-floss-ridgemonkey\/\" \/>\n<meta property=\"og:locale\" content=\"it_IT\" \/>\n<meta property=\"og:type\" content=\"article\" \/>\n<meta property=\"og:title\" content=\"The Floss - RidgeMonkey - Pesca Fish\" \/>\n<meta property=\"og:description\" content=\"Bait Floss Il\u00a0Filo Ridgemonkey Waxed Bait FLOSS 50mt\u00a0\u00e8 progettato per legare le esche, eliminando la necessit\u00e0 di perforare l&#8217;esca. Questo \u00e8 il partner perfetto per aiutare le pop up a\u00a0mantenere la loro galleggiabilit\u00e0! Bobina da 50m.\" \/>\n<meta property=\"og:url\" content=\"https:\/\/www.pescafish.it\/new\/prodotto\/the-floss-ridgemonkey\/\" \/>\n<meta property=\"og:site_name\" content=\"Pesca Fish\" \/>\n<meta property=\"article:publisher\" content=\"https:\/\/www.facebook.com\/pescafishvr\/\" \/>\n<meta property=\"article:modified_time\" content=\"2024-04-01T04:15:45+00:00\" \/>\n<meta property=\"og:image\" content=\"https:\/\/www.pescafish.it\/new\/wp-content\/uploads\/2020\/09\/waked_braid_rmk.jpg\" \/>\n\t<meta property=\"og:image:width\" content=\"464\" \/>\n\t<meta property=\"og:image:height\" content=\"464\" \/>\n<meta name=\"twitter:card\" content=\"summary_large_image\" \/>\n<meta name=\"twitter:label1\" content=\"Scritto da\">\n\t<meta name=\"twitter:data1\" content=\"francesca\">\n\t<meta name=\"twitter:label2\" content=\"Tempo di lettura stimato\">\n\t<meta name=\"twitter:data2\" content=\"0 minuti\">\n<script type=\"application\/ld+json\" class=\"yoast-schema-graph\">{\"@context\":\"https:\/\/schema.org\",\"@graph\":[{\"@type\":\"WebSite\",\"@id\":\"https:\/\/www.pescafish.it\/new\/#website\",\"url\":\"https:\/\/www.pescafish.it\/new\/\",\"name\":\"Pesca Fish\",\"description\":\"Benvenuti sul nostro sito!\",\"potentialAction\":[{\"@type\":\"SearchAction\",\"target\":\"https:\/\/www.pescafish.it\/new\/?s={search_term_string}\",\"query-input\":\"required name=search_term_string\"}],\"inLanguage\":\"it-IT\"},{\"@type\":\"ImageObject\",\"@id\":\"https:\/\/www.pescafish.it\/new\/prodotto\/the-floss-ridgemonkey\/#primaryimage\",\"inLanguage\":\"it-IT\",\"url\":\"https:\/\/www.pescafish.it\/new\/wp-content\/uploads\/2020\/09\/waked_braid_rmk.jpg\",\"width\":464,\"height\":464,\"caption\":\"RidgeMonkey\"},{\"@type\":\"WebPage\",\"@id\":\"https:\/\/www.pescafish.it\/new\/prodotto\/the-floss-ridgemonkey\/#webpage\",\"url\":\"https:\/\/www.pescafish.it\/new\/prodotto\/the-floss-ridgemonkey\/\",\"name\":\"The Floss - RidgeMonkey - Pesca Fish\",\"isPartOf\":{\"@id\":\"https:\/\/www.pescafish.it\/new\/#website\"},\"primaryImageOfPage\":{\"@id\":\"https:\/\/www.pescafish.it\/new\/prodotto\/the-floss-ridgemonkey\/#primaryimage\"},\"datePublished\":\"2020-09-24T08:51:55+00:00\",\"dateModified\":\"2024-04-01T04:15:45+00:00\",\"inLanguage\":\"it-IT\",\"potentialAction\":[{\"@type\":\"ReadAction\",\"target\":[\"https:\/\/www.pescafish.it\/new\/prodotto\/the-floss-ridgemonkey\/\"]}]}]}<\/script>\n<!-- \/ Yoast SEO plugin. -->","_links":{"self":[{"href":"https:\/\/www.pescafish.it\/new\/wp-json\/wp\/v2\/product\/62107"}],"collection":[{"href":"https:\/\/www.pescafish.it\/new\/wp-json\/wp\/v2\/product"}],"about":[{"href":"https:\/\/www.pescafish.it\/new\/wp-json\/wp\/v2\/types\/product"}],"replies":[{"embeddable":true,"href":"https:\/\/www.pescafish.it\/new\/wp-json\/wp\/v2\/comments?post=62107"}],"wp:featuredmedia":[{"embeddable":true,"href":"https:\/\/www.pescafish.it\/new\/wp-json\/wp\/v2\/media\/62108"}],"wp:attachment":[{"href":"https:\/\/www.pescafish.it\/new\/wp-json\/wp\/v2\/media?parent=62107"}],"wp:term":[{"taxonomy":"product_cat","embeddable":true,"href":"https:\/\/www.pescafish.it\/new\/wp-json\/wp\/v2\/product_cat?post=62107"},{"taxonomy":"product_tag","embeddable":true,"href":"https:\/\/www.pescafish.it\/new\/wp-json\/wp\/v2\/product_tag?post=62107"}],"curies":[{"name":"wp","href":"https:\/\/api.w.org\/{rel}","templated":true}]}}