{"id":6179,"date":"2015-12-01T11:37:27","date_gmt":"2015-12-01T10:37:27","guid":{"rendered":"http:\/\/www.pescafish.it\/new\/mulinello-tiagra-shimano"},"modified":"2023-03-28T18:04:06","modified_gmt":"2023-03-28T16:04:06","slug":"mulinello-tiagra-shimano","status":"publish","type":"product","link":"https:\/\/www.pescafish.it\/new\/prodotto\/mulinello-tiagra-shimano\/","title":{"rendered":"Mulinello Tiagra  &#8211; Shimano"},"content":{"rendered":"<p>Il mulinello da Big Game che \u00e8 diventato leader del mercato mondiale ha troppe caratteristiche per poterle spiegare esaurientemente in questo contesto. La robusta costruzione abbinata ad elementi che ne rendono l&#8217;uso semplice sono le cose che apprezzano maggiormente i pescatori. Un blocco di alluminio tornito, un trattamento anti ossidazione ancora pi\u00f9 profondo, la bobina di alluminio forgiata a freddo, cuscinetti A-RB, la doppia velocit\u00e0, la manovella con impugnatura ergonomica Septon e molto altro in questo modello che non teme ne avversari ne i pi\u00f9 grossi pesci del pianeta. Il Tiagra A vi regaler\u00e0 emozioni che non dimenticherete pi\u00f9!<\/p>\n<p><b>CARATTERISTICHE:<\/b><br \/>\n\u2022 A-RB: Il segreto di una rotazione fluida e duratura \u00e8 la prevenzione di qualsiasi forma di ruggine, corrosione o ossidazione delle sfere, elementi che possono causare una riduzione delle performance del mulinello. I cuscinetti Shimano A-RB rispondo egregiamente a queste caratteristiche, e sono quindi montati su molti modelli per la pesca in acque interne e su tutti i modelli per la pesca in mare.<br \/>\n\u2022 Long Range Special<br \/>\n\u2022 Wide Body<br \/>\n\u2022 Manovella: In alluminio forgiato<br \/>\n\u2022 Frizione impermeabile<br \/>\n\u2022 Meccanica INOX<br \/>\n\u2022 Cicalino<\/p>\n<p><b>Disponibile nei seguenti modelli:<\/b><\/p>\n<table border=\"1\">\n<tbody>\n<tr>\n<td><strong>Modello<\/strong><\/td>\n<td style=\"text-align: center;\"><strong>Peso (gr)<\/strong><\/td>\n<td style=\"text-align: center;\"><strong>Rapporto di recupero<\/strong><\/td>\n<td style=\"text-align: center;\"><strong>Capacit\u00e0 (lb\/yds)<\/strong><\/td>\n<td style=\"text-align: center;\"><strong>Recupero (+\/-cm)<\/strong><\/td>\n<td style=\"text-align: center;\"><strong>Cuscinetti a sfera<\/strong><\/td>\n<\/tr>\n<tr>\n<td><strong>TI30WLRSA<\/strong><\/td>\n<td style=\"text-align: center;\">1576<\/td>\n<td style=\"text-align: center;\">3,9:1\/1:1,7<\/td>\n<td style=\"text-align: center;\">30\/935<\/td>\n<td style=\"text-align: center;\">104\/46<\/td>\n<td style=\"text-align: center;\">4 ARB<\/td>\n<\/tr>\n<tr>\n<td valign=\"top\"><strong>TI50WLRSA<\/strong><\/td>\n<td style=\"text-align: center;\" align=\"center\" valign=\"top\">2447<\/td>\n<td style=\"text-align: center;\" align=\"center\" valign=\"top\">3,1:1 \/1:1,3<\/td>\n<td style=\"text-align: center;\" align=\"center\" valign=\"top\">80-550<\/td>\n<td style=\"text-align: center;\" align=\"center\" valign=\"top\"><\/td>\n<td style=\"text-align: center;\" align=\"center\" valign=\"top\">4 ARB<\/td>\n<\/tr>\n<tr>\n<td><strong>TI80WA<\/strong><\/td>\n<td style=\"text-align: center;\">3266<\/td>\n<td style=\"text-align: center;\">2.5:1\/1:1.3<\/td>\n<td style=\"text-align: center;\">80lb-870m<\/td>\n<td style=\"text-align: center;\"><\/td>\n<td style=\"text-align: center;\">4 ARB<\/td>\n<\/tr>\n<\/tbody>\n<\/table>\n<p><span style=\"color: #ff0000;\"><strong>DUE ANNI DI GARANZIA<\/strong><\/span><br \/>\n<span style=\"color: #ff0000;\"><strong>Da oggi per avere il TERZO ANNO DI GARANZIA, collegati al nuovo portale e registra il tuo prodotto su:<\/strong><\/span><br \/>\n<span style=\"color: #000000; background-color: #ffff00;\"><strong><a style=\"color: #000000; background-color: #ffff00;\" href=\"http:\/\/www.shimanofishnetwork.it\/garanzia\/sign_in\">http:\/\/www.shimanofishnetwork.it\/garanzia\/sign_in<\/a><\/strong><\/span><\/p>\n","protected":false},"excerpt":{"rendered":"<p>Il mulinello da Big Game che \u00e8 diventato leader del mercato mondiale ha troppe caratteristiche per poterle spiegare esaurientemente in questo contesto. La robusta costruzione abbinata ad elementi che ne rendono l&#8217;uso semplice sono le cose che apprezzano maggiormente i pescatori. Un blocco di alluminio tornito, un trattamento anti ossidazione ancora pi\u00f9 profondo, la bobina [&hellip;]<\/p>\n","protected":false},"featured_media":24535,"comment_status":"closed","ping_status":"closed","template":"","meta":[],"product_cat":[98],"product_tag":[1023],"yoast_head":"<!-- This site is optimized with the Yoast SEO plugin v15.3 - https:\/\/yoast.com\/wordpress\/plugins\/seo\/ -->\n<title>Mulinello Tiagra - Shimano - Pesca Fish<\/title>\n<meta name=\"robots\" content=\"index, follow, max-snippet:-1, max-image-preview:large, max-video-preview:-1\" \/>\n<link rel=\"canonical\" href=\"https:\/\/www.pescafish.it\/new\/prodotto\/mulinello-tiagra-shimano\/\" \/>\n<meta property=\"og:locale\" content=\"it_IT\" \/>\n<meta property=\"og:type\" content=\"article\" \/>\n<meta property=\"og:title\" content=\"Mulinello Tiagra - Shimano - Pesca Fish\" \/>\n<meta property=\"og:description\" content=\"Il mulinello da Big Game che \u00e8 diventato leader del mercato mondiale ha troppe caratteristiche per poterle spiegare esaurientemente in questo contesto. La robusta costruzione abbinata ad elementi che ne rendono l&#8217;uso semplice sono le cose che apprezzano maggiormente i pescatori. Un blocco di alluminio tornito, un trattamento anti ossidazione ancora pi\u00f9 profondo, la bobina [&hellip;]\" \/>\n<meta property=\"og:url\" content=\"https:\/\/www.pescafish.it\/new\/prodotto\/mulinello-tiagra-shimano\/\" \/>\n<meta property=\"og:site_name\" content=\"Pesca Fish\" \/>\n<meta property=\"article:publisher\" content=\"https:\/\/www.facebook.com\/pescafishvr\/\" \/>\n<meta property=\"article:modified_time\" content=\"2023-03-28T16:04:06+00:00\" \/>\n<meta property=\"og:image\" content=\"https:\/\/www.pescafish.it\/new\/wp-content\/uploads\/2015\/12\/b3d280adddb86e6a8574896d84cb4094.jpg\" \/>\n\t<meta property=\"og:image:width\" content=\"340\" \/>\n\t<meta property=\"og:image:height\" content=\"360\" \/>\n<meta name=\"twitter:card\" content=\"summary_large_image\" \/>\n<meta name=\"twitter:label1\" content=\"Scritto da\">\n\t<meta name=\"twitter:data1\" content=\"francesca\">\n\t<meta name=\"twitter:label2\" content=\"Tempo di lettura stimato\">\n\t<meta name=\"twitter:data2\" content=\"1 minuto\">\n<script type=\"application\/ld+json\" class=\"yoast-schema-graph\">{\"@context\":\"https:\/\/schema.org\",\"@graph\":[{\"@type\":\"WebSite\",\"@id\":\"https:\/\/www.pescafish.it\/new\/#website\",\"url\":\"https:\/\/www.pescafish.it\/new\/\",\"name\":\"Pesca Fish\",\"description\":\"Benvenuti sul nostro sito!\",\"potentialAction\":[{\"@type\":\"SearchAction\",\"target\":\"https:\/\/www.pescafish.it\/new\/?s={search_term_string}\",\"query-input\":\"required name=search_term_string\"}],\"inLanguage\":\"it-IT\"},{\"@type\":\"ImageObject\",\"@id\":\"https:\/\/www.pescafish.it\/new\/prodotto\/mulinello-tiagra-shimano\/#primaryimage\",\"inLanguage\":\"it-IT\",\"url\":\"https:\/\/www.pescafish.it\/new\/wp-content\/uploads\/2015\/12\/b3d280adddb86e6a8574896d84cb4094.jpg\",\"width\":340,\"height\":360},{\"@type\":\"WebPage\",\"@id\":\"https:\/\/www.pescafish.it\/new\/prodotto\/mulinello-tiagra-shimano\/#webpage\",\"url\":\"https:\/\/www.pescafish.it\/new\/prodotto\/mulinello-tiagra-shimano\/\",\"name\":\"Mulinello Tiagra - Shimano - Pesca Fish\",\"isPartOf\":{\"@id\":\"https:\/\/www.pescafish.it\/new\/#website\"},\"primaryImageOfPage\":{\"@id\":\"https:\/\/www.pescafish.it\/new\/prodotto\/mulinello-tiagra-shimano\/#primaryimage\"},\"datePublished\":\"2015-12-01T10:37:27+00:00\",\"dateModified\":\"2023-03-28T16:04:06+00:00\",\"inLanguage\":\"it-IT\",\"potentialAction\":[{\"@type\":\"ReadAction\",\"target\":[\"https:\/\/www.pescafish.it\/new\/prodotto\/mulinello-tiagra-shimano\/\"]}]}]}<\/script>\n<!-- \/ Yoast SEO plugin. -->","_links":{"self":[{"href":"https:\/\/www.pescafish.it\/new\/wp-json\/wp\/v2\/product\/6179"}],"collection":[{"href":"https:\/\/www.pescafish.it\/new\/wp-json\/wp\/v2\/product"}],"about":[{"href":"https:\/\/www.pescafish.it\/new\/wp-json\/wp\/v2\/types\/product"}],"replies":[{"embeddable":true,"href":"https:\/\/www.pescafish.it\/new\/wp-json\/wp\/v2\/comments?post=6179"}],"wp:featuredmedia":[{"embeddable":true,"href":"https:\/\/www.pescafish.it\/new\/wp-json\/wp\/v2\/media\/24535"}],"wp:attachment":[{"href":"https:\/\/www.pescafish.it\/new\/wp-json\/wp\/v2\/media?parent=6179"}],"wp:term":[{"taxonomy":"product_cat","embeddable":true,"href":"https:\/\/www.pescafish.it\/new\/wp-json\/wp\/v2\/product_cat?post=6179"},{"taxonomy":"product_tag","embeddable":true,"href":"https:\/\/www.pescafish.it\/new\/wp-json\/wp\/v2\/product_tag?post=6179"}],"curies":[{"name":"wp","href":"https:\/\/api.w.org\/{rel}","templated":true}]}}