{"id":61499,"date":"2020-09-03T17:35:14","date_gmt":"2020-09-03T15:35:14","guid":{"rendered":"https:\/\/www.pescafish.it\/new\/?post_type=product&#038;p=61499"},"modified":"2020-09-03T17:35:15","modified_gmt":"2020-09-03T15:35:15","slug":"compac-cooler-korda","status":"publish","type":"product","link":"https:\/\/www.pescafish.it\/new\/prodotto\/compac-cooler-korda\/","title":{"rendered":"Compac Cooler\u00a0&#8211; Korda"},"content":{"rendered":"<h2><strong>Compac Cooler<\/strong><\/h2>\n<p>Il coperchio \u00e8 dotato di una<strong>\u00a0cerniera impermeabile<\/strong>\u00a0e ermetica di alta qualit\u00e0 che intrappola l&#8217;aria fredda all&#8217;interno e mantiene il contenuto asciutto.<\/p>\n<p>Dispone inoltre di maniglie per il trasporto e tracolla per un facile trasporto.<\/p>\n<p><em><strong>Consigli per il caricamento:<\/strong><\/em><br \/>\nAggiungere il ghiaccio:<br \/>\nPack ice o Compac Cool Pack sul fondo del frigorifero per mantenere il contenuto pi\u00f9 freddo pi\u00f9 a lungo.<br \/>\nTenere chiuso:<br \/>\npi\u00f9 si apre il Compac Cooler, pi\u00f9 l&#8217;aria calda entra. Aprirlo solo per brevi periodi.<br \/>\nEvita di sprecare spazio:<br \/>\nil dispositivo di raffreddamento Compac \u00e8 pi\u00f9 efficiente quando \u00e8 pieno.\u00a0Cerca di ridurre il pi\u00f9 possibile la quantit\u00e0 di spazio vuoto.<\/p>\n<p><strong><em>Pre-raffreddare o congelare il contenuto:<\/em><\/strong><br \/>\nraffreddare o congelare il contenuto prima di imballare il dispositivo di raffreddamento Compac.<br \/>\nTemperatura iniziale inferiore:<br \/>\nutilizzare ghiaccio sacrificale per ridurre la temperatura iniziale del dispositivo di raffreddamento Compac prima dell&#8217;uso per la massima efficienza.<\/p>\n<p><strong>CURA DEL PRODOTTO<\/strong><br \/>\nIl refrigeratore Korda Compac \u00e8 stato progettato per essere estremamente durevole.\u00a0Per assicurarti che rimanga in ottime condizioni, segui questi semplici suggerimenti.<\/p>\n<p>\u2022 PULIZIA: Dopo l&#8217;uso, lavare via lo sporco con acqua saponosa e risciacquare abbondantemente.<br \/>\n\u2022 MANTENERLO SENZA UMIDIT\u00c0: assorbire l&#8217;acqua in eccesso e lasciare la borsa termica in un luogo caldo con il coperchio aperto per asciugarla.<br \/>\n\u2022 LUBRIFICARE LA CERNIERA: pulire delicatamente la cerniera con un panno per tenerla libera da sporco e ostruzioni. Per mantenere una tenuta totalmente impermeabile, applicare una piccola quantit\u00e0 di vaselina sul cursore della cerniera. Non forzare mai l&#8217;apertura della cerniera.<\/p>\n<p>&nbsp;<\/p>\n","protected":false},"excerpt":{"rendered":"<p>Compac Cooler Il coperchio \u00e8 dotato di una\u00a0cerniera impermeabile\u00a0e ermetica di alta qualit\u00e0 che intrappola l&#8217;aria fredda all&#8217;interno e mantiene il contenuto asciutto. Dispone inoltre di maniglie per il trasporto e tracolla per un facile trasporto. Consigli per il caricamento: Aggiungere il ghiaccio: Pack ice o Compac Cool Pack sul fondo del frigorifero per mantenere [&hellip;]<\/p>\n","protected":false},"featured_media":61500,"comment_status":"open","ping_status":"closed","template":"","meta":[],"product_cat":[1145],"product_tag":[1018],"yoast_head":"<!-- This site is optimized with the Yoast SEO plugin v15.3 - https:\/\/yoast.com\/wordpress\/plugins\/seo\/ -->\n<title>Compac Cooler\u00a0- Korda - Pesca Fish<\/title>\n<meta name=\"robots\" content=\"index, follow, max-snippet:-1, max-image-preview:large, max-video-preview:-1\" \/>\n<link rel=\"canonical\" href=\"https:\/\/www.pescafish.it\/new\/prodotto\/compac-cooler-korda\/\" \/>\n<meta property=\"og:locale\" content=\"it_IT\" \/>\n<meta property=\"og:type\" content=\"article\" \/>\n<meta property=\"og:title\" content=\"Compac Cooler\u00a0- Korda - Pesca Fish\" \/>\n<meta property=\"og:description\" content=\"Compac Cooler Il coperchio \u00e8 dotato di una\u00a0cerniera impermeabile\u00a0e ermetica di alta qualit\u00e0 che intrappola l&#8217;aria fredda all&#8217;interno e mantiene il contenuto asciutto. Dispone inoltre di maniglie per il trasporto e tracolla per un facile trasporto. Consigli per il caricamento: Aggiungere il ghiaccio: Pack ice o Compac Cool Pack sul fondo del frigorifero per mantenere [&hellip;]\" \/>\n<meta property=\"og:url\" content=\"https:\/\/www.pescafish.it\/new\/prodotto\/compac-cooler-korda\/\" \/>\n<meta property=\"og:site_name\" content=\"Pesca Fish\" \/>\n<meta property=\"article:publisher\" content=\"https:\/\/www.facebook.com\/pescafishvr\/\" \/>\n<meta property=\"article:modified_time\" content=\"2020-09-03T15:35:15+00:00\" \/>\n<meta property=\"og:image\" content=\"https:\/\/www.pescafish.it\/new\/wp-content\/uploads\/2020\/09\/Korda-Compac-Cooler.jpg\" \/>\n\t<meta property=\"og:image:width\" content=\"381\" \/>\n\t<meta property=\"og:image:height\" content=\"492\" \/>\n<meta name=\"twitter:card\" content=\"summary_large_image\" \/>\n<meta name=\"twitter:label1\" content=\"Scritto da\">\n\t<meta name=\"twitter:data1\" content=\"francesca\">\n\t<meta name=\"twitter:label2\" content=\"Tempo di lettura stimato\">\n\t<meta name=\"twitter:data2\" content=\"1 minuto\">\n<script type=\"application\/ld+json\" class=\"yoast-schema-graph\">{\"@context\":\"https:\/\/schema.org\",\"@graph\":[{\"@type\":\"WebSite\",\"@id\":\"https:\/\/www.pescafish.it\/new\/#website\",\"url\":\"https:\/\/www.pescafish.it\/new\/\",\"name\":\"Pesca Fish\",\"description\":\"Benvenuti sul nostro sito!\",\"potentialAction\":[{\"@type\":\"SearchAction\",\"target\":\"https:\/\/www.pescafish.it\/new\/?s={search_term_string}\",\"query-input\":\"required name=search_term_string\"}],\"inLanguage\":\"it-IT\"},{\"@type\":\"ImageObject\",\"@id\":\"https:\/\/www.pescafish.it\/new\/prodotto\/compac-cooler-korda\/#primaryimage\",\"inLanguage\":\"it-IT\",\"url\":\"https:\/\/www.pescafish.it\/new\/wp-content\/uploads\/2020\/09\/Korda-Compac-Cooler.jpg\",\"width\":381,\"height\":492,\"caption\":\"Korda\"},{\"@type\":\"WebPage\",\"@id\":\"https:\/\/www.pescafish.it\/new\/prodotto\/compac-cooler-korda\/#webpage\",\"url\":\"https:\/\/www.pescafish.it\/new\/prodotto\/compac-cooler-korda\/\",\"name\":\"Compac Cooler\\u00a0- Korda - Pesca Fish\",\"isPartOf\":{\"@id\":\"https:\/\/www.pescafish.it\/new\/#website\"},\"primaryImageOfPage\":{\"@id\":\"https:\/\/www.pescafish.it\/new\/prodotto\/compac-cooler-korda\/#primaryimage\"},\"datePublished\":\"2020-09-03T15:35:14+00:00\",\"dateModified\":\"2020-09-03T15:35:15+00:00\",\"inLanguage\":\"it-IT\",\"potentialAction\":[{\"@type\":\"ReadAction\",\"target\":[\"https:\/\/www.pescafish.it\/new\/prodotto\/compac-cooler-korda\/\"]}]}]}<\/script>\n<!-- \/ Yoast SEO plugin. -->","_links":{"self":[{"href":"https:\/\/www.pescafish.it\/new\/wp-json\/wp\/v2\/product\/61499"}],"collection":[{"href":"https:\/\/www.pescafish.it\/new\/wp-json\/wp\/v2\/product"}],"about":[{"href":"https:\/\/www.pescafish.it\/new\/wp-json\/wp\/v2\/types\/product"}],"replies":[{"embeddable":true,"href":"https:\/\/www.pescafish.it\/new\/wp-json\/wp\/v2\/comments?post=61499"}],"wp:featuredmedia":[{"embeddable":true,"href":"https:\/\/www.pescafish.it\/new\/wp-json\/wp\/v2\/media\/61500"}],"wp:attachment":[{"href":"https:\/\/www.pescafish.it\/new\/wp-json\/wp\/v2\/media?parent=61499"}],"wp:term":[{"taxonomy":"product_cat","embeddable":true,"href":"https:\/\/www.pescafish.it\/new\/wp-json\/wp\/v2\/product_cat?post=61499"},{"taxonomy":"product_tag","embeddable":true,"href":"https:\/\/www.pescafish.it\/new\/wp-json\/wp\/v2\/product_tag?post=61499"}],"curies":[{"name":"wp","href":"https:\/\/api.w.org\/{rel}","templated":true}]}}