{"id":6131,"date":"2015-12-01T11:37:27","date_gmt":"2015-12-01T10:37:27","guid":{"rendered":"http:\/\/www.pescafish.it\/new\/krusha-korda"},"modified":"2022-04-04T09:38:34","modified_gmt":"2022-04-04T07:38:34","slug":"krusha-korda","status":"publish","type":"product","link":"https:\/\/www.pescafish.it\/new\/prodotto\/krusha-korda\/","title":{"rendered":"Krusha  &#8211; Korda"},"content":{"rendered":"<h2>Krusha<\/h2>\n<p>Sviluppato per ridurre le esche pi\u00f9 dure in un fine sbriciolato. Il Krusha svolge il lavoro in modo rapido ed efficace. Disponibile in due dimensioni, small e large in funzione delle esche da \u2018krushare\u2019. Adatto all\u2019uso con: tiger nuts, qualsiasi tipo di granaglie, pellet da trota e boilies. Per la canapa, i migliori risultati si raggiungono con il Krusha small. L\u2019esclusiva configurazione dei denti \u00e8 stata studiata per rompere senza sforzo qualsiasi cosa. Unite le due met\u00e0 e agite avvitando per frantumare l\u2019esca. Con due giri otterrete uno sbriciolato grossolano molto adatto a pasturazioni di mantenimento. Effettuando pi\u00f9 giri si avr\u00e0 uno sbriciolato pi\u00f9 fine, ideale per method e realizzare stick mix per pesca di ricerca e per aumentare l\u2019attrazione dell\u2019innesco. E\u2019 importante non sovraccaricare di esche il Krusha funziona meglio con piccole quantit\u00e0. Raccomandazione essenziale per il funzionamento ottimale \u00e8 di mettere semplicemente l\u2019esca nella sezione contrassegnata FILL.<\/p>\n<p><strong>Disponibile nelle seguenti misure:<\/strong><br \/>\n<strong>KKS100\u00a0 <\/strong>Small \u00d8 100mm<br \/>\n<strong>KKS120\u00a0 <\/strong>Large \u00d8 120mm<\/p>\n","protected":false},"excerpt":{"rendered":"<p>Krusha Sviluppato per ridurre le esche pi\u00f9 dure in un fine sbriciolato. Il Krusha svolge il lavoro in modo rapido ed efficace. Disponibile in due dimensioni, small e large in funzione delle esche da \u2018krushare\u2019. Adatto all\u2019uso con: tiger nuts, qualsiasi tipo di granaglie, pellet da trota e boilies. Per la canapa, i migliori risultati [&hellip;]<\/p>\n","protected":false},"featured_media":68051,"comment_status":"closed","ping_status":"closed","template":"","meta":[],"product_cat":[122],"product_tag":[],"yoast_head":"<!-- This site is optimized with the Yoast SEO plugin v15.3 - https:\/\/yoast.com\/wordpress\/plugins\/seo\/ -->\n<title>Krusha - Korda - Pesca Fish<\/title>\n<meta name=\"robots\" content=\"index, follow, max-snippet:-1, max-image-preview:large, max-video-preview:-1\" \/>\n<link rel=\"canonical\" href=\"https:\/\/www.pescafish.it\/new\/prodotto\/krusha-korda\/\" \/>\n<meta property=\"og:locale\" content=\"it_IT\" \/>\n<meta property=\"og:type\" content=\"article\" \/>\n<meta property=\"og:title\" content=\"Krusha - Korda - Pesca Fish\" \/>\n<meta property=\"og:description\" content=\"Krusha Sviluppato per ridurre le esche pi\u00f9 dure in un fine sbriciolato. Il Krusha svolge il lavoro in modo rapido ed efficace. Disponibile in due dimensioni, small e large in funzione delle esche da \u2018krushare\u2019. Adatto all\u2019uso con: tiger nuts, qualsiasi tipo di granaglie, pellet da trota e boilies. Per la canapa, i migliori risultati [&hellip;]\" \/>\n<meta property=\"og:url\" content=\"https:\/\/www.pescafish.it\/new\/prodotto\/krusha-korda\/\" \/>\n<meta property=\"og:site_name\" content=\"Pesca Fish\" \/>\n<meta property=\"article:publisher\" content=\"https:\/\/www.facebook.com\/pescafishvr\/\" \/>\n<meta property=\"article:modified_time\" content=\"2022-04-04T07:38:34+00:00\" \/>\n<meta property=\"og:image\" content=\"https:\/\/www.pescafish.it\/new\/wp-content\/uploads\/2015\/12\/Webp.net-resizeimage-93-1.jpg\" \/>\n\t<meta property=\"og:image:width\" content=\"450\" \/>\n\t<meta property=\"og:image:height\" content=\"450\" \/>\n<meta name=\"twitter:card\" content=\"summary_large_image\" \/>\n<meta name=\"twitter:label1\" content=\"Scritto da\">\n\t<meta name=\"twitter:data1\" content=\"francesca\">\n\t<meta name=\"twitter:label2\" content=\"Tempo di lettura stimato\">\n\t<meta name=\"twitter:data2\" content=\"1 minuto\">\n<script type=\"application\/ld+json\" class=\"yoast-schema-graph\">{\"@context\":\"https:\/\/schema.org\",\"@graph\":[{\"@type\":\"WebSite\",\"@id\":\"https:\/\/www.pescafish.it\/new\/#website\",\"url\":\"https:\/\/www.pescafish.it\/new\/\",\"name\":\"Pesca Fish\",\"description\":\"Benvenuti sul nostro sito!\",\"potentialAction\":[{\"@type\":\"SearchAction\",\"target\":\"https:\/\/www.pescafish.it\/new\/?s={search_term_string}\",\"query-input\":\"required name=search_term_string\"}],\"inLanguage\":\"it-IT\"},{\"@type\":\"ImageObject\",\"@id\":\"https:\/\/www.pescafish.it\/new\/prodotto\/krusha-korda\/#primaryimage\",\"inLanguage\":\"it-IT\",\"url\":\"https:\/\/www.pescafish.it\/new\/wp-content\/uploads\/2015\/12\/Webp.net-resizeimage-93-1.jpg\",\"width\":450,\"height\":450,\"caption\":\"Korda\"},{\"@type\":\"WebPage\",\"@id\":\"https:\/\/www.pescafish.it\/new\/prodotto\/krusha-korda\/#webpage\",\"url\":\"https:\/\/www.pescafish.it\/new\/prodotto\/krusha-korda\/\",\"name\":\"Krusha - Korda - Pesca Fish\",\"isPartOf\":{\"@id\":\"https:\/\/www.pescafish.it\/new\/#website\"},\"primaryImageOfPage\":{\"@id\":\"https:\/\/www.pescafish.it\/new\/prodotto\/krusha-korda\/#primaryimage\"},\"datePublished\":\"2015-12-01T10:37:27+00:00\",\"dateModified\":\"2022-04-04T07:38:34+00:00\",\"inLanguage\":\"it-IT\",\"potentialAction\":[{\"@type\":\"ReadAction\",\"target\":[\"https:\/\/www.pescafish.it\/new\/prodotto\/krusha-korda\/\"]}]}]}<\/script>\n<!-- \/ Yoast SEO plugin. -->","_links":{"self":[{"href":"https:\/\/www.pescafish.it\/new\/wp-json\/wp\/v2\/product\/6131"}],"collection":[{"href":"https:\/\/www.pescafish.it\/new\/wp-json\/wp\/v2\/product"}],"about":[{"href":"https:\/\/www.pescafish.it\/new\/wp-json\/wp\/v2\/types\/product"}],"replies":[{"embeddable":true,"href":"https:\/\/www.pescafish.it\/new\/wp-json\/wp\/v2\/comments?post=6131"}],"wp:featuredmedia":[{"embeddable":true,"href":"https:\/\/www.pescafish.it\/new\/wp-json\/wp\/v2\/media\/68051"}],"wp:attachment":[{"href":"https:\/\/www.pescafish.it\/new\/wp-json\/wp\/v2\/media?parent=6131"}],"wp:term":[{"taxonomy":"product_cat","embeddable":true,"href":"https:\/\/www.pescafish.it\/new\/wp-json\/wp\/v2\/product_cat?post=6131"},{"taxonomy":"product_tag","embeddable":true,"href":"https:\/\/www.pescafish.it\/new\/wp-json\/wp\/v2\/product_tag?post=6131"}],"curies":[{"name":"wp","href":"https:\/\/api.w.org\/{rel}","templated":true}]}}