{"id":58683,"date":"2020-03-10T12:10:45","date_gmt":"2020-03-10T11:10:45","guid":{"rendered":"https:\/\/www.pescafish.it\/new\/?post_type=product&#038;p=58683"},"modified":"2026-03-26T20:02:32","modified_gmt":"2026-03-26T19:02:32","slug":"canna-monster-x-12ft-method-feeder-preston-inovations","status":"publish","type":"product","link":"https:\/\/www.pescafish.it\/new\/prodotto\/canna-monster-x-12ft-method-feeder-preston-inovations\/","title":{"rendered":"Canna Monster X 12ft Method Feeder &#8211; Preston Innovations"},"content":{"rendered":"<h2>Canna Monster X 12ft Method Feeder Preston Innovations<\/h2>\n<p>La Monster X 12ft Method Carp Feeder \u00e8 la canna pi\u00f9 potente della gamma Monster X ed \u00e8 perfetta per le situazioni dove \u00e8 richiesta una distanza di lancio considerevole. Questa canna \u00e8 stata sviluppata per lanciare method a distanze di circa 60-70 m, dove i pesci pi\u00f9 grandi sono meno sospettosi, e grazie alla potenza \u201caggiunta\u201d in alcune sezioni del blank potrete utilizzare pasturatori di misure xl e contrastare le partenze dei pesci pi\u00f9 grandi. La 12ft \u00e8 anche adatta per affrontare fiumi a corrente lenta o grandi spazi naturali alla ricerca di breme, carassi, carpe, barbi e cavedani.<\/p>\n<p>Venduta con 3 vette in carbonio 1.5oz, 2oz, 2,5oz.<\/p>\n<p><strong>Lunghezza:<\/strong> 12ft &#8211; 3.65m<br \/>\n<strong>Lunghezza di trasporto:<\/strong> 183cm<br \/>\n<strong>Peso:<\/strong> 247g<br \/>\n<strong>Sezioni:<\/strong> 2 + Quivertip<br \/>\n<strong>Lunghezza calcio: <\/strong>60cm<br \/>\n<strong>Casting Weight:<\/strong> 60g<br \/>\n<strong>Line rating:<\/strong> 4-8lb<\/p>\n","protected":false},"excerpt":{"rendered":"<p>Canna Monster X 12ft Method Feeder Preston Innovations La Monster X 12ft Method Carp Feeder \u00e8 la canna pi\u00f9 potente della gamma Monster X ed \u00e8 perfetta per le situazioni dove \u00e8 richiesta una distanza di lancio considerevole. Questa canna \u00e8 stata sviluppata per lanciare method a distanze di circa 60-70 m, dove i pesci [&hellip;]<\/p>\n","protected":false},"featured_media":58684,"comment_status":"closed","ping_status":"closed","template":"","meta":[],"product_cat":[317],"product_tag":[1020],"yoast_head":"<!-- This site is optimized with the Yoast SEO plugin v15.3 - https:\/\/yoast.com\/wordpress\/plugins\/seo\/ -->\n<title>Canna Monster X 12ft Method Feeder - Preston Innovations - Pesca Fish<\/title>\n<meta name=\"description\" content=\"Canna Monster X 12ft Method Feeder - Preston Innovations | Per informazioni scriveteci a info@pescafish.it oppure contattateci allo 045\/6100748\" \/>\n<meta name=\"robots\" content=\"index, follow, max-snippet:-1, max-image-preview:large, max-video-preview:-1\" \/>\n<link rel=\"canonical\" href=\"https:\/\/www.pescafish.it\/new\/prodotto\/canna-monster-x-12ft-method-feeder-preston-inovations\/\" \/>\n<meta property=\"og:locale\" content=\"it_IT\" \/>\n<meta property=\"og:type\" content=\"article\" \/>\n<meta property=\"og:title\" content=\"Canna Monster X 12ft Method Feeder - Preston Innovations - Pesca Fish\" \/>\n<meta property=\"og:description\" content=\"Canna Monster X 12ft Method Feeder - Preston Innovations | Per informazioni scriveteci a info@pescafish.it oppure contattateci allo 045\/6100748\" \/>\n<meta property=\"og:url\" content=\"https:\/\/www.pescafish.it\/new\/prodotto\/canna-monster-x-12ft-method-feeder-preston-inovations\/\" \/>\n<meta property=\"og:site_name\" content=\"Pesca Fish\" \/>\n<meta property=\"article:publisher\" content=\"https:\/\/www.facebook.com\/pescafishvr\/\" \/>\n<meta property=\"article:modified_time\" content=\"2026-03-26T19:02:32+00:00\" \/>\n<meta property=\"og:image\" content=\"https:\/\/www.pescafish.it\/new\/wp-content\/uploads\/2020\/03\/monster-x-12ft-method-feeder.jpg\" \/>\n\t<meta property=\"og:image:width\" content=\"1000\" \/>\n\t<meta property=\"og:image:height\" content=\"653\" \/>\n<meta name=\"twitter:card\" content=\"summary_large_image\" \/>\n<meta name=\"twitter:label1\" content=\"Scritto da\">\n\t<meta name=\"twitter:data1\" content=\"francesca\">\n\t<meta name=\"twitter:label2\" content=\"Tempo di lettura stimato\">\n\t<meta name=\"twitter:data2\" content=\"1 minuto\">\n<script type=\"application\/ld+json\" class=\"yoast-schema-graph\">{\"@context\":\"https:\/\/schema.org\",\"@graph\":[{\"@type\":\"WebSite\",\"@id\":\"https:\/\/www.pescafish.it\/new\/#website\",\"url\":\"https:\/\/www.pescafish.it\/new\/\",\"name\":\"Pesca Fish\",\"description\":\"Benvenuti sul nostro sito!\",\"potentialAction\":[{\"@type\":\"SearchAction\",\"target\":\"https:\/\/www.pescafish.it\/new\/?s={search_term_string}\",\"query-input\":\"required name=search_term_string\"}],\"inLanguage\":\"it-IT\"},{\"@type\":\"ImageObject\",\"@id\":\"https:\/\/www.pescafish.it\/new\/prodotto\/canna-monster-x-12ft-method-feeder-preston-inovations\/#primaryimage\",\"inLanguage\":\"it-IT\",\"url\":\"https:\/\/www.pescafish.it\/new\/wp-content\/uploads\/2020\/03\/monster-x-12ft-method-feeder.jpg\",\"width\":1000,\"height\":653,\"caption\":\"Canna Monster X 12ft Method Feeder Preston Innovations\"},{\"@type\":\"WebPage\",\"@id\":\"https:\/\/www.pescafish.it\/new\/prodotto\/canna-monster-x-12ft-method-feeder-preston-inovations\/#webpage\",\"url\":\"https:\/\/www.pescafish.it\/new\/prodotto\/canna-monster-x-12ft-method-feeder-preston-inovations\/\",\"name\":\"Canna Monster X 12ft Method Feeder - Preston Innovations - Pesca Fish\",\"isPartOf\":{\"@id\":\"https:\/\/www.pescafish.it\/new\/#website\"},\"primaryImageOfPage\":{\"@id\":\"https:\/\/www.pescafish.it\/new\/prodotto\/canna-monster-x-12ft-method-feeder-preston-inovations\/#primaryimage\"},\"datePublished\":\"2020-03-10T11:10:45+00:00\",\"dateModified\":\"2026-03-26T19:02:32+00:00\",\"description\":\"Canna Monster X 12ft Method Feeder - Preston Innovations | Per informazioni scriveteci a info@pescafish.it oppure contattateci allo 045\/6100748\",\"inLanguage\":\"it-IT\",\"potentialAction\":[{\"@type\":\"ReadAction\",\"target\":[\"https:\/\/www.pescafish.it\/new\/prodotto\/canna-monster-x-12ft-method-feeder-preston-inovations\/\"]}]}]}<\/script>\n<!-- \/ Yoast SEO plugin. -->","_links":{"self":[{"href":"https:\/\/www.pescafish.it\/new\/wp-json\/wp\/v2\/product\/58683"}],"collection":[{"href":"https:\/\/www.pescafish.it\/new\/wp-json\/wp\/v2\/product"}],"about":[{"href":"https:\/\/www.pescafish.it\/new\/wp-json\/wp\/v2\/types\/product"}],"replies":[{"embeddable":true,"href":"https:\/\/www.pescafish.it\/new\/wp-json\/wp\/v2\/comments?post=58683"}],"wp:featuredmedia":[{"embeddable":true,"href":"https:\/\/www.pescafish.it\/new\/wp-json\/wp\/v2\/media\/58684"}],"wp:attachment":[{"href":"https:\/\/www.pescafish.it\/new\/wp-json\/wp\/v2\/media?parent=58683"}],"wp:term":[{"taxonomy":"product_cat","embeddable":true,"href":"https:\/\/www.pescafish.it\/new\/wp-json\/wp\/v2\/product_cat?post=58683"},{"taxonomy":"product_tag","embeddable":true,"href":"https:\/\/www.pescafish.it\/new\/wp-json\/wp\/v2\/product_tag?post=58683"}],"curies":[{"name":"wp","href":"https:\/\/api.w.org\/{rel}","templated":true}]}}