{"id":56769,"date":"2019-11-13T11:02:45","date_gmt":"2019-11-13T10:02:45","guid":{"rendered":"https:\/\/www.pescafish.it\/new\/?post_type=product&#038;p=56769"},"modified":"2021-01-14T19:16:44","modified_gmt":"2021-01-14T18:16:44","slug":"sg-switch-blade-minnow-3-8cm-5gr-savage-gear","status":"publish","type":"product","link":"https:\/\/www.pescafish.it\/new\/prodotto\/sg-switch-blade-minnow-3-8cm-5gr-savage-gear\/","title":{"rendered":"SG Switch Blade Minnow 3.8cm 5gr &#8211; Savage Gear"},"content":{"rendered":"<p>Il\u00a0<strong>Switch Blade Minnow<\/strong>\u00a0di\u00a0<strong>Savage Gear<\/strong>\u00a0\u00e8 un\u2019esca metallica con una doppia azione e con uno stile unico.<\/p>\n<p>Lo snap \u00e8 attaccato dietro la branchia, l\u2019esca vibrer\u00e0 e lampegger\u00e0 al momento del recupero e scivoler\u00e0 via dalla linea di recupero all\u2019arresto del recupero.<\/p>\n<p><strong>Disponibile nelle seguenti colorazioni:<\/strong><\/p>\n<p><strong>63735\u00a0<\/strong> Pearl White<br \/>\n<strong>63736\u00a0<\/strong> Green Silver Ayu<br \/>\n<strong>63737\u00a0<\/strong> Olive Smolt<br \/>\n<strong>63738\u00a0<\/strong> Blue Pink Smolt<br \/>\n<strong>63739\u00a0<\/strong> Fire Tiger<\/p>\n","protected":false},"excerpt":{"rendered":"<p>Il\u00a0Switch Blade Minnow\u00a0di\u00a0Savage Gear\u00a0\u00e8 un\u2019esca metallica con una doppia azione e con uno stile unico. Lo snap \u00e8 attaccato dietro la branchia, l\u2019esca vibrer\u00e0 e lampegger\u00e0 al momento del recupero e scivoler\u00e0 via dalla linea di recupero all\u2019arresto del recupero. Disponibile nelle seguenti colorazioni: 63735\u00a0 Pearl White 63736\u00a0 Green Silver Ayu 63737\u00a0 Olive Smolt 63738\u00a0 [&hellip;]<\/p>\n","protected":false},"featured_media":56736,"comment_status":"open","ping_status":"closed","template":"","meta":[],"product_cat":[611],"product_tag":[1037],"yoast_head":"<!-- This site is optimized with the Yoast SEO plugin v15.3 - https:\/\/yoast.com\/wordpress\/plugins\/seo\/ -->\n<title>SG Switch Blade Minnow 3.8cm 5gr - Savage Gear - Pesca Fish<\/title>\n<meta name=\"robots\" content=\"index, follow, max-snippet:-1, max-image-preview:large, max-video-preview:-1\" \/>\n<link rel=\"canonical\" href=\"https:\/\/www.pescafish.it\/new\/prodotto\/sg-switch-blade-minnow-3-8cm-5gr-savage-gear\/\" \/>\n<meta property=\"og:locale\" content=\"it_IT\" \/>\n<meta property=\"og:type\" content=\"article\" \/>\n<meta property=\"og:title\" content=\"SG Switch Blade Minnow 3.8cm 5gr - Savage Gear - Pesca Fish\" \/>\n<meta property=\"og:description\" content=\"Il\u00a0Switch Blade Minnow\u00a0di\u00a0Savage Gear\u00a0\u00e8 un\u2019esca metallica con una doppia azione e con uno stile unico. Lo snap \u00e8 attaccato dietro la branchia, l\u2019esca vibrer\u00e0 e lampegger\u00e0 al momento del recupero e scivoler\u00e0 via dalla linea di recupero all\u2019arresto del recupero. Disponibile nelle seguenti colorazioni: 63735\u00a0 Pearl White 63736\u00a0 Green Silver Ayu 63737\u00a0 Olive Smolt 63738\u00a0 [&hellip;]\" \/>\n<meta property=\"og:url\" content=\"https:\/\/www.pescafish.it\/new\/prodotto\/sg-switch-blade-minnow-3-8cm-5gr-savage-gear\/\" \/>\n<meta property=\"og:site_name\" content=\"Pesca Fish\" \/>\n<meta property=\"article:publisher\" content=\"https:\/\/www.facebook.com\/pescafishvr\/\" \/>\n<meta property=\"article:modified_time\" content=\"2021-01-14T18:16:44+00:00\" \/>\n<meta property=\"og:image\" content=\"https:\/\/www.pescafish.it\/new\/wp-content\/uploads\/2019\/11\/GRE.jpg\" \/>\n\t<meta property=\"og:image:width\" content=\"936\" \/>\n\t<meta property=\"og:image:height\" content=\"900\" \/>\n<meta name=\"twitter:card\" content=\"summary_large_image\" \/>\n<meta name=\"twitter:label1\" content=\"Scritto da\">\n\t<meta name=\"twitter:data1\" content=\"francesca\">\n\t<meta name=\"twitter:label2\" content=\"Tempo di lettura stimato\">\n\t<meta name=\"twitter:data2\" content=\"0 minuti\">\n<script type=\"application\/ld+json\" class=\"yoast-schema-graph\">{\"@context\":\"https:\/\/schema.org\",\"@graph\":[{\"@type\":\"WebSite\",\"@id\":\"https:\/\/www.pescafish.it\/new\/#website\",\"url\":\"https:\/\/www.pescafish.it\/new\/\",\"name\":\"Pesca Fish\",\"description\":\"Benvenuti sul nostro sito!\",\"potentialAction\":[{\"@type\":\"SearchAction\",\"target\":\"https:\/\/www.pescafish.it\/new\/?s={search_term_string}\",\"query-input\":\"required name=search_term_string\"}],\"inLanguage\":\"it-IT\"},{\"@type\":\"ImageObject\",\"@id\":\"https:\/\/www.pescafish.it\/new\/prodotto\/sg-switch-blade-minnow-3-8cm-5gr-savage-gear\/#primaryimage\",\"inLanguage\":\"it-IT\",\"url\":\"https:\/\/www.pescafish.it\/new\/wp-content\/uploads\/2019\/11\/GRE.jpg\",\"width\":936,\"height\":900},{\"@type\":\"WebPage\",\"@id\":\"https:\/\/www.pescafish.it\/new\/prodotto\/sg-switch-blade-minnow-3-8cm-5gr-savage-gear\/#webpage\",\"url\":\"https:\/\/www.pescafish.it\/new\/prodotto\/sg-switch-blade-minnow-3-8cm-5gr-savage-gear\/\",\"name\":\"SG Switch Blade Minnow 3.8cm 5gr - Savage Gear - Pesca Fish\",\"isPartOf\":{\"@id\":\"https:\/\/www.pescafish.it\/new\/#website\"},\"primaryImageOfPage\":{\"@id\":\"https:\/\/www.pescafish.it\/new\/prodotto\/sg-switch-blade-minnow-3-8cm-5gr-savage-gear\/#primaryimage\"},\"datePublished\":\"2019-11-13T10:02:45+00:00\",\"dateModified\":\"2021-01-14T18:16:44+00:00\",\"inLanguage\":\"it-IT\",\"potentialAction\":[{\"@type\":\"ReadAction\",\"target\":[\"https:\/\/www.pescafish.it\/new\/prodotto\/sg-switch-blade-minnow-3-8cm-5gr-savage-gear\/\"]}]}]}<\/script>\n<!-- \/ Yoast SEO plugin. -->","_links":{"self":[{"href":"https:\/\/www.pescafish.it\/new\/wp-json\/wp\/v2\/product\/56769"}],"collection":[{"href":"https:\/\/www.pescafish.it\/new\/wp-json\/wp\/v2\/product"}],"about":[{"href":"https:\/\/www.pescafish.it\/new\/wp-json\/wp\/v2\/types\/product"}],"replies":[{"embeddable":true,"href":"https:\/\/www.pescafish.it\/new\/wp-json\/wp\/v2\/comments?post=56769"}],"wp:featuredmedia":[{"embeddable":true,"href":"https:\/\/www.pescafish.it\/new\/wp-json\/wp\/v2\/media\/56736"}],"wp:attachment":[{"href":"https:\/\/www.pescafish.it\/new\/wp-json\/wp\/v2\/media?parent=56769"}],"wp:term":[{"taxonomy":"product_cat","embeddable":true,"href":"https:\/\/www.pescafish.it\/new\/wp-json\/wp\/v2\/product_cat?post=56769"},{"taxonomy":"product_tag","embeddable":true,"href":"https:\/\/www.pescafish.it\/new\/wp-json\/wp\/v2\/product_tag?post=56769"}],"curies":[{"name":"wp","href":"https:\/\/api.w.org\/{rel}","templated":true}]}}