{"id":53688,"date":"2019-06-06T17:50:35","date_gmt":"2019-06-06T15:50:35","guid":{"rendered":"https:\/\/www.pescafish.it\/new\/?post_type=product&#038;p=53688"},"modified":"2025-07-19T11:00:28","modified_gmt":"2025-07-19T09:00:28","slug":"ball-maker-2-1-kit-advance","status":"publish","type":"product","link":"https:\/\/www.pescafish.it\/new\/prodotto\/ball-maker-2-1-kit-advance\/","title":{"rendered":"Ball Maker 2.1 Kit &#8211; Advance Wolf"},"content":{"rendered":"<div class=\"tiny\">\n<h2>Ball Maker 2.1 Kit<\/h2>\n<p>BALL MAKER COMPLETO CON TUTTI I SUOI 3 KIT intercambiabili:<\/p>\n<p>-KIT conchiglie BALL 45mm: per fare palle da pastura da 45mm , compatte e tutte uguali sia di diemensioni sia per il peso (ottimo per fionde)<\/p>\n<p>-KIT conchiglie\u00a0 BALL 60mm: per fare palle da pastura da 60mm,\u00a0compatte e tutte uguali sia di diemensioni sia per il peso (ottimo per la catapulta FLY BALL e non solo)<\/p>\n<p>-KIT conchiglie TARGET: il nostro nuovo sistema per la pesca di precisione che sostituisce il PVA , acquistando a parte\u00a0 il\u00a0 TARGET SYSTEM (Target Cover + Target Disc) ci consente di pressare la pastura intorno al nostro pasturatore rendendola perfetta, areodinamica e resistente all&#8217;impatto con l&#8217;acqua.<\/p>\n<p>Il BALL MAKER nasce dalla esigenza di creare velocemente e senza difficolt\u00e0 un numero considerevole di palle da pastura e non solo. Le palle vengono pi\u00f9 o meno compresse a seconda dell&#8217;esigenza; baster\u00e0 introdurre pi\u00f9 o meno mix nella nostra pinza. Per renderle ancora pi\u00f9 compatte ( per lanciarle a considerevoli distanze ) si pu\u00f2 ripassare la palla anche pi\u00f9 volte con il BALL MAKER. La pinza \u00e8 formata da 4 conchiglie per rendere pi\u00f9 omogenea possibile la fase di compressione . Le bait balls infatti verranno tutte dello stesso diametro e del medesimo peso. Il ball maker \u00e8 costituito di materiali destinati a durare a vita . Le conchiglie si possono sostituire con altre per formare palle da 45 mm (vedi KIT BALL 45mm) e KIT TARGET.<\/p>\n<\/div>\n","protected":false},"excerpt":{"rendered":"<p>Ball Maker 2.1 Kit BALL MAKER COMPLETO CON TUTTI I SUOI 3 KIT intercambiabili: -KIT conchiglie BALL 45mm: per fare palle da pastura da 45mm , compatte e tutte uguali sia di diemensioni sia per il peso (ottimo per fionde) -KIT conchiglie\u00a0 BALL 60mm: per fare palle da pastura da 60mm,\u00a0compatte e tutte uguali sia [&hellip;]<\/p>\n","protected":false},"featured_media":53689,"comment_status":"closed","ping_status":"closed","template":"","meta":[],"product_cat":[122],"product_tag":[],"yoast_head":"<!-- This site is optimized with the Yoast SEO plugin v15.3 - https:\/\/yoast.com\/wordpress\/plugins\/seo\/ -->\n<title>Ball Maker 2.1 Kit - Advance Wolf - Pesca Fish<\/title>\n<meta name=\"robots\" content=\"index, follow, max-snippet:-1, max-image-preview:large, max-video-preview:-1\" \/>\n<link rel=\"canonical\" href=\"https:\/\/www.pescafish.it\/new\/prodotto\/ball-maker-2-1-kit-advance\/\" \/>\n<meta property=\"og:locale\" content=\"it_IT\" \/>\n<meta property=\"og:type\" content=\"article\" \/>\n<meta property=\"og:title\" content=\"Ball Maker 2.1 Kit - Advance Wolf - Pesca Fish\" \/>\n<meta property=\"og:description\" content=\"Ball Maker 2.1 Kit BALL MAKER COMPLETO CON TUTTI I SUOI 3 KIT intercambiabili: -KIT conchiglie BALL 45mm: per fare palle da pastura da 45mm , compatte e tutte uguali sia di diemensioni sia per il peso (ottimo per fionde) -KIT conchiglie\u00a0 BALL 60mm: per fare palle da pastura da 60mm,\u00a0compatte e tutte uguali sia [&hellip;]\" \/>\n<meta property=\"og:url\" content=\"https:\/\/www.pescafish.it\/new\/prodotto\/ball-maker-2-1-kit-advance\/\" \/>\n<meta property=\"og:site_name\" content=\"Pesca Fish\" \/>\n<meta property=\"article:publisher\" content=\"https:\/\/www.facebook.com\/pescafishvr\/\" \/>\n<meta property=\"article:modified_time\" content=\"2025-07-19T09:00:28+00:00\" \/>\n<meta property=\"og:image\" content=\"https:\/\/www.pescafish.it\/new\/wp-content\/uploads\/2019\/06\/pr_29854_g_BallmakerGG.jpg\" \/>\n\t<meta property=\"og:image:width\" content=\"500\" \/>\n\t<meta property=\"og:image:height\" content=\"500\" \/>\n<meta name=\"twitter:card\" content=\"summary_large_image\" \/>\n<meta name=\"twitter:label1\" content=\"Scritto da\">\n\t<meta name=\"twitter:data1\" content=\"francesca\">\n\t<meta name=\"twitter:label2\" content=\"Tempo di lettura stimato\">\n\t<meta name=\"twitter:data2\" content=\"1 minuto\">\n<script type=\"application\/ld+json\" class=\"yoast-schema-graph\">{\"@context\":\"https:\/\/schema.org\",\"@graph\":[{\"@type\":\"WebSite\",\"@id\":\"https:\/\/www.pescafish.it\/new\/#website\",\"url\":\"https:\/\/www.pescafish.it\/new\/\",\"name\":\"Pesca Fish\",\"description\":\"Benvenuti sul nostro sito!\",\"potentialAction\":[{\"@type\":\"SearchAction\",\"target\":\"https:\/\/www.pescafish.it\/new\/?s={search_term_string}\",\"query-input\":\"required name=search_term_string\"}],\"inLanguage\":\"it-IT\"},{\"@type\":\"ImageObject\",\"@id\":\"https:\/\/www.pescafish.it\/new\/prodotto\/ball-maker-2-1-kit-advance\/#primaryimage\",\"inLanguage\":\"it-IT\",\"url\":\"https:\/\/www.pescafish.it\/new\/wp-content\/uploads\/2019\/06\/pr_29854_g_BallmakerGG.jpg\",\"width\":500,\"height\":500},{\"@type\":\"WebPage\",\"@id\":\"https:\/\/www.pescafish.it\/new\/prodotto\/ball-maker-2-1-kit-advance\/#webpage\",\"url\":\"https:\/\/www.pescafish.it\/new\/prodotto\/ball-maker-2-1-kit-advance\/\",\"name\":\"Ball Maker 2.1 Kit - Advance Wolf - Pesca Fish\",\"isPartOf\":{\"@id\":\"https:\/\/www.pescafish.it\/new\/#website\"},\"primaryImageOfPage\":{\"@id\":\"https:\/\/www.pescafish.it\/new\/prodotto\/ball-maker-2-1-kit-advance\/#primaryimage\"},\"datePublished\":\"2019-06-06T15:50:35+00:00\",\"dateModified\":\"2025-07-19T09:00:28+00:00\",\"inLanguage\":\"it-IT\",\"potentialAction\":[{\"@type\":\"ReadAction\",\"target\":[\"https:\/\/www.pescafish.it\/new\/prodotto\/ball-maker-2-1-kit-advance\/\"]}]}]}<\/script>\n<!-- \/ Yoast SEO plugin. -->","_links":{"self":[{"href":"https:\/\/www.pescafish.it\/new\/wp-json\/wp\/v2\/product\/53688"}],"collection":[{"href":"https:\/\/www.pescafish.it\/new\/wp-json\/wp\/v2\/product"}],"about":[{"href":"https:\/\/www.pescafish.it\/new\/wp-json\/wp\/v2\/types\/product"}],"replies":[{"embeddable":true,"href":"https:\/\/www.pescafish.it\/new\/wp-json\/wp\/v2\/comments?post=53688"}],"wp:featuredmedia":[{"embeddable":true,"href":"https:\/\/www.pescafish.it\/new\/wp-json\/wp\/v2\/media\/53689"}],"wp:attachment":[{"href":"https:\/\/www.pescafish.it\/new\/wp-json\/wp\/v2\/media?parent=53688"}],"wp:term":[{"taxonomy":"product_cat","embeddable":true,"href":"https:\/\/www.pescafish.it\/new\/wp-json\/wp\/v2\/product_cat?post=53688"},{"taxonomy":"product_tag","embeddable":true,"href":"https:\/\/www.pescafish.it\/new\/wp-json\/wp\/v2\/product_tag?post=53688"}],"curies":[{"name":"wp","href":"https:\/\/api.w.org\/{rel}","templated":true}]}}