{"id":53306,"date":"2019-05-14T08:54:54","date_gmt":"2019-05-14T06:54:54","guid":{"rendered":"https:\/\/www.pescafish.it\/new\/?post_type=product&#038;p=53306"},"modified":"2023-04-22T18:52:17","modified_gmt":"2023-04-22T16:52:17","slug":"nitelife-headtorch-580-zoom-trakker","status":"publish","type":"product","link":"https:\/\/www.pescafish.it\/new\/prodotto\/nitelife-headtorch-580-zoom-trakker\/","title":{"rendered":"Nitelife Headtorch 580 Zoom &#8211; Trakker"},"content":{"rendered":"<p>La\u00a0Lampada da testa Trakker Nitelife Headtorch 580 Zoom\u00a0\u00e8 una lampada da testa super luminosa, compatta e leggera con fascio di luce regolabile in profondit\u00e0 che permette di illuminare aree precise durante le ore di oscurit\u00e0.<\/p>\n<p>Il suo\u00a0LED produce fino a 580 Lumen\u00a0di luce. Il fascio di luce pu\u00f2 essere ristretto torcendo l\u2019ottica della lente, e possiede cinque differenti regolazioni per soddisfare le vostre necessit\u00e0 d\u2019illuminazione.<\/p>\n<p>Un\u00a0LED rosso\u00a0aggiuntivo aiuta a mantenere la visione notturna. Funziona sia con la batteria ricaricabile da 3.7V 800Mah Li-polymer inclusa, che con tre batterie AAA, nel caso in cui voi foste sulle sponde senza possibilit\u00e0 di ricaricare la batteria.<\/p>\n<p><strong>CARATTERISTICHE:\u00a0<\/strong><\/p>\n<p>\u2022 Torcia ad alta intensit\u00e0, compatta e con fascio luminoso direzionabile<br \/>\n\u2022 LED a luce bianca XP-L Cree &#8211; Fino a 580 lumen<br \/>\n\u2022 Bulbo luminoso regolabile girando le ghiere della lente<br \/>\n\u2022 Lenti di seconda generazione per un fascio luminoso preciso e regolabile<br \/>\n\u2022 LED a luce rossa Nichia da 0,5W supplementare con lente di diffusione per visione ravvicinata e notturna<br \/>\n\u2022 Cinque modalit\u00e0 di illuminazione per soddisfare le diverse esigenze<br \/>\n\u2022 LED a luce bianca (ALTO, MEDIO, BASSO)<br \/>\n\u2022 LED a luce rossa (ACCESO, LAMPEGGIANTE 2 hZ)<br \/>\n\u2022 Funziona sia con il pacco batterie ricaricabili da 3,7V 800mAh ai Li-polimeri in dotazione che con 3x batterie AAA [non incluse]<br \/>\n\u2022 Presa diretta per ricaricare il pacco batterie tramite micro USB<br \/>\n\u2022 Un indicatore LED sul pacco batterie segnala lo stato di ricarica<br \/>\n\u2022 Circuito di protezione per pervenire caricamento o scaricamento eccessivi<br \/>\n\u2022 Design compatto e sottile, pesa solo 95 g [batterie incluse]<br \/>\n\u2022 Impermeabile e resistente alla polvere IP64<br \/>\n\u2022 Tempo di ricarica 2,5 ore [attacco DC5V 62 mA]<br \/>\n\u2022 Indicatore di carica [LED rosso = in carica \/ LED verde = ricarica completa]<br \/>\n\u2022 Durata della batteria: 500 cicli (riserva capacit\u00e0~70% dopo 500 cicli)<br \/>\n\u2022 Cavo di ricarica micro USB incluso<br \/>\n\u2022 Dimensione 62 mm x 41 mm x 43 mm<\/p>\n","protected":false},"excerpt":{"rendered":"<p>La\u00a0Lampada da testa Trakker Nitelife Headtorch 580 Zoom\u00a0\u00e8 una lampada da testa super luminosa, compatta e leggera con fascio di luce regolabile in profondit\u00e0 che permette di illuminare aree precise durante le ore di oscurit\u00e0. Il suo\u00a0LED produce fino a 580 Lumen\u00a0di luce. Il fascio di luce pu\u00f2 essere ristretto torcendo l\u2019ottica della lente, e [&hellip;]<\/p>\n","protected":false},"featured_media":53307,"comment_status":"open","ping_status":"closed","template":"","meta":[],"product_cat":[125],"product_tag":[],"yoast_head":"<!-- This site is optimized with the Yoast SEO plugin v15.3 - https:\/\/yoast.com\/wordpress\/plugins\/seo\/ -->\n<title>Nitelife Headtorch 580 Zoom - Trakker - Pesca Fish<\/title>\n<meta name=\"robots\" content=\"index, follow, max-snippet:-1, max-image-preview:large, max-video-preview:-1\" \/>\n<link rel=\"canonical\" href=\"https:\/\/www.pescafish.it\/new\/prodotto\/nitelife-headtorch-580-zoom-trakker\/\" \/>\n<meta property=\"og:locale\" content=\"it_IT\" \/>\n<meta property=\"og:type\" content=\"article\" \/>\n<meta property=\"og:title\" content=\"Nitelife Headtorch 580 Zoom - Trakker - Pesca Fish\" \/>\n<meta property=\"og:description\" content=\"La\u00a0Lampada da testa Trakker Nitelife Headtorch 580 Zoom\u00a0\u00e8 una lampada da testa super luminosa, compatta e leggera con fascio di luce regolabile in profondit\u00e0 che permette di illuminare aree precise durante le ore di oscurit\u00e0. Il suo\u00a0LED produce fino a 580 Lumen\u00a0di luce. Il fascio di luce pu\u00f2 essere ristretto torcendo l\u2019ottica della lente, e [&hellip;]\" \/>\n<meta property=\"og:url\" content=\"https:\/\/www.pescafish.it\/new\/prodotto\/nitelife-headtorch-580-zoom-trakker\/\" \/>\n<meta property=\"og:site_name\" content=\"Pesca Fish\" \/>\n<meta property=\"article:publisher\" content=\"https:\/\/www.facebook.com\/pescafishvr\/\" \/>\n<meta property=\"article:modified_time\" content=\"2023-04-22T16:52:17+00:00\" \/>\n<meta property=\"og:image\" content=\"https:\/\/www.pescafish.it\/new\/wp-content\/uploads\/2019\/05\/Nitelife_Headtorch_580_Zoom_001.jpg\" \/>\n\t<meta property=\"og:image:width\" content=\"764\" \/>\n\t<meta property=\"og:image:height\" content=\"485\" \/>\n<meta name=\"twitter:card\" content=\"summary_large_image\" \/>\n<meta name=\"twitter:label1\" content=\"Scritto da\">\n\t<meta name=\"twitter:data1\" content=\"francesca\">\n\t<meta name=\"twitter:label2\" content=\"Tempo di lettura stimato\">\n\t<meta name=\"twitter:data2\" content=\"1 minuto\">\n<script type=\"application\/ld+json\" class=\"yoast-schema-graph\">{\"@context\":\"https:\/\/schema.org\",\"@graph\":[{\"@type\":\"WebSite\",\"@id\":\"https:\/\/www.pescafish.it\/new\/#website\",\"url\":\"https:\/\/www.pescafish.it\/new\/\",\"name\":\"Pesca Fish\",\"description\":\"Benvenuti sul nostro sito!\",\"potentialAction\":[{\"@type\":\"SearchAction\",\"target\":\"https:\/\/www.pescafish.it\/new\/?s={search_term_string}\",\"query-input\":\"required name=search_term_string\"}],\"inLanguage\":\"it-IT\"},{\"@type\":\"ImageObject\",\"@id\":\"https:\/\/www.pescafish.it\/new\/prodotto\/nitelife-headtorch-580-zoom-trakker\/#primaryimage\",\"inLanguage\":\"it-IT\",\"url\":\"https:\/\/www.pescafish.it\/new\/wp-content\/uploads\/2019\/05\/Nitelife_Headtorch_580_Zoom_001.jpg\",\"width\":764,\"height\":485},{\"@type\":\"WebPage\",\"@id\":\"https:\/\/www.pescafish.it\/new\/prodotto\/nitelife-headtorch-580-zoom-trakker\/#webpage\",\"url\":\"https:\/\/www.pescafish.it\/new\/prodotto\/nitelife-headtorch-580-zoom-trakker\/\",\"name\":\"Nitelife Headtorch 580 Zoom - Trakker - Pesca Fish\",\"isPartOf\":{\"@id\":\"https:\/\/www.pescafish.it\/new\/#website\"},\"primaryImageOfPage\":{\"@id\":\"https:\/\/www.pescafish.it\/new\/prodotto\/nitelife-headtorch-580-zoom-trakker\/#primaryimage\"},\"datePublished\":\"2019-05-14T06:54:54+00:00\",\"dateModified\":\"2023-04-22T16:52:17+00:00\",\"inLanguage\":\"it-IT\",\"potentialAction\":[{\"@type\":\"ReadAction\",\"target\":[\"https:\/\/www.pescafish.it\/new\/prodotto\/nitelife-headtorch-580-zoom-trakker\/\"]}]}]}<\/script>\n<!-- \/ Yoast SEO plugin. -->","_links":{"self":[{"href":"https:\/\/www.pescafish.it\/new\/wp-json\/wp\/v2\/product\/53306"}],"collection":[{"href":"https:\/\/www.pescafish.it\/new\/wp-json\/wp\/v2\/product"}],"about":[{"href":"https:\/\/www.pescafish.it\/new\/wp-json\/wp\/v2\/types\/product"}],"replies":[{"embeddable":true,"href":"https:\/\/www.pescafish.it\/new\/wp-json\/wp\/v2\/comments?post=53306"}],"wp:featuredmedia":[{"embeddable":true,"href":"https:\/\/www.pescafish.it\/new\/wp-json\/wp\/v2\/media\/53307"}],"wp:attachment":[{"href":"https:\/\/www.pescafish.it\/new\/wp-json\/wp\/v2\/media?parent=53306"}],"wp:term":[{"taxonomy":"product_cat","embeddable":true,"href":"https:\/\/www.pescafish.it\/new\/wp-json\/wp\/v2\/product_cat?post=53306"},{"taxonomy":"product_tag","embeddable":true,"href":"https:\/\/www.pescafish.it\/new\/wp-json\/wp\/v2\/product_tag?post=53306"}],"curies":[{"name":"wp","href":"https:\/\/api.w.org\/{rel}","templated":true}]}}