{"id":49998,"date":"2018-08-31T11:55:24","date_gmt":"2018-08-31T09:55:24","guid":{"rendered":"https:\/\/www.pescafish.it\/new\/?post_type=product&#038;p=49998"},"modified":"2025-11-12T17:04:50","modified_gmt":"2025-11-12T16:04:50","slug":"r18-spinning-tubertini","status":"publish","type":"product","link":"https:\/\/www.pescafish.it\/new\/prodotto\/r18-spinning-tubertini\/","title":{"rendered":"R18 Spinning &#8211; Tubertini"},"content":{"rendered":"<h2>R18 Spinning Tubertini<\/h2>\n<p>Massime performances per questa serie di due pezzi totalmente realizzate con il nuovissimo materiale <strong>R18<\/strong>. Gi\u00e0 dal primo utilizzo sar\u00e0 chiaro come queste canne risultano essere pi\u00f9 bilanciate e reattive di qualsiasi altro modello, in grado di lanciare artificiali con una semplicit\u00e0 e precisione mai viste prima. Totalmente equipaggiate con componentistica originale <strong>Fuji<\/strong> ed impugnatura in sughero di massima qualit\u00e0.<\/p>\n<p><strong>Disponibile nelle seguenti varianti:<\/strong><\/p>\n<table style=\"height: 197px;\" border=\"2\" width=\"727\">\n<tbody>\n<tr>\n<td style=\"width: 97.4833px;\"><strong>Codice<\/strong><\/td>\n<td style=\"width: 97.4833px; text-align: center;\"><strong>Lunghezza <\/strong><\/td>\n<td style=\"width: 97.4667px; text-align: center;\"><strong>Diametro<\/strong><\/td>\n<td style=\"width: 97.4833px; text-align: center;\"><strong>Peso<\/strong><\/td>\n<td style=\"width: 97.4667px; text-align: center;\"><strong>Sezioni<\/strong><\/td>\n<td style=\"width: 97.4833px; text-align: center;\"><strong>Ingombro<\/strong><\/td>\n<td style=\"width: 97.4667px; text-align: center;\"><strong>Potenza<\/strong><\/td>\n<\/tr>\n<tr>\n<td style=\"width: 97.4833px;\"><strong>03874<\/strong><\/td>\n<td style=\"width: 97.4833px; text-align: center;\">2.10 m<\/td>\n<td style=\"width: 97.4667px; text-align: center;\">8,70 mm<\/td>\n<td style=\"width: 97.4833px; text-align: center;\">106 g<\/td>\n<td style=\"width: 97.4667px; text-align: center;\">2<\/td>\n<td style=\"width: 97.4833px; text-align: center;\">108\u00a0 cm<\/td>\n<td style=\"width: 97.4667px; text-align: center;\">5-20 g<\/td>\n<\/tr>\n<tr>\n<td style=\"width: 97.4833px;\"><strong>03877<\/strong><\/td>\n<td style=\"width: 97.4833px; text-align: center;\">2.70 m<\/td>\n<td style=\"width: 97.4667px; text-align: center;\">11 mm<\/td>\n<td style=\"width: 97.4833px; text-align: center;\">120 g<\/td>\n<td style=\"width: 97.4667px; text-align: center;\">2<\/td>\n<td style=\"width: 97.4833px; text-align: center;\">138 cm<\/td>\n<td style=\"width: 97.4667px; text-align: center;\">5-20 g<\/td>\n<\/tr>\n<\/tbody>\n<\/table>\n<p>&nbsp;<\/p>\n","protected":false},"excerpt":{"rendered":"<p>R18 Spinning Tubertini Massime performances per questa serie di due pezzi totalmente realizzate con il nuovissimo materiale R18. Gi\u00e0 dal primo utilizzo sar\u00e0 chiaro come queste canne risultano essere pi\u00f9 bilanciate e reattive di qualsiasi altro modello, in grado di lanciare artificiali con una semplicit\u00e0 e precisione mai viste prima. Totalmente equipaggiate con componentistica originale [&hellip;]<\/p>\n","protected":false},"featured_media":50006,"comment_status":"closed","ping_status":"closed","template":"","meta":[],"product_cat":[880,994],"product_tag":[1055],"yoast_head":"<!-- This site is optimized with the Yoast SEO plugin v15.3 - https:\/\/yoast.com\/wordpress\/plugins\/seo\/ -->\n<title>R18 Spinning - Tubertini - Pesca Fish<\/title>\n<meta name=\"description\" content=\"R18 Spinning - Tubertini | Per informazioni scriveteci a info@pescafish.it oppure contattateci allo 045\/6100748\" \/>\n<meta name=\"robots\" content=\"index, follow, max-snippet:-1, max-image-preview:large, max-video-preview:-1\" \/>\n<link rel=\"canonical\" href=\"https:\/\/www.pescafish.it\/new\/prodotto\/r18-spinning-tubertini\/\" \/>\n<meta property=\"og:locale\" content=\"it_IT\" \/>\n<meta property=\"og:type\" content=\"article\" \/>\n<meta property=\"og:title\" content=\"R18 Spinning - Tubertini - Pesca Fish\" \/>\n<meta property=\"og:description\" content=\"R18 Spinning - Tubertini | Per informazioni scriveteci a info@pescafish.it oppure contattateci allo 045\/6100748\" \/>\n<meta property=\"og:url\" content=\"https:\/\/www.pescafish.it\/new\/prodotto\/r18-spinning-tubertini\/\" \/>\n<meta property=\"og:site_name\" content=\"Pesca Fish\" \/>\n<meta property=\"article:publisher\" content=\"https:\/\/www.facebook.com\/pescafishvr\/\" \/>\n<meta property=\"article:modified_time\" content=\"2025-11-12T16:04:50+00:00\" \/>\n<meta property=\"og:image\" content=\"https:\/\/www.pescafish.it\/new\/wp-content\/uploads\/2018\/08\/r18.jpg\" \/>\n\t<meta property=\"og:image:width\" content=\"626\" \/>\n\t<meta property=\"og:image:height\" content=\"1000\" \/>\n<meta name=\"twitter:card\" content=\"summary_large_image\" \/>\n<meta name=\"twitter:label1\" content=\"Scritto da\">\n\t<meta name=\"twitter:data1\" content=\"francesca\">\n\t<meta name=\"twitter:label2\" content=\"Tempo di lettura stimato\">\n\t<meta name=\"twitter:data2\" content=\"0 minuti\">\n<script type=\"application\/ld+json\" class=\"yoast-schema-graph\">{\"@context\":\"https:\/\/schema.org\",\"@graph\":[{\"@type\":\"WebSite\",\"@id\":\"https:\/\/www.pescafish.it\/new\/#website\",\"url\":\"https:\/\/www.pescafish.it\/new\/\",\"name\":\"Pesca Fish\",\"description\":\"Benvenuti sul nostro sito!\",\"potentialAction\":[{\"@type\":\"SearchAction\",\"target\":\"https:\/\/www.pescafish.it\/new\/?s={search_term_string}\",\"query-input\":\"required name=search_term_string\"}],\"inLanguage\":\"it-IT\"},{\"@type\":\"ImageObject\",\"@id\":\"https:\/\/www.pescafish.it\/new\/prodotto\/r18-spinning-tubertini\/#primaryimage\",\"inLanguage\":\"it-IT\",\"url\":\"https:\/\/www.pescafish.it\/new\/wp-content\/uploads\/2018\/08\/r18.jpg\",\"width\":626,\"height\":1000,\"caption\":\"R18 Spinning Tubertini\"},{\"@type\":\"WebPage\",\"@id\":\"https:\/\/www.pescafish.it\/new\/prodotto\/r18-spinning-tubertini\/#webpage\",\"url\":\"https:\/\/www.pescafish.it\/new\/prodotto\/r18-spinning-tubertini\/\",\"name\":\"R18 Spinning - Tubertini - Pesca Fish\",\"isPartOf\":{\"@id\":\"https:\/\/www.pescafish.it\/new\/#website\"},\"primaryImageOfPage\":{\"@id\":\"https:\/\/www.pescafish.it\/new\/prodotto\/r18-spinning-tubertini\/#primaryimage\"},\"datePublished\":\"2018-08-31T09:55:24+00:00\",\"dateModified\":\"2025-11-12T16:04:50+00:00\",\"description\":\"R18 Spinning - Tubertini | Per informazioni scriveteci a info@pescafish.it oppure contattateci allo 045\/6100748\",\"inLanguage\":\"it-IT\",\"potentialAction\":[{\"@type\":\"ReadAction\",\"target\":[\"https:\/\/www.pescafish.it\/new\/prodotto\/r18-spinning-tubertini\/\"]}]}]}<\/script>\n<!-- \/ Yoast SEO plugin. -->","_links":{"self":[{"href":"https:\/\/www.pescafish.it\/new\/wp-json\/wp\/v2\/product\/49998"}],"collection":[{"href":"https:\/\/www.pescafish.it\/new\/wp-json\/wp\/v2\/product"}],"about":[{"href":"https:\/\/www.pescafish.it\/new\/wp-json\/wp\/v2\/types\/product"}],"replies":[{"embeddable":true,"href":"https:\/\/www.pescafish.it\/new\/wp-json\/wp\/v2\/comments?post=49998"}],"wp:featuredmedia":[{"embeddable":true,"href":"https:\/\/www.pescafish.it\/new\/wp-json\/wp\/v2\/media\/50006"}],"wp:attachment":[{"href":"https:\/\/www.pescafish.it\/new\/wp-json\/wp\/v2\/media?parent=49998"}],"wp:term":[{"taxonomy":"product_cat","embeddable":true,"href":"https:\/\/www.pescafish.it\/new\/wp-json\/wp\/v2\/product_cat?post=49998"},{"taxonomy":"product_tag","embeddable":true,"href":"https:\/\/www.pescafish.it\/new\/wp-json\/wp\/v2\/product_tag?post=49998"}],"curies":[{"name":"wp","href":"https:\/\/api.w.org\/{rel}","templated":true}]}}