{"id":48903,"date":"2018-07-10T11:02:30","date_gmt":"2018-07-10T09:02:30","guid":{"rendered":"http:\/\/www.pescafish.it\/new\/?post_type=product&#038;p=48903"},"modified":"2023-10-19T09:46:11","modified_gmt":"2023-10-19T07:46:11","slug":"nxg-chilla-bag-large-trakker","status":"publish","type":"product","link":"https:\/\/www.pescafish.it\/new\/prodotto\/nxg-chilla-bag-large-trakker\/","title":{"rendered":"NXG Chilla Bag Large &#8211; Trakker"},"content":{"rendered":"<h2>NXG Chilla Bag Large<\/h2>\n<p>La NXG Large Chilla Bag \u00e8 stata progettata con lo scopo di mantenere al fresco cibo ed esche. Possiede pareti con materiale isolante ad alta densit\u00e0 con foglio riflettente incorporato per eccellenti propriet\u00e0 termiche. Sia che si tratti del pasto per il giorno dopo, o di boilies surgelate per la vostra sessione, la NXG Chilla Bag \u00e8 perfetta per lo scopo. Per farsi un\u2019idea generale circa la capacit\u00e0 della Large Chilla Bag, essa pu\u00f2 contenere comodamente circa 15 chili di boilies. Per sessioni di pesca brevi o per chi vuole portare con se piccole quantit\u00e0 di esca e\/o cibo, \u00e8 disponibile anche una versione pi\u00f9 piccola, la NXG Chilla Bag, che \u00e8 capace di ospitare circa 8 chili di boilies. Consiglio utile: le NXG Chilla Bags sono state progettate per dare le migliori performance quando sono completamente piene, quindi, quando non avete riempito la Chilla Bag al massimo della sua capacit\u00e0 con esche o cibo, riempite tutti gli spazi vuoti con del pluriball che aiuter\u00e0 a tenere il contenuto pi\u00f9 fresco pi\u00f9 a lungo.<\/p>\n","protected":false},"excerpt":{"rendered":"<p>NXG Chilla Bag Large La NXG Large Chilla Bag \u00e8 stata progettata con lo scopo di mantenere al fresco cibo ed esche. Possiede pareti con materiale isolante ad alta densit\u00e0 con foglio riflettente incorporato per eccellenti propriet\u00e0 termiche. Sia che si tratti del pasto per il giorno dopo, o di boilies surgelate per la vostra [&hellip;]<\/p>\n","protected":false},"featured_media":48904,"comment_status":"closed","ping_status":"closed","template":"","meta":[],"product_cat":[568],"product_tag":[1073],"yoast_head":"<!-- This site is optimized with the Yoast SEO plugin v15.3 - https:\/\/yoast.com\/wordpress\/plugins\/seo\/ -->\n<title>NXG Chilla Bag Large - Trakker - Pesca Fish<\/title>\n<meta name=\"robots\" content=\"index, follow, max-snippet:-1, max-image-preview:large, max-video-preview:-1\" \/>\n<link rel=\"canonical\" href=\"https:\/\/www.pescafish.it\/new\/prodotto\/nxg-chilla-bag-large-trakker\/\" \/>\n<meta property=\"og:locale\" content=\"it_IT\" \/>\n<meta property=\"og:type\" content=\"article\" \/>\n<meta property=\"og:title\" content=\"NXG Chilla Bag Large - Trakker - Pesca Fish\" \/>\n<meta property=\"og:description\" content=\"NXG Chilla Bag Large La NXG Large Chilla Bag \u00e8 stata progettata con lo scopo di mantenere al fresco cibo ed esche. Possiede pareti con materiale isolante ad alta densit\u00e0 con foglio riflettente incorporato per eccellenti propriet\u00e0 termiche. Sia che si tratti del pasto per il giorno dopo, o di boilies surgelate per la vostra [&hellip;]\" \/>\n<meta property=\"og:url\" content=\"https:\/\/www.pescafish.it\/new\/prodotto\/nxg-chilla-bag-large-trakker\/\" \/>\n<meta property=\"og:site_name\" content=\"Pesca Fish\" \/>\n<meta property=\"article:publisher\" content=\"https:\/\/www.facebook.com\/pescafishvr\/\" \/>\n<meta property=\"article:modified_time\" content=\"2023-10-19T07:46:11+00:00\" \/>\n<meta property=\"og:image\" content=\"https:\/\/www.pescafish.it\/new\/wp-content\/uploads\/2018\/07\/nxg_large_chilla_bag_a_-1-2.jpg\" \/>\n\t<meta property=\"og:image:width\" content=\"690\" \/>\n\t<meta property=\"og:image:height\" content=\"485\" \/>\n<meta name=\"twitter:card\" content=\"summary_large_image\" \/>\n<meta name=\"twitter:label1\" content=\"Scritto da\">\n\t<meta name=\"twitter:data1\" content=\"francesca\">\n\t<meta name=\"twitter:label2\" content=\"Tempo di lettura stimato\">\n\t<meta name=\"twitter:data2\" content=\"1 minuto\">\n<script type=\"application\/ld+json\" class=\"yoast-schema-graph\">{\"@context\":\"https:\/\/schema.org\",\"@graph\":[{\"@type\":\"WebSite\",\"@id\":\"https:\/\/www.pescafish.it\/new\/#website\",\"url\":\"https:\/\/www.pescafish.it\/new\/\",\"name\":\"Pesca Fish\",\"description\":\"Benvenuti sul nostro sito!\",\"potentialAction\":[{\"@type\":\"SearchAction\",\"target\":\"https:\/\/www.pescafish.it\/new\/?s={search_term_string}\",\"query-input\":\"required name=search_term_string\"}],\"inLanguage\":\"it-IT\"},{\"@type\":\"ImageObject\",\"@id\":\"https:\/\/www.pescafish.it\/new\/prodotto\/nxg-chilla-bag-large-trakker\/#primaryimage\",\"inLanguage\":\"it-IT\",\"url\":\"https:\/\/www.pescafish.it\/new\/wp-content\/uploads\/2018\/07\/nxg_large_chilla_bag_a_-1-2.jpg\",\"width\":690,\"height\":485},{\"@type\":\"WebPage\",\"@id\":\"https:\/\/www.pescafish.it\/new\/prodotto\/nxg-chilla-bag-large-trakker\/#webpage\",\"url\":\"https:\/\/www.pescafish.it\/new\/prodotto\/nxg-chilla-bag-large-trakker\/\",\"name\":\"NXG Chilla Bag Large - Trakker - Pesca Fish\",\"isPartOf\":{\"@id\":\"https:\/\/www.pescafish.it\/new\/#website\"},\"primaryImageOfPage\":{\"@id\":\"https:\/\/www.pescafish.it\/new\/prodotto\/nxg-chilla-bag-large-trakker\/#primaryimage\"},\"datePublished\":\"2018-07-10T09:02:30+00:00\",\"dateModified\":\"2023-10-19T07:46:11+00:00\",\"inLanguage\":\"it-IT\",\"potentialAction\":[{\"@type\":\"ReadAction\",\"target\":[\"https:\/\/www.pescafish.it\/new\/prodotto\/nxg-chilla-bag-large-trakker\/\"]}]}]}<\/script>\n<!-- \/ Yoast SEO plugin. -->","_links":{"self":[{"href":"https:\/\/www.pescafish.it\/new\/wp-json\/wp\/v2\/product\/48903"}],"collection":[{"href":"https:\/\/www.pescafish.it\/new\/wp-json\/wp\/v2\/product"}],"about":[{"href":"https:\/\/www.pescafish.it\/new\/wp-json\/wp\/v2\/types\/product"}],"replies":[{"embeddable":true,"href":"https:\/\/www.pescafish.it\/new\/wp-json\/wp\/v2\/comments?post=48903"}],"wp:featuredmedia":[{"embeddable":true,"href":"https:\/\/www.pescafish.it\/new\/wp-json\/wp\/v2\/media\/48904"}],"wp:attachment":[{"href":"https:\/\/www.pescafish.it\/new\/wp-json\/wp\/v2\/media?parent=48903"}],"wp:term":[{"taxonomy":"product_cat","embeddable":true,"href":"https:\/\/www.pescafish.it\/new\/wp-json\/wp\/v2\/product_cat?post=48903"},{"taxonomy":"product_tag","embeddable":true,"href":"https:\/\/www.pescafish.it\/new\/wp-json\/wp\/v2\/product_tag?post=48903"}],"curies":[{"name":"wp","href":"https:\/\/api.w.org\/{rel}","templated":true}]}}