{"id":47767,"date":"2018-06-08T15:46:12","date_gmt":"2018-06-08T13:46:12","guid":{"rendered":"http:\/\/www.pescafish.it\/new\/?post_type=product&#038;p=47767"},"modified":"2025-11-04T19:00:41","modified_gmt":"2025-11-04T18:00:41","slug":"amo-twister-nash","status":"publish","type":"product","link":"https:\/\/www.pescafish.it\/new\/prodotto\/amo-twister-nash\/","title":{"rendered":"Amo Twister &#8211; Nash"},"content":{"rendered":"<h2>Nash Twister<\/h2>\n<p>Uno dei modelli pi\u00f9 forti della gamma Fang. Dispone di un occhiello rigirato di 30 gradi ed \u00e8 diventato uno degli ami pi\u00f9 famosi tra i carpisti. Vi dar\u00e0, senza dubbio, un ottimo risultato.<br \/>\nPresenta una forma unica che ottimizza la fase di bucatura ed allamatura \u2013 bisogna provare per credere! Dalle carpe pi\u00f9 combattenti del Tamigi, a quelle che si trovano in piccoli laghi \u2013 il Twister \u00e8 la scelta giusta. Non importa se pescate con terminali lunghi o no, il Fang Twister \u00e8 stato responsabile di molte big catturate da Nash.<\/p>\n<p><strong>Disponibile nelle seguenti varianti:<\/strong><br \/>\n<strong>KNT6107\u00a0<\/strong> Size 1<br \/>\n<strong>KNT6108\u00a0<\/strong> Size 2<br \/>\n<strong>KNT6109\u00a0<\/strong> Size 4<br \/>\n<strong>KNT6110\u00a0<\/strong> Size 5<br \/>\n<strong>KNT6111\u00a0<\/strong> Size 6<br \/>\n<strong>KNT6112\u00a0<\/strong> Size 7<br \/>\n<strong>KNT6113\u00a0<\/strong> Size 8<\/p>\n<p><strong>Confezione da 10 ami<\/strong><\/p>\n","protected":false},"excerpt":{"rendered":"<p>Nash Twister Uno dei modelli pi\u00f9 forti della gamma Fang. Dispone di un occhiello rigirato di 30 gradi ed \u00e8 diventato uno degli ami pi\u00f9 famosi tra i carpisti. Vi dar\u00e0, senza dubbio, un ottimo risultato. Presenta una forma unica che ottimizza la fase di bucatura ed allamatura \u2013 bisogna provare per credere! Dalle carpe [&hellip;]<\/p>\n","protected":false},"featured_media":47768,"comment_status":"closed","ping_status":"closed","template":"","meta":[],"product_cat":[390],"product_tag":[1024],"yoast_head":"<!-- This site is optimized with the Yoast SEO plugin v15.3 - https:\/\/yoast.com\/wordpress\/plugins\/seo\/ -->\n<title>Amo Twister - Nash - Pesca Fish<\/title>\n<meta name=\"description\" content=\"Amo Twister - Nash | Per informazioni scriveteci a info@pescafish.it oppure contattateci allo 045\/6100748\" \/>\n<meta name=\"robots\" content=\"index, follow, max-snippet:-1, max-image-preview:large, max-video-preview:-1\" \/>\n<link rel=\"canonical\" href=\"https:\/\/www.pescafish.it\/new\/prodotto\/amo-twister-nash\/\" \/>\n<meta property=\"og:locale\" content=\"it_IT\" \/>\n<meta property=\"og:type\" content=\"article\" \/>\n<meta property=\"og:title\" content=\"Amo Twister - Nash - Pesca Fish\" \/>\n<meta property=\"og:description\" content=\"Amo Twister - Nash | Per informazioni scriveteci a info@pescafish.it oppure contattateci allo 045\/6100748\" \/>\n<meta property=\"og:url\" content=\"https:\/\/www.pescafish.it\/new\/prodotto\/amo-twister-nash\/\" \/>\n<meta property=\"og:site_name\" content=\"Pesca Fish\" \/>\n<meta property=\"article:publisher\" content=\"https:\/\/www.facebook.com\/pescafishvr\/\" \/>\n<meta property=\"article:modified_time\" content=\"2025-11-04T18:00:41+00:00\" \/>\n<meta property=\"og:image\" content=\"https:\/\/www.pescafish.it\/new\/wp-content\/uploads\/2018\/06\/FANG-TW.jpeg\" \/>\n\t<meta property=\"og:image:width\" content=\"700\" \/>\n\t<meta property=\"og:image:height\" content=\"380\" \/>\n<meta name=\"twitter:card\" content=\"summary_large_image\" \/>\n<meta name=\"twitter:label1\" content=\"Scritto da\">\n\t<meta name=\"twitter:data1\" content=\"francesca\">\n\t<meta name=\"twitter:label2\" content=\"Tempo di lettura stimato\">\n\t<meta name=\"twitter:data2\" content=\"0 minuti\">\n<script type=\"application\/ld+json\" class=\"yoast-schema-graph\">{\"@context\":\"https:\/\/schema.org\",\"@graph\":[{\"@type\":\"WebSite\",\"@id\":\"https:\/\/www.pescafish.it\/new\/#website\",\"url\":\"https:\/\/www.pescafish.it\/new\/\",\"name\":\"Pesca Fish\",\"description\":\"Benvenuti sul nostro sito!\",\"potentialAction\":[{\"@type\":\"SearchAction\",\"target\":\"https:\/\/www.pescafish.it\/new\/?s={search_term_string}\",\"query-input\":\"required name=search_term_string\"}],\"inLanguage\":\"it-IT\"},{\"@type\":\"ImageObject\",\"@id\":\"https:\/\/www.pescafish.it\/new\/prodotto\/amo-twister-nash\/#primaryimage\",\"inLanguage\":\"it-IT\",\"url\":\"https:\/\/www.pescafish.it\/new\/wp-content\/uploads\/2018\/06\/FANG-TW.jpeg\",\"width\":700,\"height\":380},{\"@type\":\"WebPage\",\"@id\":\"https:\/\/www.pescafish.it\/new\/prodotto\/amo-twister-nash\/#webpage\",\"url\":\"https:\/\/www.pescafish.it\/new\/prodotto\/amo-twister-nash\/\",\"name\":\"Amo Twister - Nash - Pesca Fish\",\"isPartOf\":{\"@id\":\"https:\/\/www.pescafish.it\/new\/#website\"},\"primaryImageOfPage\":{\"@id\":\"https:\/\/www.pescafish.it\/new\/prodotto\/amo-twister-nash\/#primaryimage\"},\"datePublished\":\"2018-06-08T13:46:12+00:00\",\"dateModified\":\"2025-11-04T18:00:41+00:00\",\"description\":\"Amo Twister - Nash | Per informazioni scriveteci a info@pescafish.it oppure contattateci allo 045\/6100748\",\"inLanguage\":\"it-IT\",\"potentialAction\":[{\"@type\":\"ReadAction\",\"target\":[\"https:\/\/www.pescafish.it\/new\/prodotto\/amo-twister-nash\/\"]}]}]}<\/script>\n<!-- \/ Yoast SEO plugin. -->","_links":{"self":[{"href":"https:\/\/www.pescafish.it\/new\/wp-json\/wp\/v2\/product\/47767"}],"collection":[{"href":"https:\/\/www.pescafish.it\/new\/wp-json\/wp\/v2\/product"}],"about":[{"href":"https:\/\/www.pescafish.it\/new\/wp-json\/wp\/v2\/types\/product"}],"replies":[{"embeddable":true,"href":"https:\/\/www.pescafish.it\/new\/wp-json\/wp\/v2\/comments?post=47767"}],"wp:featuredmedia":[{"embeddable":true,"href":"https:\/\/www.pescafish.it\/new\/wp-json\/wp\/v2\/media\/47768"}],"wp:attachment":[{"href":"https:\/\/www.pescafish.it\/new\/wp-json\/wp\/v2\/media?parent=47767"}],"wp:term":[{"taxonomy":"product_cat","embeddable":true,"href":"https:\/\/www.pescafish.it\/new\/wp-json\/wp\/v2\/product_cat?post=47767"},{"taxonomy":"product_tag","embeddable":true,"href":"https:\/\/www.pescafish.it\/new\/wp-json\/wp\/v2\/product_tag?post=47767"}],"curies":[{"name":"wp","href":"https:\/\/api.w.org\/{rel}","templated":true}]}}