{"id":44909,"date":"2017-12-23T19:08:17","date_gmt":"2017-12-23T18:08:17","guid":{"rendered":"http:\/\/www.pescafish.it\/new\/?post_type=product&#038;p=44909"},"modified":"2025-04-15T16:19:14","modified_gmt":"2025-04-15T14:19:14","slug":"micron-rx-set-fox","status":"publish","type":"product","link":"https:\/\/www.pescafish.it\/new\/prodotto\/micron-rx-set-fox\/","title":{"rendered":"Micron RX+ Set &#8211; Fox"},"content":{"rendered":"<h2>Fox Micron RX+<\/h2>\n<p><strong><span style=\"color: #000000;\">Caratteristiche:<\/span><\/strong><br \/>\n\u2022 Case sigillato resistente all&#8217;acqua;<br \/>\n\u2022 Circuiteria digitale;<br \/>\n\u2022 Sistema di rilevazione abboccata D-Tec\u2122 Plus Sensing System (DTSS);<br \/>\n\u2022 Basso consumo della batteria;<br \/>\n\u2022 Rotella Tru-Run\u2122 ottenuta tramite macchina a controllo numerico CNC;<br \/>\n\u2022 Doppio LED multi-colore (Rosso, Verde, Blu, Arancione, Viola e Bianco);<br \/>\n\u2022 Interruttore di accensione\/spegnimento con due modalit\u00e0 di operazione (giorno e notte);<br \/>\n\u2022 Quando settato in modalit\u00e0 notte, entrambi i LED forniranno una tenue illuminazione del colore da voi prescelto;<br \/>\n\u2022 Altoparlante conico di elevata qualit\u00e0;<br \/>\n\u2022 Elemento filettato in acciaio inox da 3\/8\u201d;<br \/>\n\u2022 Rivestimento interno di supporto in gomma per salvaguardare le canne;<br \/>\n\u2022 Volume regolabile tramite selettore ergonomico, con indice del livello (8 livelli differenti con il pi\u00f9 basso che corrisponde al segnalatore completamente silenzioso);<br \/>\n\u2022 Tono del suono regolabile tramite selettore ergonomico, con indice del livello (8 differenti tonalit\u00e0; tonalit\u00e0 pi\u00f9 alte ruotando il selettore in senso orario, tonalit\u00e0 pi\u00f9 basse ruotando il selettore in senso anti-orario);<br \/>\n\u2022 Controllo del livello di sensibilit\u00e0 Intelligent Sensitivity con funzione della eliminazione delle false abboccate tramite selettore ergonomico (8 differenti livelli di sensibilit\u00e0 \u2013 vedere sotto la tabella comparativa della sensibilit\u00e0 rispetto al modello NTX-R);<br \/>\n\u2022 La funzione di Range Test, consente all&#8217;utilizzatore di verificare la portata utile del range di trasmissione fra la ricevente RX+ Receiver e i segnalatori Micron RX+;<br \/>\n\u2022 Allarme di batteria bassa (il colore del LED cambia in ciano indicando che \u00e8 ora di rimpiazzare le batterie);<br \/>\n\u2022 Connettore con uscita di alimentazione (2.5mm) per utilizzo con Swinger illuminati;<br \/>\n\u2022 Fornito con due opzioni di rondella di compressione: rigida e soffice, con una rondella di scorta aggiuntiva soffice per ogni unit\u00e0;<br \/>\n\u2022 Richiede 2 batterie di tipo AA.<br \/>\n<strong>Caratteristiche migliorative rispetto al modello NTX-R:<br \/>\n<\/strong>\u2022 Orecchie pi\u00f9 profonde senza aumentare l&#8217;altezza del segnalatore;<br \/>\n\u2022 LED doppio multi-colore, uno per orecchia, sulla parte superiore della stessa;<br \/>\n\u2022 Controllo esterno dei LED multi-colore grazie alla funzione Colour Sync\u2122 ; il colore \u00e8 variabile semplicemente premendo un pulsante presente sulla cover del vano batteria;<br \/>\n\u2022 Modalit\u00e0 Giorno e Notte selezionabili manualmente;<br \/>\n\u2022 Controllo esterno della luminosit\u00e0 dei LED Vari-Bright regolabile per adattarsi alle condizioni di pesca (scelta di 3 livelli di luminosit\u00e0 dei LED in modalit\u00e0 Giorno e altrettanti livelli di luminosit\u00e0 dei LED in modalit\u00e0 Notte) semplicemente operando su un pulsante presente sulla cover del vano batteria;<br \/>\n\u2022 Largo spazio attorno alla rotella e un miglior drenaggio dell&#8217;acqua, riducono in modo drastico le possibilit\u00e0 che la rotella posso bloccarsi causa ghiaccio in condizioni di freddo estremo;<br \/>\n\u2022 Migliori prestazioni in termini di range utile di trasmissione con la ricevente RX+;<br \/>\n\u2022 Range di sensibilit\u00e0 migliorato.<\/p>\n<p><span style=\"color: #000000;\"><strong>Caratteristiche centralina:<\/strong><\/span><br \/>\n\u2022 Ultra-Long Range\u2122;<br \/>\n\u2022 Circuiteria digitale;<br \/>\n\u2022 Basso consumo di batterie;<br \/>\n\u2022 Indicazione dello stato di carica delle batterie all&#8217;accensione della ricevente (4 LED di colore verde indicano batterie nuove o ben cariche, 3 LED di colore verde indicano che le batterie sono state usate ma che non necessitano di sostituzione, 2 LED di colore arancione indicano che le batterie iniziano ad essere basse,\u00a0 1 LED di colore rosso indica che le batterie sono scariche e vanno rimpiazzate);<br \/>\n\u2022 Allarme di batterie della ricevente basse (i LED lampeggeranno di colore ciano periodicamente indicando che le batterie devono essere sostituite);<br \/>\n\u2022 Allarme di batterie del segnalatore basse (quando un Micron RX+ ha il livello delle batterie basso, allora il LED della ricevente corrispondente a quel determinato segnalatore commuter\u00e0 nel colore ciano);<br \/>\n\u2022 Funzione di allarme a vibrazione (impostabile tramite switch sul retro);<br \/>\n\u2022 Funzione luce da Bivvy (impostabile tramite switch sul retro, vedere sotto per maggiori dettagli);<br \/>\n\u2022 Sistema antifurto;<br \/>\n\u2022 Agevole registrazione dei Micron RX+ Micron (tramite switch sul retro);<br \/>\n\u2022 LED di indicazione con funzione Colour Sync\u2122;<br \/>\n\u2022 Manopola On\/Off &amp; regolazione del volume;<br \/>\n\u2022 Altoparlante conico di elevata qualit\u00e0;<br \/>\n\u2022 Punto di fissaggio per laccio di trasporto;<br \/>\n\u2022 Richiede 3 batterie di tipo AA.<br \/>\n<strong>Caratteristiche migliorative rispetto all&#8217;unit\u00e0 ricevente NTX-R<\/strong><br \/>\n\u2022 Finestre dei LED di indicazione pi\u00f9 larghe, visibili sia dalla parte frontale che dalla parte superiore della ricevente;<br \/>\n\u2022 Funzione opzionale di luce per il bivvy in caso di segnalazione di abboccata;<br \/>\n\u2022 Design che consente di rimanere eretta quando posizionata su un tavolino o sul coperchio di un secchio;<br \/>\n\u2022 Case morbido al tatto;<br \/>\n\u2022 Possibilit\u00e0 di sincronizzazione fino a 8 Micron RX+;<br \/>\n\u2022 Prestazioni migliori in termini di comunicazione radio;<br \/>\n\u2022 Modalit\u00e0 Silent ON, con tutte le funzioni della ricevente abilitate ma nessun suono in caso di abboccata.<\/p>\n<p><strong>Disponibile nelle seguenti versioni:<br \/>\nCEI159<\/strong>\u00a0 Segnalatore Singolo<br \/>\n<strong>CEI157<\/strong>\u00a0 Set 3+1<br \/>\n<strong>CEI158\u00a0<\/strong> Set 4+1<\/p>\n","protected":false},"excerpt":{"rendered":"<p>Fox Micron RX+ Caratteristiche: \u2022 Case sigillato resistente all&#8217;acqua; \u2022 Circuiteria digitale; \u2022 Sistema di rilevazione abboccata D-Tec\u2122 Plus Sensing System (DTSS); \u2022 Basso consumo della batteria; \u2022 Rotella Tru-Run\u2122 ottenuta tramite macchina a controllo numerico CNC; \u2022 Doppio LED multi-colore (Rosso, Verde, Blu, Arancione, Viola e Bianco); \u2022 Interruttore di accensione\/spegnimento con due modalit\u00e0 [&hellip;]<\/p>\n","protected":false},"featured_media":44910,"comment_status":"closed","ping_status":"closed","template":"","meta":[],"product_cat":[880,472],"product_tag":[1028],"yoast_head":"<!-- This site is optimized with the Yoast SEO plugin v15.3 - https:\/\/yoast.com\/wordpress\/plugins\/seo\/ -->\n<title>Micron RX+ Set - Fox - Pesca Fish<\/title>\n<meta name=\"description\" content=\"Micron RX+ Set - Fox | Per informazioni scriveteci a info@pescafish.it oppure contattateci allo 045\/6100748\" \/>\n<meta name=\"robots\" content=\"index, follow, max-snippet:-1, max-image-preview:large, max-video-preview:-1\" \/>\n<link rel=\"canonical\" href=\"https:\/\/www.pescafish.it\/new\/prodotto\/micron-rx-set-fox\/\" \/>\n<meta property=\"og:locale\" content=\"it_IT\" \/>\n<meta property=\"og:type\" content=\"article\" \/>\n<meta property=\"og:title\" content=\"Micron RX+ Set - Fox - Pesca Fish\" \/>\n<meta property=\"og:description\" content=\"Micron RX+ Set - Fox | Per informazioni scriveteci a info@pescafish.it oppure contattateci allo 045\/6100748\" \/>\n<meta property=\"og:url\" content=\"https:\/\/www.pescafish.it\/new\/prodotto\/micron-rx-set-fox\/\" \/>\n<meta property=\"og:site_name\" content=\"Pesca Fish\" \/>\n<meta property=\"article:publisher\" content=\"https:\/\/www.facebook.com\/pescafishvr\/\" \/>\n<meta property=\"article:modified_time\" content=\"2025-04-15T14:19:14+00:00\" \/>\n<meta property=\"og:image\" content=\"https:\/\/www.pescafish.it\/new\/wp-content\/uploads\/2017\/12\/MICRON_RX.jpg\" \/>\n\t<meta property=\"og:image:width\" content=\"800\" \/>\n\t<meta property=\"og:image:height\" content=\"620\" \/>\n<meta name=\"twitter:card\" content=\"summary_large_image\" \/>\n<meta name=\"twitter:label1\" content=\"Scritto da\">\n\t<meta name=\"twitter:data1\" content=\"francesca\">\n\t<meta name=\"twitter:label2\" content=\"Tempo di lettura stimato\">\n\t<meta name=\"twitter:data2\" content=\"3 minuti\">\n<script type=\"application\/ld+json\" class=\"yoast-schema-graph\">{\"@context\":\"https:\/\/schema.org\",\"@graph\":[{\"@type\":\"WebSite\",\"@id\":\"https:\/\/www.pescafish.it\/new\/#website\",\"url\":\"https:\/\/www.pescafish.it\/new\/\",\"name\":\"Pesca Fish\",\"description\":\"Benvenuti sul nostro sito!\",\"potentialAction\":[{\"@type\":\"SearchAction\",\"target\":\"https:\/\/www.pescafish.it\/new\/?s={search_term_string}\",\"query-input\":\"required name=search_term_string\"}],\"inLanguage\":\"it-IT\"},{\"@type\":\"ImageObject\",\"@id\":\"https:\/\/www.pescafish.it\/new\/prodotto\/micron-rx-set-fox\/#primaryimage\",\"inLanguage\":\"it-IT\",\"url\":\"https:\/\/www.pescafish.it\/new\/wp-content\/uploads\/2017\/12\/MICRON_RX.jpg\",\"width\":800,\"height\":620,\"caption\":\"MICRON RX+ FOX\"},{\"@type\":\"WebPage\",\"@id\":\"https:\/\/www.pescafish.it\/new\/prodotto\/micron-rx-set-fox\/#webpage\",\"url\":\"https:\/\/www.pescafish.it\/new\/prodotto\/micron-rx-set-fox\/\",\"name\":\"Micron RX+ Set - Fox - Pesca Fish\",\"isPartOf\":{\"@id\":\"https:\/\/www.pescafish.it\/new\/#website\"},\"primaryImageOfPage\":{\"@id\":\"https:\/\/www.pescafish.it\/new\/prodotto\/micron-rx-set-fox\/#primaryimage\"},\"datePublished\":\"2017-12-23T18:08:17+00:00\",\"dateModified\":\"2025-04-15T14:19:14+00:00\",\"description\":\"Micron RX+ Set - Fox | Per informazioni scriveteci a info@pescafish.it oppure contattateci allo 045\/6100748\",\"inLanguage\":\"it-IT\",\"potentialAction\":[{\"@type\":\"ReadAction\",\"target\":[\"https:\/\/www.pescafish.it\/new\/prodotto\/micron-rx-set-fox\/\"]}]}]}<\/script>\n<!-- \/ Yoast SEO plugin. -->","_links":{"self":[{"href":"https:\/\/www.pescafish.it\/new\/wp-json\/wp\/v2\/product\/44909"}],"collection":[{"href":"https:\/\/www.pescafish.it\/new\/wp-json\/wp\/v2\/product"}],"about":[{"href":"https:\/\/www.pescafish.it\/new\/wp-json\/wp\/v2\/types\/product"}],"replies":[{"embeddable":true,"href":"https:\/\/www.pescafish.it\/new\/wp-json\/wp\/v2\/comments?post=44909"}],"wp:featuredmedia":[{"embeddable":true,"href":"https:\/\/www.pescafish.it\/new\/wp-json\/wp\/v2\/media\/44910"}],"wp:attachment":[{"href":"https:\/\/www.pescafish.it\/new\/wp-json\/wp\/v2\/media?parent=44909"}],"wp:term":[{"taxonomy":"product_cat","embeddable":true,"href":"https:\/\/www.pescafish.it\/new\/wp-json\/wp\/v2\/product_cat?post=44909"},{"taxonomy":"product_tag","embeddable":true,"href":"https:\/\/www.pescafish.it\/new\/wp-json\/wp\/v2\/product_tag?post=44909"}],"curies":[{"name":"wp","href":"https:\/\/api.w.org\/{rel}","templated":true}]}}