{"id":40311,"date":"2017-05-13T10:02:51","date_gmt":"2017-05-13T08:02:51","guid":{"rendered":"http:\/\/www.pescafish.it\/new\/?post_type=product&#038;p=40311"},"modified":"2021-12-11T11:03:05","modified_gmt":"2021-12-11T10:03:05","slug":"masukuroto-20gr-nories","status":"publish","type":"product","link":"https:\/\/www.pescafish.it\/new\/prodotto\/masukuroto-20gr-nories\/","title":{"rendered":"Masukuroto 2,0gr &#8211; Nories"},"content":{"rendered":"<p>Ecco uno degli Spoon NORIES dedicati e studiati espressamente per l\u2019AREA TROUT Tournament. Il NORIES MASUKUROTO. Si tratta di uno Spoon finemente curato nei dettagli montato con un Robustissimo amo Singolo senza Ardiglione, adatto sia ai tratti No-Kill che per le Competizioni. La particolarit\u00e0 di questo Spoon sta nel design della forma \u201cCenter Flat Design\u201d che lo rende lanciabile a lunghissime distanze in rapporto al peso reale e al moto irregolare e frenetico del suo movimento. In acqua l\u2019azione di pesca del NORIES MASUKUROTO pu\u00f2 considerarsi Intermedia sia con recuperi Slow che Fast. Una piccola esca dalle grandi potenzialit\u00e0 che vi aiuter\u00e0 non poco nella caccia al Big Fish. Realizzato con materiali Made in Japan.<\/p>\n<p><strong>Disponibile nelle seguenti colorazioni:<\/strong><br \/>\n<strong>4030 \u00a0<span style=\"color: #ff0000;\">001<\/span><\/strong><br \/>\n<strong>4031 \u00a0<span style=\"color: #ff0000;\">002<\/span><\/strong><br \/>\n<strong>4032 \u00a0<span style=\"color: #ff0000;\">003<\/span><\/strong><br \/>\n<strong>13607\u00a0<\/strong> <span style=\"color: #ff0000;\"><strong>IT19<\/strong><\/span><br \/>\n<strong>13608\u00a0 <span style=\"color: #ff0000;\">IT20<\/span><\/strong><br \/>\n<strong>13609\u00a0 <span style=\"color: #ff0000;\">IT21<\/span><\/strong><br \/>\n<strong>13610\u00a0 <span style=\"color: #ff0000;\">IT<\/span><span style=\"color: #ff0000;\">22<\/span><br \/>\n13611\u00a0 <span style=\"color: #ff0000;\">IT23<\/span><br \/>\n13612\u00a0 <span style=\"color: #ff0000;\">IT24<\/span><\/strong><\/p>\n","protected":false},"excerpt":{"rendered":"<p>Ecco uno degli Spoon NORIES dedicati e studiati espressamente per l\u2019AREA TROUT Tournament. Il NORIES MASUKUROTO. Si tratta di uno Spoon finemente curato nei dettagli montato con un Robustissimo amo Singolo senza Ardiglione, adatto sia ai tratti No-Kill che per le Competizioni. La particolarit\u00e0 di questo Spoon sta nel design della forma \u201cCenter Flat Design\u201d [&hellip;]<\/p>\n","protected":false},"featured_media":40312,"comment_status":"closed","ping_status":"closed","template":"","meta":[],"product_cat":[923],"product_tag":[1071],"yoast_head":"<!-- This site is optimized with the Yoast SEO plugin v15.3 - https:\/\/yoast.com\/wordpress\/plugins\/seo\/ -->\n<title>Masukuroto 2,0gr - Nories - Pesca Fish<\/title>\n<meta name=\"robots\" content=\"index, follow, max-snippet:-1, max-image-preview:large, max-video-preview:-1\" \/>\n<link rel=\"canonical\" href=\"https:\/\/www.pescafish.it\/new\/prodotto\/masukuroto-20gr-nories\/\" \/>\n<meta property=\"og:locale\" content=\"it_IT\" \/>\n<meta property=\"og:type\" content=\"article\" \/>\n<meta property=\"og:title\" content=\"Masukuroto 2,0gr - Nories - Pesca Fish\" \/>\n<meta property=\"og:description\" content=\"Ecco uno degli Spoon NORIES dedicati e studiati espressamente per l\u2019AREA TROUT Tournament. Il NORIES MASUKUROTO. Si tratta di uno Spoon finemente curato nei dettagli montato con un Robustissimo amo Singolo senza Ardiglione, adatto sia ai tratti No-Kill che per le Competizioni. La particolarit\u00e0 di questo Spoon sta nel design della forma \u201cCenter Flat Design\u201d [&hellip;]\" \/>\n<meta property=\"og:url\" content=\"https:\/\/www.pescafish.it\/new\/prodotto\/masukuroto-20gr-nories\/\" \/>\n<meta property=\"og:site_name\" content=\"Pesca Fish\" \/>\n<meta property=\"article:publisher\" content=\"https:\/\/www.facebook.com\/pescafishvr\/\" \/>\n<meta property=\"article:modified_time\" content=\"2021-12-11T10:03:05+00:00\" \/>\n<meta property=\"og:image\" content=\"https:\/\/www.pescafish.it\/new\/wp-content\/uploads\/2017\/05\/2017-05-12_110349001.jpg\" \/>\n\t<meta property=\"og:image:width\" content=\"581\" \/>\n\t<meta property=\"og:image:height\" content=\"356\" \/>\n<meta name=\"twitter:card\" content=\"summary_large_image\" \/>\n<meta name=\"twitter:label1\" content=\"Scritto da\">\n\t<meta name=\"twitter:data1\" content=\"francesca\">\n\t<meta name=\"twitter:label2\" content=\"Tempo di lettura stimato\">\n\t<meta name=\"twitter:data2\" content=\"1 minuto\">\n<script type=\"application\/ld+json\" class=\"yoast-schema-graph\">{\"@context\":\"https:\/\/schema.org\",\"@graph\":[{\"@type\":\"WebSite\",\"@id\":\"https:\/\/www.pescafish.it\/new\/#website\",\"url\":\"https:\/\/www.pescafish.it\/new\/\",\"name\":\"Pesca Fish\",\"description\":\"Benvenuti sul nostro sito!\",\"potentialAction\":[{\"@type\":\"SearchAction\",\"target\":\"https:\/\/www.pescafish.it\/new\/?s={search_term_string}\",\"query-input\":\"required name=search_term_string\"}],\"inLanguage\":\"it-IT\"},{\"@type\":\"ImageObject\",\"@id\":\"https:\/\/www.pescafish.it\/new\/prodotto\/masukuroto-20gr-nories\/#primaryimage\",\"inLanguage\":\"it-IT\",\"url\":\"https:\/\/www.pescafish.it\/new\/wp-content\/uploads\/2017\/05\/2017-05-12_110349001.jpg\",\"width\":581,\"height\":356},{\"@type\":\"WebPage\",\"@id\":\"https:\/\/www.pescafish.it\/new\/prodotto\/masukuroto-20gr-nories\/#webpage\",\"url\":\"https:\/\/www.pescafish.it\/new\/prodotto\/masukuroto-20gr-nories\/\",\"name\":\"Masukuroto 2,0gr - Nories - Pesca Fish\",\"isPartOf\":{\"@id\":\"https:\/\/www.pescafish.it\/new\/#website\"},\"primaryImageOfPage\":{\"@id\":\"https:\/\/www.pescafish.it\/new\/prodotto\/masukuroto-20gr-nories\/#primaryimage\"},\"datePublished\":\"2017-05-13T08:02:51+00:00\",\"dateModified\":\"2021-12-11T10:03:05+00:00\",\"inLanguage\":\"it-IT\",\"potentialAction\":[{\"@type\":\"ReadAction\",\"target\":[\"https:\/\/www.pescafish.it\/new\/prodotto\/masukuroto-20gr-nories\/\"]}]}]}<\/script>\n<!-- \/ Yoast SEO plugin. -->","_links":{"self":[{"href":"https:\/\/www.pescafish.it\/new\/wp-json\/wp\/v2\/product\/40311"}],"collection":[{"href":"https:\/\/www.pescafish.it\/new\/wp-json\/wp\/v2\/product"}],"about":[{"href":"https:\/\/www.pescafish.it\/new\/wp-json\/wp\/v2\/types\/product"}],"replies":[{"embeddable":true,"href":"https:\/\/www.pescafish.it\/new\/wp-json\/wp\/v2\/comments?post=40311"}],"wp:featuredmedia":[{"embeddable":true,"href":"https:\/\/www.pescafish.it\/new\/wp-json\/wp\/v2\/media\/40312"}],"wp:attachment":[{"href":"https:\/\/www.pescafish.it\/new\/wp-json\/wp\/v2\/media?parent=40311"}],"wp:term":[{"taxonomy":"product_cat","embeddable":true,"href":"https:\/\/www.pescafish.it\/new\/wp-json\/wp\/v2\/product_cat?post=40311"},{"taxonomy":"product_tag","embeddable":true,"href":"https:\/\/www.pescafish.it\/new\/wp-json\/wp\/v2\/product_tag?post=40311"}],"curies":[{"name":"wp","href":"https:\/\/api.w.org\/{rel}","templated":true}]}}