{"id":39957,"date":"2017-04-22T09:56:25","date_gmt":"2017-04-22T07:56:25","guid":{"rendered":"http:\/\/www.pescafish.it\/new\/?post_type=product&#038;p=39957"},"modified":"2025-10-21T21:07:03","modified_gmt":"2025-10-21T19:07:03","slug":"pastura-3000-etang-1kg-sensas","status":"publish","type":"product","link":"https:\/\/www.pescafish.it\/new\/prodotto\/pastura-3000-etang-1kg-sensas\/","title":{"rendered":"Pastura 3000 Etang 1kg &#8211; Sensas"},"content":{"rendered":"<p>La pastura pi\u00f9 utilizzata per la pesca agonistica. Pastura a granulometria mediofine, di colore bruno\/ocra, con spiccato aroma dolce e tempo di dissoluzione in acqua molto rapido. Pu\u00f2 essere integrata con esche quali bigattini, fouilles, vermi, mais, caster, ecc.. Realizzata per la pesca in acque ferme o leggermente correnti con fondo morbido.<br \/>\nA seconda della quantit\u00e0 d?acqua utilizzata per la bagnatura, questa pastura si presta ad un utilizzo sia a mezz?acqua che sul fondo. Perfetta da utilizzare in ogni competizione e per insidiare qualsiasi tipo: carpe, carassi, scardole, breme, gardon, triotti, grosse alborelle, avole, rovelle, ecc. Se occorre aumentare la tenacit\u00e0 e la relativa consistenza, si consiglia di miscelarla al 70% od al 30% con la pastura 3000 Carpes Fine Mouture. Se invece si necessita di un composto ancor pi\u00f9 morbido, con una resa pi\u00f9 disgregante e di colorazione pi\u00f9 scura, si consiglia di miscelarla al 60% od al 40% con la pastura 3000 Breme Black.<\/p>\n<p><strong>Confezione da 1kg.<\/strong><\/p>\n","protected":false},"excerpt":{"rendered":"<p>La pastura pi\u00f9 utilizzata per la pesca agonistica. Pastura a granulometria mediofine, di colore bruno\/ocra, con spiccato aroma dolce e tempo di dissoluzione in acqua molto rapido. Pu\u00f2 essere integrata con esche quali bigattini, fouilles, vermi, mais, caster, ecc.. Realizzata per la pesca in acque ferme o leggermente correnti con fondo morbido. A seconda della [&hellip;]<\/p>\n","protected":false},"featured_media":39958,"comment_status":"closed","ping_status":"closed","template":"","meta":[],"product_cat":[705],"product_tag":[1041],"yoast_head":"<!-- This site is optimized with the Yoast SEO plugin v15.3 - https:\/\/yoast.com\/wordpress\/plugins\/seo\/ -->\n<title>Pastura 3000 Etang 1kg - Sensas - Pesca Fish<\/title>\n<meta name=\"robots\" content=\"index, follow, max-snippet:-1, max-image-preview:large, max-video-preview:-1\" \/>\n<link rel=\"canonical\" href=\"https:\/\/www.pescafish.it\/new\/prodotto\/pastura-3000-etang-1kg-sensas\/\" \/>\n<meta property=\"og:locale\" content=\"it_IT\" \/>\n<meta property=\"og:type\" content=\"article\" \/>\n<meta property=\"og:title\" content=\"Pastura 3000 Etang 1kg - Sensas - Pesca Fish\" \/>\n<meta property=\"og:description\" content=\"La pastura pi\u00f9 utilizzata per la pesca agonistica. Pastura a granulometria mediofine, di colore bruno\/ocra, con spiccato aroma dolce e tempo di dissoluzione in acqua molto rapido. Pu\u00f2 essere integrata con esche quali bigattini, fouilles, vermi, mais, caster, ecc.. Realizzata per la pesca in acque ferme o leggermente correnti con fondo morbido. A seconda della [&hellip;]\" \/>\n<meta property=\"og:url\" content=\"https:\/\/www.pescafish.it\/new\/prodotto\/pastura-3000-etang-1kg-sensas\/\" \/>\n<meta property=\"og:site_name\" content=\"Pesca Fish\" \/>\n<meta property=\"article:publisher\" content=\"https:\/\/www.facebook.com\/pescafishvr\/\" \/>\n<meta property=\"article:modified_time\" content=\"2025-10-21T19:07:03+00:00\" \/>\n<meta property=\"og:image\" content=\"https:\/\/www.pescafish.it\/new\/wp-content\/uploads\/2017\/04\/pastura-pesca-sensas-3000etangfinemouture.jpg\" \/>\n\t<meta property=\"og:image:width\" content=\"600\" \/>\n\t<meta property=\"og:image:height\" content=\"600\" \/>\n<meta name=\"twitter:card\" content=\"summary_large_image\" \/>\n<meta name=\"twitter:label1\" content=\"Scritto da\">\n\t<meta name=\"twitter:data1\" content=\"francesca\">\n\t<meta name=\"twitter:label2\" content=\"Tempo di lettura stimato\">\n\t<meta name=\"twitter:data2\" content=\"1 minuto\">\n<script type=\"application\/ld+json\" class=\"yoast-schema-graph\">{\"@context\":\"https:\/\/schema.org\",\"@graph\":[{\"@type\":\"WebSite\",\"@id\":\"https:\/\/www.pescafish.it\/new\/#website\",\"url\":\"https:\/\/www.pescafish.it\/new\/\",\"name\":\"Pesca Fish\",\"description\":\"Benvenuti sul nostro sito!\",\"potentialAction\":[{\"@type\":\"SearchAction\",\"target\":\"https:\/\/www.pescafish.it\/new\/?s={search_term_string}\",\"query-input\":\"required name=search_term_string\"}],\"inLanguage\":\"it-IT\"},{\"@type\":\"ImageObject\",\"@id\":\"https:\/\/www.pescafish.it\/new\/prodotto\/pastura-3000-etang-1kg-sensas\/#primaryimage\",\"inLanguage\":\"it-IT\",\"url\":\"https:\/\/www.pescafish.it\/new\/wp-content\/uploads\/2017\/04\/pastura-pesca-sensas-3000etangfinemouture.jpg\",\"width\":600,\"height\":600},{\"@type\":\"WebPage\",\"@id\":\"https:\/\/www.pescafish.it\/new\/prodotto\/pastura-3000-etang-1kg-sensas\/#webpage\",\"url\":\"https:\/\/www.pescafish.it\/new\/prodotto\/pastura-3000-etang-1kg-sensas\/\",\"name\":\"Pastura 3000 Etang 1kg - Sensas - Pesca Fish\",\"isPartOf\":{\"@id\":\"https:\/\/www.pescafish.it\/new\/#website\"},\"primaryImageOfPage\":{\"@id\":\"https:\/\/www.pescafish.it\/new\/prodotto\/pastura-3000-etang-1kg-sensas\/#primaryimage\"},\"datePublished\":\"2017-04-22T07:56:25+00:00\",\"dateModified\":\"2025-10-21T19:07:03+00:00\",\"inLanguage\":\"it-IT\",\"potentialAction\":[{\"@type\":\"ReadAction\",\"target\":[\"https:\/\/www.pescafish.it\/new\/prodotto\/pastura-3000-etang-1kg-sensas\/\"]}]}]}<\/script>\n<!-- \/ Yoast SEO plugin. -->","_links":{"self":[{"href":"https:\/\/www.pescafish.it\/new\/wp-json\/wp\/v2\/product\/39957"}],"collection":[{"href":"https:\/\/www.pescafish.it\/new\/wp-json\/wp\/v2\/product"}],"about":[{"href":"https:\/\/www.pescafish.it\/new\/wp-json\/wp\/v2\/types\/product"}],"replies":[{"embeddable":true,"href":"https:\/\/www.pescafish.it\/new\/wp-json\/wp\/v2\/comments?post=39957"}],"wp:featuredmedia":[{"embeddable":true,"href":"https:\/\/www.pescafish.it\/new\/wp-json\/wp\/v2\/media\/39958"}],"wp:attachment":[{"href":"https:\/\/www.pescafish.it\/new\/wp-json\/wp\/v2\/media?parent=39957"}],"wp:term":[{"taxonomy":"product_cat","embeddable":true,"href":"https:\/\/www.pescafish.it\/new\/wp-json\/wp\/v2\/product_cat?post=39957"},{"taxonomy":"product_tag","embeddable":true,"href":"https:\/\/www.pescafish.it\/new\/wp-json\/wp\/v2\/product_tag?post=39957"}],"curies":[{"name":"wp","href":"https:\/\/api.w.org\/{rel}","templated":true}]}}