{"id":39830,"date":"2017-04-20T12:24:05","date_gmt":"2017-04-20T10:24:05","guid":{"rendered":"http:\/\/www.pescafish.it\/new\/?post_type=product&#038;p=39830"},"modified":"2025-03-28T12:03:35","modified_gmt":"2025-03-28T11:03:35","slug":"oli-essenziali-nutrabaits","status":"publish","type":"product","link":"https:\/\/www.pescafish.it\/new\/prodotto\/oli-essenziali-nutrabaits\/","title":{"rendered":"Oli Essenziali &#8211; Nutrabaits"},"content":{"rendered":"<h2>Oli Essenziali Nutrabaits<\/h2>\n<p><strong>BLACK PEPPER:<\/strong> Adatto in ogni periodo dell&#8217;anno e per tutti i tipi di mix, \u00e8 da sempre il favorito per i consumatori di prodotti Nutrabaits. Viene distillato da piante rampicanti che crescono nelle Indie Orientali. Ha un odore particolarissimo! E&#8217; il classico dei classici! Diffidate dalle molte imitazioni&#8230; Il Black Pepper Oil Nutrabaits non teme rivali in termini di odore ma sopratutto di catture!<\/p>\n<p><strong>BERGAMOT (Bergamotto): <\/strong>Estratto dalla scorza di un frutto che assomiglia ad un&#8217;arancia, \u00e8 anche l&#8217;aroma dell&#8217; Earl Grey Tea. Viene anche usato nello Strawberry, Cream and Bergamot combo. Usatelo senza paura tutto l&#8217;anno e con ogni base di mix.<\/p>\n<p><strong>CASSIA TERPENES (Cassia): <\/strong>Uno dei pi\u00f9 istantanei e dei pi\u00f9 amati dalle grosse carpe Comuni specialmente se unito a 15ml di melassa. Ha un&#8217;odore simile alla cannella ma pi\u00f9 vivace. Per l&#8217;inverno arricchitelo con Emulsifer, per il resto dell&#8217;anno \u00e8 terrificante se usato solo!<\/p>\n<p><strong>YLANG YLANG: <\/strong>Distillato dei petali del fiore della pianta Malesiana del Ylang e conosciuto per i risultati che ha dato nelle sessioni in tutta Europa. Usatelo da solo o con Saffron Elite o Violet UTCS. Istantaneo e nello stesso tempo ideale anche per il lungo periodo, usatelo tutto l&#8217;anno.<\/p>\n<p><strong>Jaffa (Arancia d&#8217;Israele):<\/strong> Ideale nelle acque fredde, pu\u00f2 essere usato con Cream Elite, Cream Caramel Elite, Toffee o Honey Elie. E&#8217; un&#8217;olio che non richiede pasturazioni preventive.<\/p>\n<p><strong>FENNEL: <\/strong>Uno dei pi\u00f9 conosciuti, ma anche dei pi\u00f9 efficaci! L&#8217;odore \u00e8 simile all&#8217; Aniseed Oil, ma dai nostri test risulta superiore. Efficace tutto l&#8217;anno, pu\u00f2 essere utilizzato sia solo sia combinandolo con l&#8217; N-Butyric Acid, 3 goccie di ognuno per 500gr di mix sono perfette!<\/p>\n<p><strong>Black Pepper:<\/strong> Senza dubbio il pi\u00f9 popolare tra tutti i nostri oli essenziali, il Pepe Nero ha rappresentato innumerevoli pesci di grandi dimensioni nel corso degli anni, sia da solo che quando combinato con un numero qualsiasi di altri aromi \/ additivi. Il Pepe Nero si \u00e8 saldamente affermato come uno dei preferiti da molti utenti di Nutrabaits nel corso di molti anni.\u00c8 un fatto poco noto che l&#8217;olio di Pepe Nero dal profumo meraviglioso in realt\u00e0 aiuta il processo digestivo e come tale \u00e8 un&#8217;aggiunta formidabile a qualsiasi applicazione di esche alimentari a lungo termine.Come per tutti gli oli essenziali, controlla sempre la qualit\u00e0 poich\u00e9 purtroppo ci sono molte alternative di bassa qualit\u00e0 in circolazione, che li rendono praticamente inutili per l&#8217;uso nelle esche per carpe.<\/p>\n<p><strong>Disponibile nelle seguenti aromatizzazioni:\u00a0<\/strong><\/p>\n<p><strong>NU4045\u00a0<\/strong> Funnel<br \/>\n<strong>NU266\u00a0<\/strong> Jaffa<br \/>\n<strong>NU254\u00a0<\/strong> Ylang Ylang<br \/>\n<strong>NU253\u00a0<\/strong> Cassia<br \/>\n<strong>NU244\u00a0<\/strong> Bergamot<br \/>\n<strong>NU242\u00a0<\/strong> Black Papper<br \/>\n<strong>NU251<\/strong>\u00a0 Garlic<\/p>\n","protected":false},"excerpt":{"rendered":"<p>Oli Essenziali Nutrabaits BLACK PEPPER: Adatto in ogni periodo dell&#8217;anno e per tutti i tipi di mix, \u00e8 da sempre il favorito per i consumatori di prodotti Nutrabaits. Viene distillato da piante rampicanti che crescono nelle Indie Orientali. Ha un odore particolarissimo! E&#8217; il classico dei classici! Diffidate dalle molte imitazioni&#8230; Il Black Pepper Oil [&hellip;]<\/p>\n","protected":false},"featured_media":39840,"comment_status":"closed","ping_status":"closed","template":"","meta":[],"product_cat":[943],"product_tag":[1049],"yoast_head":"<!-- This site is optimized with the Yoast SEO plugin v15.3 - https:\/\/yoast.com\/wordpress\/plugins\/seo\/ -->\n<title>Oli Essenziali - Nutrabaits - Pesca Fish<\/title>\n<meta name=\"description\" content=\"Oli Essenziali - Nutrabaits | Per informazioni scriveteci a info@pescafish.it oppure contattateci allo 045\/6100748\" \/>\n<meta name=\"robots\" content=\"index, follow, max-snippet:-1, max-image-preview:large, max-video-preview:-1\" \/>\n<link rel=\"canonical\" href=\"https:\/\/www.pescafish.it\/new\/prodotto\/oli-essenziali-nutrabaits\/\" \/>\n<meta property=\"og:locale\" content=\"it_IT\" \/>\n<meta property=\"og:type\" content=\"article\" \/>\n<meta property=\"og:title\" content=\"Oli Essenziali - Nutrabaits - Pesca Fish\" \/>\n<meta property=\"og:description\" content=\"Oli Essenziali - Nutrabaits | Per informazioni scriveteci a info@pescafish.it oppure contattateci allo 045\/6100748\" \/>\n<meta property=\"og:url\" content=\"https:\/\/www.pescafish.it\/new\/prodotto\/oli-essenziali-nutrabaits\/\" \/>\n<meta property=\"og:site_name\" content=\"Pesca Fish\" \/>\n<meta property=\"article:publisher\" content=\"https:\/\/www.facebook.com\/pescafishvr\/\" \/>\n<meta property=\"article:modified_time\" content=\"2025-03-28T11:03:35+00:00\" \/>\n<meta property=\"og:image\" content=\"https:\/\/www.pescafish.it\/new\/wp-content\/uploads\/2017\/04\/1247.jpg\" \/>\n\t<meta property=\"og:image:width\" content=\"1000\" \/>\n\t<meta property=\"og:image:height\" content=\"667\" \/>\n<meta name=\"twitter:card\" content=\"summary_large_image\" \/>\n<meta name=\"twitter:label1\" content=\"Scritto da\">\n\t<meta name=\"twitter:data1\" content=\"francesca\">\n\t<meta name=\"twitter:label2\" content=\"Tempo di lettura stimato\">\n\t<meta name=\"twitter:data2\" content=\"2 minuti\">\n<script type=\"application\/ld+json\" class=\"yoast-schema-graph\">{\"@context\":\"https:\/\/schema.org\",\"@graph\":[{\"@type\":\"WebSite\",\"@id\":\"https:\/\/www.pescafish.it\/new\/#website\",\"url\":\"https:\/\/www.pescafish.it\/new\/\",\"name\":\"Pesca Fish\",\"description\":\"Benvenuti sul nostro sito!\",\"potentialAction\":[{\"@type\":\"SearchAction\",\"target\":\"https:\/\/www.pescafish.it\/new\/?s={search_term_string}\",\"query-input\":\"required name=search_term_string\"}],\"inLanguage\":\"it-IT\"},{\"@type\":\"ImageObject\",\"@id\":\"https:\/\/www.pescafish.it\/new\/prodotto\/oli-essenziali-nutrabaits\/#primaryimage\",\"inLanguage\":\"it-IT\",\"url\":\"https:\/\/www.pescafish.it\/new\/wp-content\/uploads\/2017\/04\/1247.jpg\",\"width\":1000,\"height\":667,\"caption\":\"OLIO ESSENZIALE NUTRABAITS\"},{\"@type\":\"WebPage\",\"@id\":\"https:\/\/www.pescafish.it\/new\/prodotto\/oli-essenziali-nutrabaits\/#webpage\",\"url\":\"https:\/\/www.pescafish.it\/new\/prodotto\/oli-essenziali-nutrabaits\/\",\"name\":\"Oli Essenziali - Nutrabaits - Pesca Fish\",\"isPartOf\":{\"@id\":\"https:\/\/www.pescafish.it\/new\/#website\"},\"primaryImageOfPage\":{\"@id\":\"https:\/\/www.pescafish.it\/new\/prodotto\/oli-essenziali-nutrabaits\/#primaryimage\"},\"datePublished\":\"2017-04-20T10:24:05+00:00\",\"dateModified\":\"2025-03-28T11:03:35+00:00\",\"description\":\"Oli Essenziali - Nutrabaits | Per informazioni scriveteci a info@pescafish.it oppure contattateci allo 045\/6100748\",\"inLanguage\":\"it-IT\",\"potentialAction\":[{\"@type\":\"ReadAction\",\"target\":[\"https:\/\/www.pescafish.it\/new\/prodotto\/oli-essenziali-nutrabaits\/\"]}]}]}<\/script>\n<!-- \/ Yoast SEO plugin. -->","_links":{"self":[{"href":"https:\/\/www.pescafish.it\/new\/wp-json\/wp\/v2\/product\/39830"}],"collection":[{"href":"https:\/\/www.pescafish.it\/new\/wp-json\/wp\/v2\/product"}],"about":[{"href":"https:\/\/www.pescafish.it\/new\/wp-json\/wp\/v2\/types\/product"}],"replies":[{"embeddable":true,"href":"https:\/\/www.pescafish.it\/new\/wp-json\/wp\/v2\/comments?post=39830"}],"wp:featuredmedia":[{"embeddable":true,"href":"https:\/\/www.pescafish.it\/new\/wp-json\/wp\/v2\/media\/39840"}],"wp:attachment":[{"href":"https:\/\/www.pescafish.it\/new\/wp-json\/wp\/v2\/media?parent=39830"}],"wp:term":[{"taxonomy":"product_cat","embeddable":true,"href":"https:\/\/www.pescafish.it\/new\/wp-json\/wp\/v2\/product_cat?post=39830"},{"taxonomy":"product_tag","embeddable":true,"href":"https:\/\/www.pescafish.it\/new\/wp-json\/wp\/v2\/product_tag?post=39830"}],"curies":[{"name":"wp","href":"https:\/\/api.w.org\/{rel}","templated":true}]}}