{"id":34812,"date":"2016-10-13T16:33:25","date_gmt":"2016-10-13T14:33:25","guid":{"rendered":"http:\/\/www.pescafish.it\/new\/?post_type=product&#038;p=34812"},"modified":"2026-02-14T23:07:07","modified_gmt":"2026-02-14T22:07:07","slug":"squidliver-farina-2-5kg-imperial-baits","status":"publish","type":"product","link":"https:\/\/www.pescafish.it\/new\/prodotto\/squidliver-farina-2-5kg-imperial-baits\/","title":{"rendered":"Squid\/Liver Farina 2.5kg &#8211; Imperial Baits"},"content":{"rendered":"<p>Il concentrato Carptrack di calamaro\/fegato \u00e8 una farina molto solubile, che contiene una forte proporzione di aminoacidi liberi. Questi ingredienti speciali per boilies devono essere utilizzati in una percentuale del 10% ma i test effettuati hanno dimostrato che si pu\u00f2 arrivare fino al 50% e vi permetter\u00e0 di arricchire in modo significativo tutti i tipi di mix. Il loro forte potere gustativo doner\u00e0 al vostro mix un\u2019attrazione persistente in tutte le situazioni.<\/p>\n<p>Confezione da 2.5kg<\/p>\n<p>&nbsp;<\/p>\n","protected":false},"excerpt":{"rendered":"<p>Il concentrato Carptrack di calamaro\/fegato \u00e8 una farina molto solubile, che contiene una forte proporzione di aminoacidi liberi. Questi ingredienti speciali per boilies devono essere utilizzati in una percentuale del 10% ma i test effettuati hanno dimostrato che si pu\u00f2 arrivare fino al 50% e vi permetter\u00e0 di arricchire in modo significativo tutti i tipi [&hellip;]<\/p>\n","protected":false},"featured_media":34813,"comment_status":"open","ping_status":"closed","template":"","meta":[],"product_cat":[924],"product_tag":[],"yoast_head":"<!-- This site is optimized with the Yoast SEO plugin v15.3 - https:\/\/yoast.com\/wordpress\/plugins\/seo\/ -->\n<title>Squid\/Liver Farina 2.5kg - Imperial Baits - Pesca Fish<\/title>\n<meta name=\"robots\" content=\"index, follow, max-snippet:-1, max-image-preview:large, max-video-preview:-1\" \/>\n<link rel=\"canonical\" href=\"https:\/\/www.pescafish.it\/new\/prodotto\/squidliver-farina-2-5kg-imperial-baits\/\" \/>\n<meta property=\"og:locale\" content=\"it_IT\" \/>\n<meta property=\"og:type\" content=\"article\" \/>\n<meta property=\"og:title\" content=\"Squid\/Liver Farina 2.5kg - Imperial Baits - Pesca Fish\" \/>\n<meta property=\"og:description\" content=\"Il concentrato Carptrack di calamaro\/fegato \u00e8 una farina molto solubile, che contiene una forte proporzione di aminoacidi liberi. Questi ingredienti speciali per boilies devono essere utilizzati in una percentuale del 10% ma i test effettuati hanno dimostrato che si pu\u00f2 arrivare fino al 50% e vi permetter\u00e0 di arricchire in modo significativo tutti i tipi [&hellip;]\" \/>\n<meta property=\"og:url\" content=\"https:\/\/www.pescafish.it\/new\/prodotto\/squidliver-farina-2-5kg-imperial-baits\/\" \/>\n<meta property=\"og:site_name\" content=\"Pesca Fish\" \/>\n<meta property=\"article:publisher\" content=\"https:\/\/www.facebook.com\/pescafishvr\/\" \/>\n<meta property=\"article:modified_time\" content=\"2026-02-14T22:07:07+00:00\" \/>\n<meta property=\"og:image\" content=\"https:\/\/www.pescafish.it\/new\/wp-content\/uploads\/2016\/10\/SQUID-LIVER.png\" \/>\n\t<meta property=\"og:image:width\" content=\"600\" \/>\n\t<meta property=\"og:image:height\" content=\"600\" \/>\n<meta name=\"twitter:card\" content=\"summary_large_image\" \/>\n<meta name=\"twitter:label1\" content=\"Scritto da\">\n\t<meta name=\"twitter:data1\" content=\"francesca\">\n\t<meta name=\"twitter:label2\" content=\"Tempo di lettura stimato\">\n\t<meta name=\"twitter:data2\" content=\"0 minuti\">\n<script type=\"application\/ld+json\" class=\"yoast-schema-graph\">{\"@context\":\"https:\/\/schema.org\",\"@graph\":[{\"@type\":\"WebSite\",\"@id\":\"https:\/\/www.pescafish.it\/new\/#website\",\"url\":\"https:\/\/www.pescafish.it\/new\/\",\"name\":\"Pesca Fish\",\"description\":\"Benvenuti sul nostro sito!\",\"potentialAction\":[{\"@type\":\"SearchAction\",\"target\":\"https:\/\/www.pescafish.it\/new\/?s={search_term_string}\",\"query-input\":\"required name=search_term_string\"}],\"inLanguage\":\"it-IT\"},{\"@type\":\"ImageObject\",\"@id\":\"https:\/\/www.pescafish.it\/new\/prodotto\/squidliver-farina-2-5kg-imperial-baits\/#primaryimage\",\"inLanguage\":\"it-IT\",\"url\":\"https:\/\/www.pescafish.it\/new\/wp-content\/uploads\/2016\/10\/SQUID-LIVER.png\",\"width\":600,\"height\":600},{\"@type\":\"WebPage\",\"@id\":\"https:\/\/www.pescafish.it\/new\/prodotto\/squidliver-farina-2-5kg-imperial-baits\/#webpage\",\"url\":\"https:\/\/www.pescafish.it\/new\/prodotto\/squidliver-farina-2-5kg-imperial-baits\/\",\"name\":\"Squid\/Liver Farina 2.5kg - Imperial Baits - Pesca Fish\",\"isPartOf\":{\"@id\":\"https:\/\/www.pescafish.it\/new\/#website\"},\"primaryImageOfPage\":{\"@id\":\"https:\/\/www.pescafish.it\/new\/prodotto\/squidliver-farina-2-5kg-imperial-baits\/#primaryimage\"},\"datePublished\":\"2016-10-13T14:33:25+00:00\",\"dateModified\":\"2026-02-14T22:07:07+00:00\",\"inLanguage\":\"it-IT\",\"potentialAction\":[{\"@type\":\"ReadAction\",\"target\":[\"https:\/\/www.pescafish.it\/new\/prodotto\/squidliver-farina-2-5kg-imperial-baits\/\"]}]}]}<\/script>\n<!-- \/ Yoast SEO plugin. -->","_links":{"self":[{"href":"https:\/\/www.pescafish.it\/new\/wp-json\/wp\/v2\/product\/34812"}],"collection":[{"href":"https:\/\/www.pescafish.it\/new\/wp-json\/wp\/v2\/product"}],"about":[{"href":"https:\/\/www.pescafish.it\/new\/wp-json\/wp\/v2\/types\/product"}],"replies":[{"embeddable":true,"href":"https:\/\/www.pescafish.it\/new\/wp-json\/wp\/v2\/comments?post=34812"}],"wp:featuredmedia":[{"embeddable":true,"href":"https:\/\/www.pescafish.it\/new\/wp-json\/wp\/v2\/media\/34813"}],"wp:attachment":[{"href":"https:\/\/www.pescafish.it\/new\/wp-json\/wp\/v2\/media?parent=34812"}],"wp:term":[{"taxonomy":"product_cat","embeddable":true,"href":"https:\/\/www.pescafish.it\/new\/wp-json\/wp\/v2\/product_cat?post=34812"},{"taxonomy":"product_tag","embeddable":true,"href":"https:\/\/www.pescafish.it\/new\/wp-json\/wp\/v2\/product_tag?post=34812"}],"curies":[{"name":"wp","href":"https:\/\/api.w.org\/{rel}","templated":true}]}}