{"id":28420,"date":"2016-02-23T19:20:24","date_gmt":"2016-02-23T18:20:24","guid":{"rendered":"http:\/\/www.pescafish.it\/new\/?post_type=product&#038;p=28420"},"modified":"2025-06-10T15:59:43","modified_gmt":"2025-06-10T13:59:43","slug":"jig-minnow-100-molix","status":"publish","type":"product","link":"https:\/\/www.pescafish.it\/new\/prodotto\/jig-minnow-100-molix\/","title":{"rendered":"Jig Minnow 100 &#8211; Molix"},"content":{"rendered":"<p>Il <strong>JM100<\/strong> \u00e8 un jig minnow dedicato ai predatori pelagici e costieri.<br \/>\nE\u2019 un\u2019esca precisa sul lancio, efficacissimo sulle mangianze pescando off-shore, si riveler\u00e0 ottimo anche da riva e da scogliera, nlla\u00a0ricerca di spigole sospettose e grossi serra. Incredibilmente adescante in caduta, scender\u00e0 vero il fondo vibrando con un\u2019accentuata azione di wobbling che render\u00e0 l\u2019esca visibile anche a distanza. Durante il recupero il nuoto \u00e8 caratterizzato da un rolling ampio e silenzioso mentre nell\u2019azione di jerking le sbandate ampie e irregolari simuleranno un piccolo pesce foraggio in fuga.<br \/>\nIl <strong>JM100<\/strong> non teme i grandi predatori e al suo interno nasconde un\u2019armatura passante full wire in acciaio inox di generose dimensioni. La scocca \u00e8 molto resistente perch\u00e9 realizzata in ABS di altissima qualit\u00e0. Allo stesso modo, il trattamento della superficie dell\u2019esca in 3D, rende le colorazioni pi\u00f9 resistenti e ne migliora l\u2019aspetto.<br \/>\nSi presta ad essere utilizzato oltre che con le ancorette in dotazione, anche con strong single hook OMTD OH 2100 misura 2\/0.<\/p>\n<p><strong>Lunghezza:<\/strong> 10 cm \u2013 4&#8243;<br \/>\n<strong>Peso:<\/strong> 35 g \u2013 1.1\/4 oz<\/p>\n<p><strong>Disponibile nelle seguenti varianti di colore:<\/strong><br \/>\n<strong>JM100-SW30\u00a0<\/strong> Pearl White Holo Stripe<br \/>\n<strong>JM100-116<\/strong>\u00a0 Occhiata<br \/>\n<strong>JM100-SW27\u00a0<\/strong> Crazy Pink<\/p>\n<p>&nbsp;<\/p>\n","protected":false},"excerpt":{"rendered":"<p>Il JM100 \u00e8 un jig minnow dedicato ai predatori pelagici e costieri. E\u2019 un\u2019esca precisa sul lancio, efficacissimo sulle mangianze pescando off-shore, si riveler\u00e0 ottimo anche da riva e da scogliera, nlla\u00a0ricerca di spigole sospettose e grossi serra. Incredibilmente adescante in caduta, scender\u00e0 vero il fondo vibrando con un\u2019accentuata azione di wobbling che render\u00e0 l\u2019esca [&hellip;]<\/p>\n","protected":false},"featured_media":28806,"comment_status":"closed","ping_status":"closed","template":"","meta":[],"product_cat":[620],"product_tag":[1025],"yoast_head":"<!-- This site is optimized with the Yoast SEO plugin v15.3 - https:\/\/yoast.com\/wordpress\/plugins\/seo\/ -->\n<title>Jig Minnow 100 - Molix - Pesca Fish<\/title>\n<meta name=\"robots\" content=\"index, follow, max-snippet:-1, max-image-preview:large, max-video-preview:-1\" \/>\n<link rel=\"canonical\" href=\"https:\/\/www.pescafish.it\/new\/prodotto\/jig-minnow-100-molix\/\" \/>\n<meta property=\"og:locale\" content=\"it_IT\" \/>\n<meta property=\"og:type\" content=\"article\" \/>\n<meta property=\"og:title\" content=\"Jig Minnow 100 - Molix - Pesca Fish\" \/>\n<meta property=\"og:description\" content=\"Il JM100 \u00e8 un jig minnow dedicato ai predatori pelagici e costieri. E\u2019 un\u2019esca precisa sul lancio, efficacissimo sulle mangianze pescando off-shore, si riveler\u00e0 ottimo anche da riva e da scogliera, nlla\u00a0ricerca di spigole sospettose e grossi serra. Incredibilmente adescante in caduta, scender\u00e0 vero il fondo vibrando con un\u2019accentuata azione di wobbling che render\u00e0 l\u2019esca [&hellip;]\" \/>\n<meta property=\"og:url\" content=\"https:\/\/www.pescafish.it\/new\/prodotto\/jig-minnow-100-molix\/\" \/>\n<meta property=\"og:site_name\" content=\"Pesca Fish\" \/>\n<meta property=\"article:publisher\" content=\"https:\/\/www.facebook.com\/pescafishvr\/\" \/>\n<meta property=\"article:modified_time\" content=\"2025-06-10T13:59:43+00:00\" \/>\n<meta property=\"og:image\" content=\"https:\/\/www.pescafish.it\/new\/wp-content\/uploads\/2016\/02\/molix-jig.jpg\" \/>\n\t<meta property=\"og:image:width\" content=\"259\" \/>\n\t<meta property=\"og:image:height\" content=\"194\" \/>\n<meta name=\"twitter:card\" content=\"summary_large_image\" \/>\n<meta name=\"twitter:label1\" content=\"Scritto da\">\n\t<meta name=\"twitter:data1\" content=\"francesca\">\n\t<meta name=\"twitter:label2\" content=\"Tempo di lettura stimato\">\n\t<meta name=\"twitter:data2\" content=\"1 minuto\">\n<script type=\"application\/ld+json\" class=\"yoast-schema-graph\">{\"@context\":\"https:\/\/schema.org\",\"@graph\":[{\"@type\":\"WebSite\",\"@id\":\"https:\/\/www.pescafish.it\/new\/#website\",\"url\":\"https:\/\/www.pescafish.it\/new\/\",\"name\":\"Pesca Fish\",\"description\":\"Benvenuti sul nostro sito!\",\"potentialAction\":[{\"@type\":\"SearchAction\",\"target\":\"https:\/\/www.pescafish.it\/new\/?s={search_term_string}\",\"query-input\":\"required name=search_term_string\"}],\"inLanguage\":\"it-IT\"},{\"@type\":\"ImageObject\",\"@id\":\"https:\/\/www.pescafish.it\/new\/prodotto\/jig-minnow-100-molix\/#primaryimage\",\"inLanguage\":\"it-IT\",\"url\":\"https:\/\/www.pescafish.it\/new\/wp-content\/uploads\/2016\/02\/molix-jig.jpg\",\"width\":259,\"height\":194},{\"@type\":\"WebPage\",\"@id\":\"https:\/\/www.pescafish.it\/new\/prodotto\/jig-minnow-100-molix\/#webpage\",\"url\":\"https:\/\/www.pescafish.it\/new\/prodotto\/jig-minnow-100-molix\/\",\"name\":\"Jig Minnow 100 - Molix - Pesca Fish\",\"isPartOf\":{\"@id\":\"https:\/\/www.pescafish.it\/new\/#website\"},\"primaryImageOfPage\":{\"@id\":\"https:\/\/www.pescafish.it\/new\/prodotto\/jig-minnow-100-molix\/#primaryimage\"},\"datePublished\":\"2016-02-23T18:20:24+00:00\",\"dateModified\":\"2025-06-10T13:59:43+00:00\",\"inLanguage\":\"it-IT\",\"potentialAction\":[{\"@type\":\"ReadAction\",\"target\":[\"https:\/\/www.pescafish.it\/new\/prodotto\/jig-minnow-100-molix\/\"]}]}]}<\/script>\n<!-- \/ Yoast SEO plugin. -->","_links":{"self":[{"href":"https:\/\/www.pescafish.it\/new\/wp-json\/wp\/v2\/product\/28420"}],"collection":[{"href":"https:\/\/www.pescafish.it\/new\/wp-json\/wp\/v2\/product"}],"about":[{"href":"https:\/\/www.pescafish.it\/new\/wp-json\/wp\/v2\/types\/product"}],"replies":[{"embeddable":true,"href":"https:\/\/www.pescafish.it\/new\/wp-json\/wp\/v2\/comments?post=28420"}],"wp:featuredmedia":[{"embeddable":true,"href":"https:\/\/www.pescafish.it\/new\/wp-json\/wp\/v2\/media\/28806"}],"wp:attachment":[{"href":"https:\/\/www.pescafish.it\/new\/wp-json\/wp\/v2\/media?parent=28420"}],"wp:term":[{"taxonomy":"product_cat","embeddable":true,"href":"https:\/\/www.pescafish.it\/new\/wp-json\/wp\/v2\/product_cat?post=28420"},{"taxonomy":"product_tag","embeddable":true,"href":"https:\/\/www.pescafish.it\/new\/wp-json\/wp\/v2\/product_tag?post=28420"}],"curies":[{"name":"wp","href":"https:\/\/api.w.org\/{rel}","templated":true}]}}