{"id":16302,"date":"2015-12-01T11:37:27","date_gmt":"2015-12-01T10:37:27","guid":{"rendered":"http:\/\/www.pescafish.it\/new\/ardito-5gr-panther-martin"},"modified":"2025-03-11T11:05:23","modified_gmt":"2025-03-11T10:05:23","slug":"ardito-5gr-panther-martin","status":"publish","type":"product","link":"https:\/\/www.pescafish.it\/new\/prodotto\/ardito-5gr-panther-martin\/","title":{"rendered":"Ardito 5gr &#8211; Panther Martin"},"content":{"rendered":"<p><b>Storico ondulante Made in Italy sempre valido e attuale. Grazie ai suoi movimenti \u00e8 efficacissimo ed induce i predatori ad attaccare, anche quelli pi\u00f9 apatici. Resta il pi\u00f9 classico ondulante che non deve mai mancare tra gli artificiali di ogni pescatore.<\/b><\/p>\n<p><b>Peso:<\/b> 5gr<\/p>\n<p><b>Disponibile nelle seguenti colorazioni:<\/b><br \/>\n<b>C830-FO<\/b>\u00a0 Fluo Orange (fig.<b>FO<\/b>)<br \/>\n<b>C830-FR<\/b>\u00a0 Fluo Red (fig.<b>FR<\/b>)<br \/>\n<b>C830-FF<\/b>\u00a0 Fluo Fucsia (fig.<b>FF<\/b>)<br \/>\n<b>C830-FY<\/b>\u00a0 Fluo Yellow (fig.<b>FY<\/b>)<br \/>\n<b>C830-I<\/b>\u00a0\u00a0 Iridescente (fig.<b>I<\/b>)<br \/>\n<b>C830-P<\/b>\u00a0 Perla (fig.<b>P<\/b>)<br \/>\n<b>C830-T<\/b>\u00a0 Tiger (fig.<b>T<\/b>)<\/p>\n","protected":false},"excerpt":{"rendered":"<p>Storico ondulante Made in Italy sempre valido e attuale. Grazie ai suoi movimenti \u00e8 efficacissimo ed induce i predatori ad attaccare, anche quelli pi\u00f9 apatici. Resta il pi\u00f9 classico ondulante che non deve mai mancare tra gli artificiali di ogni pescatore. Peso: 5gr Disponibile nelle seguenti colorazioni: C830-FO\u00a0 Fluo Orange (fig.FO) C830-FR\u00a0 Fluo Red (fig.FR) [&hellip;]<\/p>\n","protected":false},"featured_media":22374,"comment_status":"closed","ping_status":"closed","template":"","meta":[],"product_cat":[128],"product_tag":[],"yoast_head":"<!-- This site is optimized with the Yoast SEO plugin v15.3 - https:\/\/yoast.com\/wordpress\/plugins\/seo\/ -->\n<title>Ardito 5gr - Panther Martin - Pesca Fish<\/title>\n<meta name=\"robots\" content=\"index, follow, max-snippet:-1, max-image-preview:large, max-video-preview:-1\" \/>\n<link rel=\"canonical\" href=\"https:\/\/www.pescafish.it\/new\/prodotto\/ardito-5gr-panther-martin\/\" \/>\n<meta property=\"og:locale\" content=\"it_IT\" \/>\n<meta property=\"og:type\" content=\"article\" \/>\n<meta property=\"og:title\" content=\"Ardito 5gr - Panther Martin - Pesca Fish\" \/>\n<meta property=\"og:description\" content=\"Storico ondulante Made in Italy sempre valido e attuale. Grazie ai suoi movimenti \u00e8 efficacissimo ed induce i predatori ad attaccare, anche quelli pi\u00f9 apatici. Resta il pi\u00f9 classico ondulante che non deve mai mancare tra gli artificiali di ogni pescatore. Peso: 5gr Disponibile nelle seguenti colorazioni: C830-FO\u00a0 Fluo Orange (fig.FO) C830-FR\u00a0 Fluo Red (fig.FR) [&hellip;]\" \/>\n<meta property=\"og:url\" content=\"https:\/\/www.pescafish.it\/new\/prodotto\/ardito-5gr-panther-martin\/\" \/>\n<meta property=\"og:site_name\" content=\"Pesca Fish\" \/>\n<meta property=\"article:publisher\" content=\"https:\/\/www.facebook.com\/pescafishvr\/\" \/>\n<meta property=\"article:modified_time\" content=\"2025-03-11T10:05:23+00:00\" \/>\n<meta property=\"og:image\" content=\"https:\/\/www.pescafish.it\/new\/wp-content\/uploads\/2015\/12\/629743a01362784108da1a84644d8807.jpg\" \/>\n\t<meta property=\"og:image:width\" content=\"300\" \/>\n\t<meta property=\"og:image:height\" content=\"810\" \/>\n<meta name=\"twitter:card\" content=\"summary_large_image\" \/>\n<meta name=\"twitter:label1\" content=\"Scritto da\">\n\t<meta name=\"twitter:data1\" content=\"francesca\">\n\t<meta name=\"twitter:label2\" content=\"Tempo di lettura stimato\">\n\t<meta name=\"twitter:data2\" content=\"0 minuti\">\n<script type=\"application\/ld+json\" class=\"yoast-schema-graph\">{\"@context\":\"https:\/\/schema.org\",\"@graph\":[{\"@type\":\"WebSite\",\"@id\":\"https:\/\/www.pescafish.it\/new\/#website\",\"url\":\"https:\/\/www.pescafish.it\/new\/\",\"name\":\"Pesca Fish\",\"description\":\"Benvenuti sul nostro sito!\",\"potentialAction\":[{\"@type\":\"SearchAction\",\"target\":\"https:\/\/www.pescafish.it\/new\/?s={search_term_string}\",\"query-input\":\"required name=search_term_string\"}],\"inLanguage\":\"it-IT\"},{\"@type\":\"ImageObject\",\"@id\":\"https:\/\/www.pescafish.it\/new\/prodotto\/ardito-5gr-panther-martin\/#primaryimage\",\"inLanguage\":\"it-IT\",\"url\":\"https:\/\/www.pescafish.it\/new\/wp-content\/uploads\/2015\/12\/629743a01362784108da1a84644d8807.jpg\",\"width\":300,\"height\":810},{\"@type\":\"WebPage\",\"@id\":\"https:\/\/www.pescafish.it\/new\/prodotto\/ardito-5gr-panther-martin\/#webpage\",\"url\":\"https:\/\/www.pescafish.it\/new\/prodotto\/ardito-5gr-panther-martin\/\",\"name\":\"Ardito 5gr - Panther Martin - Pesca Fish\",\"isPartOf\":{\"@id\":\"https:\/\/www.pescafish.it\/new\/#website\"},\"primaryImageOfPage\":{\"@id\":\"https:\/\/www.pescafish.it\/new\/prodotto\/ardito-5gr-panther-martin\/#primaryimage\"},\"datePublished\":\"2015-12-01T10:37:27+00:00\",\"dateModified\":\"2025-03-11T10:05:23+00:00\",\"inLanguage\":\"it-IT\",\"potentialAction\":[{\"@type\":\"ReadAction\",\"target\":[\"https:\/\/www.pescafish.it\/new\/prodotto\/ardito-5gr-panther-martin\/\"]}]}]}<\/script>\n<!-- \/ Yoast SEO plugin. -->","_links":{"self":[{"href":"https:\/\/www.pescafish.it\/new\/wp-json\/wp\/v2\/product\/16302"}],"collection":[{"href":"https:\/\/www.pescafish.it\/new\/wp-json\/wp\/v2\/product"}],"about":[{"href":"https:\/\/www.pescafish.it\/new\/wp-json\/wp\/v2\/types\/product"}],"replies":[{"embeddable":true,"href":"https:\/\/www.pescafish.it\/new\/wp-json\/wp\/v2\/comments?post=16302"}],"wp:featuredmedia":[{"embeddable":true,"href":"https:\/\/www.pescafish.it\/new\/wp-json\/wp\/v2\/media\/22374"}],"wp:attachment":[{"href":"https:\/\/www.pescafish.it\/new\/wp-json\/wp\/v2\/media?parent=16302"}],"wp:term":[{"taxonomy":"product_cat","embeddable":true,"href":"https:\/\/www.pescafish.it\/new\/wp-json\/wp\/v2\/product_cat?post=16302"},{"taxonomy":"product_tag","embeddable":true,"href":"https:\/\/www.pescafish.it\/new\/wp-json\/wp\/v2\/product_tag?post=16302"}],"curies":[{"name":"wp","href":"https:\/\/api.w.org\/{rel}","templated":true}]}}