{"id":14633,"date":"2015-12-01T11:37:27","date_gmt":"2015-12-01T10:37:27","guid":{"rendered":"http:\/\/www.pescafish.it\/new\/scatter-rap-countdown-rapala"},"modified":"2023-06-06T16:32:06","modified_gmt":"2023-06-06T14:32:06","slug":"scatter-rap-countdown-rapala","status":"publish","type":"product","link":"https:\/\/www.pescafish.it\/new\/prodotto\/scatter-rap-countdown-rapala\/","title":{"rendered":"Scatter Rap Countdown &#8211; Rapala"},"content":{"rendered":"<h2>Scatter Rap Countdown<\/h2>\n<p>Ideale per il lancio e la ricerca dei pesci attraverso la colonna d&#8217;acqua, lo Scatter Rap CountDown combina il metodo del conto alla rovescia con l&#8217;azione evasiva. Un recupero pi\u00f9 lento mantiene il movimento pi\u00f9 sinuoso, ma accelerando il recupero scatenerete un gran movimento in acqua. Questa \u00e8 una preda che il grande predatore non vuole perdere.<\/p>\n<p><b>Caratteristiche:<\/b><br \/>\n\u2022 Corpo in Balsa con Scatter Lip Wire Through Construction;<br \/>\n\u2022 Sfuggente, erratico, galleggiante, silenzioso;<br \/>\n\u2022 Profondit\u00e0 variabile adatto a spinning e trolling;<br \/>\n\u2022 Adatto a molte specie;<br \/>\n\u2022 Ancorette VMC Black Nickel Round;<br \/>\n\u2022 Calibrati a mano e testati.<\/p>\n<p><b>Lunghezza:<\/b> 7cm<br \/>\n<b>Peso:<\/b> 7gr<br \/>\n<b>Profondit\u00e0 di nuoto:<\/b> 1.8 &#8211; 2.7m<\/p>\n<p><b>Disponibile nelle seguenti colorazioni:<br \/>\nRAPSCRCD07ALB<\/b>\u00a0 <b><span style=\"color: #ff0000;\">ALB<\/span><\/b><br \/>\n<b>RAPSCRCD07FT<\/b>\u00a0 <b><span style=\"color: #ff0000;\">FT<\/span><\/b><br \/>\n<b>RAPSCRCD07G<\/b>\u00a0 <b><span style=\"color: #ff0000;\">G<\/span><\/b><br \/>\n<b>RAPSCRCD07GFR<\/b>\u00a0 <b><span style=\"color: #ff0000;\">GFR<\/span><\/b><br \/>\n<b>RAPSCRCD07P<\/b>\u00a0<b><span style=\"color: #ff0000;\"> P<\/span><\/b><br \/>\n<b>RAPSCRCD07RT<\/b>\u00a0 <span style=\"color: #ff0000;\"><b>RT<\/b><\/span><br \/>\n<b>RAPSCRCD07S<\/b>\u00a0 <b><span style=\"color: #ff0000;\">S<\/span><\/b><br \/>\n<b>RAPSCRCD07TR<\/b>\u00a0 <b><span style=\"color: #ff0000;\">TR<\/span><\/b><\/p>\n","protected":false},"excerpt":{"rendered":"<p>Scatter Rap Countdown Ideale per il lancio e la ricerca dei pesci attraverso la colonna d&#8217;acqua, lo Scatter Rap CountDown combina il metodo del conto alla rovescia con l&#8217;azione evasiva. Un recupero pi\u00f9 lento mantiene il movimento pi\u00f9 sinuoso, ma accelerando il recupero scatenerete un gran movimento in acqua. Questa \u00e8 una preda che il [&hellip;]<\/p>\n","protected":false},"featured_media":25503,"comment_status":"closed","ping_status":"closed","template":"","meta":[],"product_cat":[625],"product_tag":[],"yoast_head":"<!-- This site is optimized with the Yoast SEO plugin v15.3 - https:\/\/yoast.com\/wordpress\/plugins\/seo\/ -->\n<title>Scatter Rap Countdown - Rapala - Pesca Fish<\/title>\n<meta name=\"robots\" content=\"index, follow, max-snippet:-1, max-image-preview:large, max-video-preview:-1\" \/>\n<link rel=\"canonical\" href=\"https:\/\/www.pescafish.it\/new\/prodotto\/scatter-rap-countdown-rapala\/\" \/>\n<meta property=\"og:locale\" content=\"it_IT\" \/>\n<meta property=\"og:type\" content=\"article\" \/>\n<meta property=\"og:title\" content=\"Scatter Rap Countdown - Rapala - Pesca Fish\" \/>\n<meta property=\"og:description\" content=\"Scatter Rap Countdown Ideale per il lancio e la ricerca dei pesci attraverso la colonna d&#8217;acqua, lo Scatter Rap CountDown combina il metodo del conto alla rovescia con l&#8217;azione evasiva. Un recupero pi\u00f9 lento mantiene il movimento pi\u00f9 sinuoso, ma accelerando il recupero scatenerete un gran movimento in acqua. Questa \u00e8 una preda che il [&hellip;]\" \/>\n<meta property=\"og:url\" content=\"https:\/\/www.pescafish.it\/new\/prodotto\/scatter-rap-countdown-rapala\/\" \/>\n<meta property=\"og:site_name\" content=\"Pesca Fish\" \/>\n<meta property=\"article:publisher\" content=\"https:\/\/www.facebook.com\/pescafishvr\/\" \/>\n<meta property=\"article:modified_time\" content=\"2023-06-06T14:32:06+00:00\" \/>\n<meta property=\"og:image\" content=\"https:\/\/www.pescafish.it\/new\/wp-content\/uploads\/2015\/12\/d9e2121d8cdbd74af0fbdb8b9b58d82c.jpg\" \/>\n\t<meta property=\"og:image:width\" content=\"400\" \/>\n\t<meta property=\"og:image:height\" content=\"512\" \/>\n<meta name=\"twitter:card\" content=\"summary_large_image\" \/>\n<meta name=\"twitter:label1\" content=\"Scritto da\">\n\t<meta name=\"twitter:data1\" content=\"francesca\">\n\t<meta name=\"twitter:label2\" content=\"Tempo di lettura stimato\">\n\t<meta name=\"twitter:data2\" content=\"1 minuto\">\n<script type=\"application\/ld+json\" class=\"yoast-schema-graph\">{\"@context\":\"https:\/\/schema.org\",\"@graph\":[{\"@type\":\"WebSite\",\"@id\":\"https:\/\/www.pescafish.it\/new\/#website\",\"url\":\"https:\/\/www.pescafish.it\/new\/\",\"name\":\"Pesca Fish\",\"description\":\"Benvenuti sul nostro sito!\",\"potentialAction\":[{\"@type\":\"SearchAction\",\"target\":\"https:\/\/www.pescafish.it\/new\/?s={search_term_string}\",\"query-input\":\"required name=search_term_string\"}],\"inLanguage\":\"it-IT\"},{\"@type\":\"ImageObject\",\"@id\":\"https:\/\/www.pescafish.it\/new\/prodotto\/scatter-rap-countdown-rapala\/#primaryimage\",\"inLanguage\":\"it-IT\",\"url\":\"https:\/\/www.pescafish.it\/new\/wp-content\/uploads\/2015\/12\/d9e2121d8cdbd74af0fbdb8b9b58d82c.jpg\",\"width\":400,\"height\":512},{\"@type\":\"WebPage\",\"@id\":\"https:\/\/www.pescafish.it\/new\/prodotto\/scatter-rap-countdown-rapala\/#webpage\",\"url\":\"https:\/\/www.pescafish.it\/new\/prodotto\/scatter-rap-countdown-rapala\/\",\"name\":\"Scatter Rap Countdown - Rapala - Pesca Fish\",\"isPartOf\":{\"@id\":\"https:\/\/www.pescafish.it\/new\/#website\"},\"primaryImageOfPage\":{\"@id\":\"https:\/\/www.pescafish.it\/new\/prodotto\/scatter-rap-countdown-rapala\/#primaryimage\"},\"datePublished\":\"2015-12-01T10:37:27+00:00\",\"dateModified\":\"2023-06-06T14:32:06+00:00\",\"inLanguage\":\"it-IT\",\"potentialAction\":[{\"@type\":\"ReadAction\",\"target\":[\"https:\/\/www.pescafish.it\/new\/prodotto\/scatter-rap-countdown-rapala\/\"]}]}]}<\/script>\n<!-- \/ Yoast SEO plugin. -->","_links":{"self":[{"href":"https:\/\/www.pescafish.it\/new\/wp-json\/wp\/v2\/product\/14633"}],"collection":[{"href":"https:\/\/www.pescafish.it\/new\/wp-json\/wp\/v2\/product"}],"about":[{"href":"https:\/\/www.pescafish.it\/new\/wp-json\/wp\/v2\/types\/product"}],"replies":[{"embeddable":true,"href":"https:\/\/www.pescafish.it\/new\/wp-json\/wp\/v2\/comments?post=14633"}],"wp:featuredmedia":[{"embeddable":true,"href":"https:\/\/www.pescafish.it\/new\/wp-json\/wp\/v2\/media\/25503"}],"wp:attachment":[{"href":"https:\/\/www.pescafish.it\/new\/wp-json\/wp\/v2\/media?parent=14633"}],"wp:term":[{"taxonomy":"product_cat","embeddable":true,"href":"https:\/\/www.pescafish.it\/new\/wp-json\/wp\/v2\/product_cat?post=14633"},{"taxonomy":"product_tag","embeddable":true,"href":"https:\/\/www.pescafish.it\/new\/wp-json\/wp\/v2\/product_tag?post=14633"}],"curies":[{"name":"wp","href":"https:\/\/api.w.org\/{rel}","templated":true}]}}