{"id":14459,"date":"2015-12-01T11:37:27","date_gmt":"2015-12-01T10:37:27","guid":{"rendered":"http:\/\/www.pescafish.it\/new\/pinne-drifter-per-belly-boat-guideline"},"modified":"2023-10-26T16:22:30","modified_gmt":"2023-10-26T14:22:30","slug":"pinne-drifter-per-belly-boat-guideline","status":"publish","type":"product","link":"https:\/\/www.pescafish.it\/new\/prodotto\/pinne-drifter-per-belly-boat-guideline\/","title":{"rendered":"Pinne Drifter per Belly Boat &#8211; Guideline"},"content":{"rendered":"<p>Leggerissima pinna di casa Guideline, fabbricate in gomma flessibile. Rispetto alla vecchia versione, risultano pi\u00f9 pratiche, leggere e pi\u00f9 rapide. Il colore \u00e8 nero opaco con inserti in nero lucido.<\/p>\n","protected":false},"excerpt":{"rendered":"<p>Leggerissima pinna di casa Guideline, fabbricate in gomma flessibile. Rispetto alla vecchia versione, risultano pi\u00f9 pratiche, leggere e pi\u00f9 rapide. Il colore \u00e8 nero opaco con inserti in nero lucido.<\/p>\n","protected":false},"featured_media":25778,"comment_status":"closed","ping_status":"closed","template":"","meta":[],"product_cat":[225],"product_tag":[1062],"yoast_head":"<!-- This site is optimized with the Yoast SEO plugin v15.3 - https:\/\/yoast.com\/wordpress\/plugins\/seo\/ -->\n<title>Pinne Drifter per Belly Boat - Guideline - Pesca Fish<\/title>\n<meta name=\"robots\" content=\"index, follow, max-snippet:-1, max-image-preview:large, max-video-preview:-1\" \/>\n<link rel=\"canonical\" href=\"https:\/\/www.pescafish.it\/new\/prodotto\/pinne-drifter-per-belly-boat-guideline\/\" \/>\n<meta property=\"og:locale\" content=\"it_IT\" \/>\n<meta property=\"og:type\" content=\"article\" \/>\n<meta property=\"og:title\" content=\"Pinne Drifter per Belly Boat - Guideline - Pesca Fish\" \/>\n<meta property=\"og:description\" content=\"Leggerissima pinna di casa Guideline, fabbricate in gomma flessibile. Rispetto alla vecchia versione, risultano pi\u00f9 pratiche, leggere e pi\u00f9 rapide. Il colore \u00e8 nero opaco con inserti in nero lucido.\" \/>\n<meta property=\"og:url\" content=\"https:\/\/www.pescafish.it\/new\/prodotto\/pinne-drifter-per-belly-boat-guideline\/\" \/>\n<meta property=\"og:site_name\" content=\"Pesca Fish\" \/>\n<meta property=\"article:publisher\" content=\"https:\/\/www.facebook.com\/pescafishvr\/\" \/>\n<meta property=\"article:modified_time\" content=\"2023-10-26T14:22:30+00:00\" \/>\n<meta property=\"og:image\" content=\"https:\/\/www.pescafish.it\/new\/wp-content\/uploads\/2015\/12\/e333db9acfe94cbfe7fcb247ee2b01fe.png\" \/>\n\t<meta property=\"og:image:width\" content=\"305\" \/>\n\t<meta property=\"og:image:height\" content=\"304\" \/>\n<meta name=\"twitter:card\" content=\"summary_large_image\" \/>\n<meta name=\"twitter:label1\" content=\"Scritto da\">\n\t<meta name=\"twitter:data1\" content=\"francesca\">\n\t<meta name=\"twitter:label2\" content=\"Tempo di lettura stimato\">\n\t<meta name=\"twitter:data2\" content=\"0 minuti\">\n<script type=\"application\/ld+json\" class=\"yoast-schema-graph\">{\"@context\":\"https:\/\/schema.org\",\"@graph\":[{\"@type\":\"WebSite\",\"@id\":\"https:\/\/www.pescafish.it\/new\/#website\",\"url\":\"https:\/\/www.pescafish.it\/new\/\",\"name\":\"Pesca Fish\",\"description\":\"Benvenuti sul nostro sito!\",\"potentialAction\":[{\"@type\":\"SearchAction\",\"target\":\"https:\/\/www.pescafish.it\/new\/?s={search_term_string}\",\"query-input\":\"required name=search_term_string\"}],\"inLanguage\":\"it-IT\"},{\"@type\":\"ImageObject\",\"@id\":\"https:\/\/www.pescafish.it\/new\/prodotto\/pinne-drifter-per-belly-boat-guideline\/#primaryimage\",\"inLanguage\":\"it-IT\",\"url\":\"https:\/\/www.pescafish.it\/new\/wp-content\/uploads\/2015\/12\/e333db9acfe94cbfe7fcb247ee2b01fe.png\",\"width\":305,\"height\":304},{\"@type\":\"WebPage\",\"@id\":\"https:\/\/www.pescafish.it\/new\/prodotto\/pinne-drifter-per-belly-boat-guideline\/#webpage\",\"url\":\"https:\/\/www.pescafish.it\/new\/prodotto\/pinne-drifter-per-belly-boat-guideline\/\",\"name\":\"Pinne Drifter per Belly Boat - Guideline - Pesca Fish\",\"isPartOf\":{\"@id\":\"https:\/\/www.pescafish.it\/new\/#website\"},\"primaryImageOfPage\":{\"@id\":\"https:\/\/www.pescafish.it\/new\/prodotto\/pinne-drifter-per-belly-boat-guideline\/#primaryimage\"},\"datePublished\":\"2015-12-01T10:37:27+00:00\",\"dateModified\":\"2023-10-26T14:22:30+00:00\",\"inLanguage\":\"it-IT\",\"potentialAction\":[{\"@type\":\"ReadAction\",\"target\":[\"https:\/\/www.pescafish.it\/new\/prodotto\/pinne-drifter-per-belly-boat-guideline\/\"]}]}]}<\/script>\n<!-- \/ Yoast SEO plugin. -->","_links":{"self":[{"href":"https:\/\/www.pescafish.it\/new\/wp-json\/wp\/v2\/product\/14459"}],"collection":[{"href":"https:\/\/www.pescafish.it\/new\/wp-json\/wp\/v2\/product"}],"about":[{"href":"https:\/\/www.pescafish.it\/new\/wp-json\/wp\/v2\/types\/product"}],"replies":[{"embeddable":true,"href":"https:\/\/www.pescafish.it\/new\/wp-json\/wp\/v2\/comments?post=14459"}],"wp:featuredmedia":[{"embeddable":true,"href":"https:\/\/www.pescafish.it\/new\/wp-json\/wp\/v2\/media\/25778"}],"wp:attachment":[{"href":"https:\/\/www.pescafish.it\/new\/wp-json\/wp\/v2\/media?parent=14459"}],"wp:term":[{"taxonomy":"product_cat","embeddable":true,"href":"https:\/\/www.pescafish.it\/new\/wp-json\/wp\/v2\/product_cat?post=14459"},{"taxonomy":"product_tag","embeddable":true,"href":"https:\/\/www.pescafish.it\/new\/wp-json\/wp\/v2\/product_tag?post=14459"}],"curies":[{"name":"wp","href":"https:\/\/api.w.org\/{rel}","templated":true}]}}