{"id":13460,"date":"2015-12-01T11:37:27","date_gmt":"2015-12-01T10:37:27","guid":{"rendered":"http:\/\/www.pescafish.it\/new\/t-swimbait-weighted-oh1500-omtd"},"modified":"2024-11-29T11:24:50","modified_gmt":"2024-11-29T10:24:50","slug":"t-swimbait-weighted-oh1500-omtd","status":"publish","type":"product","link":"https:\/\/www.pescafish.it\/new\/prodotto\/t-swimbait-weighted-oh1500-omtd\/","title":{"rendered":"T-Swimbait Weighted OH1500 &#8211; OMTD"},"content":{"rendered":"<p>Disegnato per inneschi antialga di grandi Swimbait, Creature e Soft Shad. Il nuovo sistema di fissaggio dell\u2019esca all\u2019amo (OMTD Clip) permette di fissare la clip nella parte centrale della testa dell\u2019esca in modo sicuro e resistente e garantisce un nuoto naturale e bilanciato. Con questo amo non sono necessari pesi aggiuntivi perch\u00e9 il suo peso in tungsteno fissato sulla parte pi\u00f9 avanzata del gambo fa s\u00ec che l\u2019esca affondi e nuoti in un modo pi\u00f9 naturale e realistico, risultando molto efficace nei confronti dei predatori. Ideale sia per le acque interne che per il mare.<\/p>\n<p><strong>Disponibile nelle seguenti misure:<\/strong><br \/>\n<strong>OH1500-1\/0<\/strong>\u00a0 N\u00b01\/0 &#8211; 1\/28oz<br \/>\n<strong>OH1500-2\/0<\/strong>\u00a0 N\u00b02\/0 &#8211; 1\/20oz<br \/>\n<strong>OH1500-3\/0<\/strong>\u00a0 N\u00b03\/0 &#8211; 1\/8oz<br \/>\n<strong>OH1500-4\/0<\/strong>\u00a0 N\u00b04\/0 &#8211; 3\/16oz<\/p>\n<p><strong>Confezione da 4 ami<\/strong><\/p>\n","protected":false},"excerpt":{"rendered":"<p>Disegnato per inneschi antialga di grandi Swimbait, Creature e Soft Shad. Il nuovo sistema di fissaggio dell\u2019esca all\u2019amo (OMTD Clip) permette di fissare la clip nella parte centrale della testa dell\u2019esca in modo sicuro e resistente e garantisce un nuoto naturale e bilanciato. Con questo amo non sono necessari pesi aggiuntivi perch\u00e9 il suo peso [&hellip;]<\/p>\n","protected":false},"featured_media":34555,"comment_status":"closed","ping_status":"closed","template":"","meta":[],"product_cat":[682],"product_tag":[1125],"yoast_head":"<!-- This site is optimized with the Yoast SEO plugin v15.3 - https:\/\/yoast.com\/wordpress\/plugins\/seo\/ -->\n<title>T-Swimbait Weighted OH1500 - OMTD - Pesca Fish<\/title>\n<meta name=\"robots\" content=\"index, follow, max-snippet:-1, max-image-preview:large, max-video-preview:-1\" \/>\n<link rel=\"canonical\" href=\"https:\/\/www.pescafish.it\/new\/prodotto\/t-swimbait-weighted-oh1500-omtd\/\" \/>\n<meta property=\"og:locale\" content=\"it_IT\" \/>\n<meta property=\"og:type\" content=\"article\" \/>\n<meta property=\"og:title\" content=\"T-Swimbait Weighted OH1500 - OMTD - Pesca Fish\" \/>\n<meta property=\"og:description\" content=\"Disegnato per inneschi antialga di grandi Swimbait, Creature e Soft Shad. Il nuovo sistema di fissaggio dell\u2019esca all\u2019amo (OMTD Clip) permette di fissare la clip nella parte centrale della testa dell\u2019esca in modo sicuro e resistente e garantisce un nuoto naturale e bilanciato. Con questo amo non sono necessari pesi aggiuntivi perch\u00e9 il suo peso [&hellip;]\" \/>\n<meta property=\"og:url\" content=\"https:\/\/www.pescafish.it\/new\/prodotto\/t-swimbait-weighted-oh1500-omtd\/\" \/>\n<meta property=\"og:site_name\" content=\"Pesca Fish\" \/>\n<meta property=\"article:publisher\" content=\"https:\/\/www.facebook.com\/pescafishvr\/\" \/>\n<meta property=\"article:modified_time\" content=\"2024-11-29T10:24:50+00:00\" \/>\n<meta property=\"og:image\" content=\"https:\/\/www.pescafish.it\/new\/wp-content\/uploads\/2015\/12\/OMTD_OH1500.png\" \/>\n\t<meta property=\"og:image:width\" content=\"800\" \/>\n\t<meta property=\"og:image:height\" content=\"800\" \/>\n<meta name=\"twitter:card\" content=\"summary_large_image\" \/>\n<meta name=\"twitter:label1\" content=\"Scritto da\">\n\t<meta name=\"twitter:data1\" content=\"francesca\">\n\t<meta name=\"twitter:label2\" content=\"Tempo di lettura stimato\">\n\t<meta name=\"twitter:data2\" content=\"1 minuto\">\n<script type=\"application\/ld+json\" class=\"yoast-schema-graph\">{\"@context\":\"https:\/\/schema.org\",\"@graph\":[{\"@type\":\"WebSite\",\"@id\":\"https:\/\/www.pescafish.it\/new\/#website\",\"url\":\"https:\/\/www.pescafish.it\/new\/\",\"name\":\"Pesca Fish\",\"description\":\"Benvenuti sul nostro sito!\",\"potentialAction\":[{\"@type\":\"SearchAction\",\"target\":\"https:\/\/www.pescafish.it\/new\/?s={search_term_string}\",\"query-input\":\"required name=search_term_string\"}],\"inLanguage\":\"it-IT\"},{\"@type\":\"ImageObject\",\"@id\":\"https:\/\/www.pescafish.it\/new\/prodotto\/t-swimbait-weighted-oh1500-omtd\/#primaryimage\",\"inLanguage\":\"it-IT\",\"url\":\"https:\/\/www.pescafish.it\/new\/wp-content\/uploads\/2015\/12\/OMTD_OH1500.png\",\"width\":800,\"height\":800},{\"@type\":\"WebPage\",\"@id\":\"https:\/\/www.pescafish.it\/new\/prodotto\/t-swimbait-weighted-oh1500-omtd\/#webpage\",\"url\":\"https:\/\/www.pescafish.it\/new\/prodotto\/t-swimbait-weighted-oh1500-omtd\/\",\"name\":\"T-Swimbait Weighted OH1500 - OMTD - Pesca Fish\",\"isPartOf\":{\"@id\":\"https:\/\/www.pescafish.it\/new\/#website\"},\"primaryImageOfPage\":{\"@id\":\"https:\/\/www.pescafish.it\/new\/prodotto\/t-swimbait-weighted-oh1500-omtd\/#primaryimage\"},\"datePublished\":\"2015-12-01T10:37:27+00:00\",\"dateModified\":\"2024-11-29T10:24:50+00:00\",\"inLanguage\":\"it-IT\",\"potentialAction\":[{\"@type\":\"ReadAction\",\"target\":[\"https:\/\/www.pescafish.it\/new\/prodotto\/t-swimbait-weighted-oh1500-omtd\/\"]}]}]}<\/script>\n<!-- \/ Yoast SEO plugin. -->","_links":{"self":[{"href":"https:\/\/www.pescafish.it\/new\/wp-json\/wp\/v2\/product\/13460"}],"collection":[{"href":"https:\/\/www.pescafish.it\/new\/wp-json\/wp\/v2\/product"}],"about":[{"href":"https:\/\/www.pescafish.it\/new\/wp-json\/wp\/v2\/types\/product"}],"replies":[{"embeddable":true,"href":"https:\/\/www.pescafish.it\/new\/wp-json\/wp\/v2\/comments?post=13460"}],"wp:featuredmedia":[{"embeddable":true,"href":"https:\/\/www.pescafish.it\/new\/wp-json\/wp\/v2\/media\/34555"}],"wp:attachment":[{"href":"https:\/\/www.pescafish.it\/new\/wp-json\/wp\/v2\/media?parent=13460"}],"wp:term":[{"taxonomy":"product_cat","embeddable":true,"href":"https:\/\/www.pescafish.it\/new\/wp-json\/wp\/v2\/product_cat?post=13460"},{"taxonomy":"product_tag","embeddable":true,"href":"https:\/\/www.pescafish.it\/new\/wp-json\/wp\/v2\/product_tag?post=13460"}],"curies":[{"name":"wp","href":"https:\/\/api.w.org\/{rel}","templated":true}]}}