{"id":12757,"date":"2015-12-01T11:37:27","date_gmt":"2015-12-01T10:37:27","guid":{"rendered":"http:\/\/www.pescafish.it\/new\/galleggiante-brescia-manni"},"modified":"2025-12-11T20:36:11","modified_gmt":"2025-12-11T19:36:11","slug":"galleggiante-brescia-manni","status":"publish","type":"product","link":"https:\/\/www.pescafish.it\/new\/prodotto\/galleggiante-brescia-manni\/","title":{"rendered":"Galleggiante Brescia &#8211; Manni"},"content":{"rendered":"<p>Grazie alla sua forma \u00e8 molto apprezzato sia in acque lente che in acque veloci. Per la sua antenna cava \u00e8 molto visibile e facile da tarare, mentre grazie alla deriva in inox \u00e8 molto stabile.<\/p>\n<p><span style=font-weight: bold;>Disponibile nelle seguenti grammature:<\/span><br style=font-weight: bold; \/><span style=font-weight: bold;>BRE-1<\/span> &nbsp; 1gr<br \/><span style=font-weight: bold;>BRE-1.5<\/span>&nbsp; 1,5gr<br \/><span style=font-weight: bold;>BRE-2<\/span>&nbsp;&nbsp; 2gr<br \/><span style=font-weight: bold;>BRE-2.5<\/span>&nbsp; 2,5gr<br \/><span style=font-weight: bold;>BRE-3<\/span>&nbsp;&nbsp; 3gr<br \/><span style=font-weight: bold;>BRE-4<\/span>&nbsp;&nbsp; 4gr<br \/><span style=font-weight: bold;>BRE-5<\/span>&nbsp;&nbsp; 5gr<br \/><span style=font-weight: bold;>BRE-6<\/span>&nbsp;&nbsp; 6gr<\/p>\n","protected":false},"excerpt":{"rendered":"<p>Grazie alla sua forma \u00e8 molto apprezzato sia in acque lente che in acque veloci. Per la sua antenna cava \u00e8 molto visibile e facile da tarare, mentre grazie alla deriva in inox \u00e8 molto stabile. Disponibile nelle seguenti grammature:BRE-1 &nbsp; 1grBRE-1.5&nbsp; 1,5grBRE-2&nbsp;&nbsp; 2grBRE-2.5&nbsp; 2,5grBRE-3&nbsp;&nbsp; 3grBRE-4&nbsp;&nbsp; 4grBRE-5&nbsp;&nbsp; 5grBRE-6&nbsp;&nbsp; 6gr<\/p>\n","protected":false},"featured_media":19924,"comment_status":"closed","ping_status":"closed","template":"","meta":[],"product_cat":[186],"product_tag":[],"yoast_head":"<!-- This site is optimized with the Yoast SEO plugin v15.3 - https:\/\/yoast.com\/wordpress\/plugins\/seo\/ -->\n<title>Galleggiante Brescia - Manni - Pesca Fish<\/title>\n<meta name=\"robots\" content=\"index, follow, max-snippet:-1, max-image-preview:large, max-video-preview:-1\" \/>\n<link rel=\"canonical\" href=\"https:\/\/www.pescafish.it\/new\/prodotto\/galleggiante-brescia-manni\/\" \/>\n<meta property=\"og:locale\" content=\"it_IT\" \/>\n<meta property=\"og:type\" content=\"article\" \/>\n<meta property=\"og:title\" content=\"Galleggiante Brescia - Manni - Pesca Fish\" \/>\n<meta property=\"og:description\" content=\"Grazie alla sua forma \u00e8 molto apprezzato sia in acque lente che in acque veloci. Per la sua antenna cava \u00e8 molto visibile e facile da tarare, mentre grazie alla deriva in inox \u00e8 molto stabile. Disponibile nelle seguenti grammature:BRE-1 &nbsp; 1grBRE-1.5&nbsp; 1,5grBRE-2&nbsp;&nbsp; 2grBRE-2.5&nbsp; 2,5grBRE-3&nbsp;&nbsp; 3grBRE-4&nbsp;&nbsp; 4grBRE-5&nbsp;&nbsp; 5grBRE-6&nbsp;&nbsp; 6gr\" \/>\n<meta property=\"og:url\" content=\"https:\/\/www.pescafish.it\/new\/prodotto\/galleggiante-brescia-manni\/\" \/>\n<meta property=\"og:site_name\" content=\"Pesca Fish\" \/>\n<meta property=\"article:publisher\" content=\"https:\/\/www.facebook.com\/pescafishvr\/\" \/>\n<meta property=\"article:modified_time\" content=\"2025-12-11T19:36:11+00:00\" \/>\n<meta property=\"og:image\" content=\"https:\/\/www.pescafish.it\/new\/wp-content\/uploads\/2015\/12\/062a78625a89a6560c1ea1676d65e55b.jpg\" \/>\n\t<meta property=\"og:image:width\" content=\"160\" \/>\n\t<meta property=\"og:image:height\" content=\"716\" \/>\n<meta name=\"twitter:card\" content=\"summary_large_image\" \/>\n<meta name=\"twitter:label1\" content=\"Scritto da\">\n\t<meta name=\"twitter:data1\" content=\"francesca\">\n\t<meta name=\"twitter:label2\" content=\"Tempo di lettura stimato\">\n\t<meta name=\"twitter:data2\" content=\"0 minuti\">\n<script type=\"application\/ld+json\" class=\"yoast-schema-graph\">{\"@context\":\"https:\/\/schema.org\",\"@graph\":[{\"@type\":\"WebSite\",\"@id\":\"https:\/\/www.pescafish.it\/new\/#website\",\"url\":\"https:\/\/www.pescafish.it\/new\/\",\"name\":\"Pesca Fish\",\"description\":\"Benvenuti sul nostro sito!\",\"potentialAction\":[{\"@type\":\"SearchAction\",\"target\":\"https:\/\/www.pescafish.it\/new\/?s={search_term_string}\",\"query-input\":\"required name=search_term_string\"}],\"inLanguage\":\"it-IT\"},{\"@type\":\"ImageObject\",\"@id\":\"https:\/\/www.pescafish.it\/new\/prodotto\/galleggiante-brescia-manni\/#primaryimage\",\"inLanguage\":\"it-IT\",\"url\":\"https:\/\/www.pescafish.it\/new\/wp-content\/uploads\/2015\/12\/062a78625a89a6560c1ea1676d65e55b.jpg\",\"width\":160,\"height\":716},{\"@type\":\"WebPage\",\"@id\":\"https:\/\/www.pescafish.it\/new\/prodotto\/galleggiante-brescia-manni\/#webpage\",\"url\":\"https:\/\/www.pescafish.it\/new\/prodotto\/galleggiante-brescia-manni\/\",\"name\":\"Galleggiante Brescia - Manni - Pesca Fish\",\"isPartOf\":{\"@id\":\"https:\/\/www.pescafish.it\/new\/#website\"},\"primaryImageOfPage\":{\"@id\":\"https:\/\/www.pescafish.it\/new\/prodotto\/galleggiante-brescia-manni\/#primaryimage\"},\"datePublished\":\"-0001-11-30T00:00:00+00:00\",\"dateModified\":\"2025-12-11T19:36:11+00:00\",\"inLanguage\":\"it-IT\",\"potentialAction\":[{\"@type\":\"ReadAction\",\"target\":[\"https:\/\/www.pescafish.it\/new\/prodotto\/galleggiante-brescia-manni\/\"]}]}]}<\/script>\n<!-- \/ Yoast SEO plugin. -->","_links":{"self":[{"href":"https:\/\/www.pescafish.it\/new\/wp-json\/wp\/v2\/product\/12757"}],"collection":[{"href":"https:\/\/www.pescafish.it\/new\/wp-json\/wp\/v2\/product"}],"about":[{"href":"https:\/\/www.pescafish.it\/new\/wp-json\/wp\/v2\/types\/product"}],"replies":[{"embeddable":true,"href":"https:\/\/www.pescafish.it\/new\/wp-json\/wp\/v2\/comments?post=12757"}],"wp:featuredmedia":[{"embeddable":true,"href":"https:\/\/www.pescafish.it\/new\/wp-json\/wp\/v2\/media\/19924"}],"wp:attachment":[{"href":"https:\/\/www.pescafish.it\/new\/wp-json\/wp\/v2\/media?parent=12757"}],"wp:term":[{"taxonomy":"product_cat","embeddable":true,"href":"https:\/\/www.pescafish.it\/new\/wp-json\/wp\/v2\/product_cat?post=12757"},{"taxonomy":"product_tag","embeddable":true,"href":"https:\/\/www.pescafish.it\/new\/wp-json\/wp\/v2\/product_tag?post=12757"}],"curies":[{"name":"wp","href":"https:\/\/api.w.org\/{rel}","templated":true}]}}