{"id":12512,"date":"2015-12-01T11:37:27","date_gmt":"2015-12-01T10:37:27","guid":{"rendered":"http:\/\/www.pescafish.it\/new\/alborella-competition-tubertini"},"modified":"2024-04-18T08:47:23","modified_gmt":"2024-04-18T06:47:23","slug":"alborella-competition-tubertini","status":"publish","type":"product","link":"https:\/\/www.pescafish.it\/new\/prodotto\/alborella-competition-tubertini\/","title":{"rendered":"Alborella Competition &#8211; Tubertini"},"content":{"rendered":"<p>Questo sfarinato di colore nocciola e a grana fine, \u00e8 solitamente usato per la pesca di Alborelle, Triotti e altri piccoli pesci. Molto facile da impastare, si pu\u00f2 utilizzare sia molto bagnata per fare la macchia in superficie e a mezz\u2019acqua, oppure pi\u00f9 asciutta per fare una pesca pi\u00f9 in profondit\u00e0. Dal sapore e dall\u2019aroma dolce \u00e8 composta da ingredienti totalmente naturali. Adatta da utilizzare sia in acque lente o ferme che correnti.<\/p>\n<p><strong>Confezione da 1kg<\/strong><\/p>\n","protected":false},"excerpt":{"rendered":"<p>Questo sfarinato di colore nocciola e a grana fine, \u00e8 solitamente usato per la pesca di Alborelle, Triotti e altri piccoli pesci. Molto facile da impastare, si pu\u00f2 utilizzare sia molto bagnata per fare la macchia in superficie e a mezz\u2019acqua, oppure pi\u00f9 asciutta per fare una pesca pi\u00f9 in profondit\u00e0. Dal sapore e dall\u2019aroma [&hellip;]<\/p>\n","protected":false},"featured_media":20518,"comment_status":"closed","ping_status":"closed","template":"","meta":[],"product_cat":[705],"product_tag":[1055],"yoast_head":"<!-- This site is optimized with the Yoast SEO plugin v15.3 - https:\/\/yoast.com\/wordpress\/plugins\/seo\/ -->\n<title>Alborella Competition - Tubertini - Pesca Fish<\/title>\n<meta name=\"robots\" content=\"index, follow, max-snippet:-1, max-image-preview:large, max-video-preview:-1\" \/>\n<link rel=\"canonical\" href=\"https:\/\/www.pescafish.it\/new\/prodotto\/alborella-competition-tubertini\/\" \/>\n<meta property=\"og:locale\" content=\"it_IT\" \/>\n<meta property=\"og:type\" content=\"article\" \/>\n<meta property=\"og:title\" content=\"Alborella Competition - Tubertini - Pesca Fish\" \/>\n<meta property=\"og:description\" content=\"Questo sfarinato di colore nocciola e a grana fine, \u00e8 solitamente usato per la pesca di Alborelle, Triotti e altri piccoli pesci. Molto facile da impastare, si pu\u00f2 utilizzare sia molto bagnata per fare la macchia in superficie e a mezz\u2019acqua, oppure pi\u00f9 asciutta per fare una pesca pi\u00f9 in profondit\u00e0. Dal sapore e dall\u2019aroma [&hellip;]\" \/>\n<meta property=\"og:url\" content=\"https:\/\/www.pescafish.it\/new\/prodotto\/alborella-competition-tubertini\/\" \/>\n<meta property=\"og:site_name\" content=\"Pesca Fish\" \/>\n<meta property=\"article:publisher\" content=\"https:\/\/www.facebook.com\/pescafishvr\/\" \/>\n<meta property=\"article:modified_time\" content=\"2024-04-18T06:47:23+00:00\" \/>\n<meta property=\"og:image\" content=\"https:\/\/www.pescafish.it\/new\/wp-content\/uploads\/2015\/12\/1ccb519116e5730ad80d6a0c73d4df70.jpg\" \/>\n\t<meta property=\"og:image:width\" content=\"400\" \/>\n\t<meta property=\"og:image:height\" content=\"400\" \/>\n<meta name=\"twitter:card\" content=\"summary_large_image\" \/>\n<meta name=\"twitter:label1\" content=\"Scritto da\">\n\t<meta name=\"twitter:data1\" content=\"francesca\">\n\t<meta name=\"twitter:label2\" content=\"Tempo di lettura stimato\">\n\t<meta name=\"twitter:data2\" content=\"0 minuti\">\n<script type=\"application\/ld+json\" class=\"yoast-schema-graph\">{\"@context\":\"https:\/\/schema.org\",\"@graph\":[{\"@type\":\"WebSite\",\"@id\":\"https:\/\/www.pescafish.it\/new\/#website\",\"url\":\"https:\/\/www.pescafish.it\/new\/\",\"name\":\"Pesca Fish\",\"description\":\"Benvenuti sul nostro sito!\",\"potentialAction\":[{\"@type\":\"SearchAction\",\"target\":\"https:\/\/www.pescafish.it\/new\/?s={search_term_string}\",\"query-input\":\"required name=search_term_string\"}],\"inLanguage\":\"it-IT\"},{\"@type\":\"ImageObject\",\"@id\":\"https:\/\/www.pescafish.it\/new\/prodotto\/alborella-competition-tubertini\/#primaryimage\",\"inLanguage\":\"it-IT\",\"url\":\"https:\/\/www.pescafish.it\/new\/wp-content\/uploads\/2015\/12\/1ccb519116e5730ad80d6a0c73d4df70.jpg\",\"width\":400,\"height\":400},{\"@type\":\"WebPage\",\"@id\":\"https:\/\/www.pescafish.it\/new\/prodotto\/alborella-competition-tubertini\/#webpage\",\"url\":\"https:\/\/www.pescafish.it\/new\/prodotto\/alborella-competition-tubertini\/\",\"name\":\"Alborella Competition - Tubertini - Pesca Fish\",\"isPartOf\":{\"@id\":\"https:\/\/www.pescafish.it\/new\/#website\"},\"primaryImageOfPage\":{\"@id\":\"https:\/\/www.pescafish.it\/new\/prodotto\/alborella-competition-tubertini\/#primaryimage\"},\"datePublished\":\"2015-12-01T10:37:27+00:00\",\"dateModified\":\"2024-04-18T06:47:23+00:00\",\"inLanguage\":\"it-IT\",\"potentialAction\":[{\"@type\":\"ReadAction\",\"target\":[\"https:\/\/www.pescafish.it\/new\/prodotto\/alborella-competition-tubertini\/\"]}]}]}<\/script>\n<!-- \/ Yoast SEO plugin. -->","_links":{"self":[{"href":"https:\/\/www.pescafish.it\/new\/wp-json\/wp\/v2\/product\/12512"}],"collection":[{"href":"https:\/\/www.pescafish.it\/new\/wp-json\/wp\/v2\/product"}],"about":[{"href":"https:\/\/www.pescafish.it\/new\/wp-json\/wp\/v2\/types\/product"}],"replies":[{"embeddable":true,"href":"https:\/\/www.pescafish.it\/new\/wp-json\/wp\/v2\/comments?post=12512"}],"wp:featuredmedia":[{"embeddable":true,"href":"https:\/\/www.pescafish.it\/new\/wp-json\/wp\/v2\/media\/20518"}],"wp:attachment":[{"href":"https:\/\/www.pescafish.it\/new\/wp-json\/wp\/v2\/media?parent=12512"}],"wp:term":[{"taxonomy":"product_cat","embeddable":true,"href":"https:\/\/www.pescafish.it\/new\/wp-json\/wp\/v2\/product_cat?post=12512"},{"taxonomy":"product_tag","embeddable":true,"href":"https:\/\/www.pescafish.it\/new\/wp-json\/wp\/v2\/product_tag?post=12512"}],"curies":[{"name":"wp","href":"https:\/\/api.w.org\/{rel}","templated":true}]}}