{"id":107434,"date":"2025-12-19T19:17:17","date_gmt":"2025-12-19T18:17:17","guid":{"rendered":"https:\/\/www.pescafish.it\/new\/?post_type=product&#038;p=107434"},"modified":"2025-12-19T19:17:17","modified_gmt":"2025-12-19T18:17:17","slug":"basirisky-60-deps","status":"publish","type":"product","link":"https:\/\/www.pescafish.it\/new\/prodotto\/basirisky-60-deps\/","title":{"rendered":"Basirisky 60 &#8211; Deps"},"content":{"rendered":"<h2>Basirisky 60<\/h2>\n<p>Dall\u2019idea di creare l&#8217;impossibile, Deps ha creato il soft crawler Basirisky. Gi\u00e0 dal primo lancio ci si rende conto di quanto gli spot apparentemente impescabili fino ad oggi, possano diventare terreno di caccia ideale del Basirisky! Pu\u00f2 passare sulle cover pi\u00f9 estreme senza problemi, stanando i bass pi\u00f9 grossi dove non avresti mai avuto il coraggio di cercarli. Cammina sulla superficie, facendosi largo tra le alghe e le castagne d\u2019acqua grazie alle rivoluzionarie appendici laterali, costruite di una particolare gomma morbida. Il Basirisky sar\u00e0 in grado di convincere i bass che fino ad oggi riuscivi soltanto ad attirare con esche siliconiche spiombate, grazie elle vibrazioni create dalle innovative zampe e dal suono trasmesso nell\u2019acqua dal movimento ondulatorio del corpo. Un nuovo modo di concepire la pesca in superficie, inimitabile ed unico, per sondare le aree di pesca fino ad ora irrangiungibili.<\/p>\n<p>Un amo singolo particolarmente robusto e la ampia pancia che lo accoglie, permettono all&#8217;esca di essere completamente antialga senza rinunciare alla capacit\u00e0 di allamare il pesce da diverse angolazioni di attacco. L&#8217;incredibile attitudine anti-incaglio e l&#8217;efficacia in fase di ferrata rendono il Basirisky il migliore soft plug di superficie disponibile sul mercato.<\/p>\n<p>L&#8217;azione di nuoto caratteristica dei migliori \u201cnoisy plugs\u201d abbinata alle innovative vibrazione trasmesse dalla caduta dell&#8217;esca sull&#8217;acqua, consentono al Basirisky di attirare i grossi bass anche da notevoli distanze.<\/p>\n<p>Il corpo costruito con un materiale particolarmente soffice si rivela incredibilmente naturale, e la appendici laterali permettono all&#8217;esca di transitare sul cover superficiali di ogni genere, alghe, foglie di ogni dimensione, cumuli di materiale inerte e rami galleggianti.<\/p>\n<p>Il piombo posizionato al centro dell&#8217;esca permette un perfetto bilanciamento, oltre che di limitare i cambiamenti di assetto indesiderati durante il recupero. Inoltre \u00e8 stato vincolato all&#8217;amo in maniera tale da minimizzare l&#8217;entrata d&#8217;acqua all&#8217;interno del corpo cavo del Basirisky, garantendone il galleggiamento in ogni condizione. Questo sistema di piombatura inoltre permette una incredibile lanciabilit\u00e0 dell&#8217;esca, a distanze impensabili per questo tipo di imitazioni. Infine il piombo, piatto sul lato basso, \u00e8 stato creato in modo da permettere al Basirisky le migliori prestazioni anche con la tecnica di lancio dello Skipping!<\/p>\n<p>Per permettere l&#8217;uscita dell&#8217;aria in fase di ferrata, e quindi di consentire la migliore allamatura del pesce oltre che per agevolare il pescatore nell&#8217;operazione di eliminazione dell&#8217;acqua eventualmente penetrata all&#8217;interno dell&#8217;esca, abbiamo creato questo piccolo ma efficacissimo foto nella parte posteriore del Basirisky.<\/p>\n<p><strong>Disponibile nelle seguenti colorazioni:<br \/>\n4544565040089\u00a0<\/strong> 08 Seakayadoku<br \/>\n<strong>4544565040171<\/strong>\u00a0 17 Aqua Marine<br \/>\n<strong>4544565040126<\/strong>\u00a0 12 Bubblegim Pink<\/p>\n","protected":false},"excerpt":{"rendered":"<p>Basirisky 60 Dall\u2019idea di creare l&#8217;impossibile, Deps ha creato il soft crawler Basirisky. Gi\u00e0 dal primo lancio ci si rende conto di quanto gli spot apparentemente impescabili fino ad oggi, possano diventare terreno di caccia ideale del Basirisky! Pu\u00f2 passare sulle cover pi\u00f9 estreme senza problemi, stanando i bass pi\u00f9 grossi dove non avresti mai [&hellip;]<\/p>\n","protected":false},"featured_media":107438,"comment_status":"closed","ping_status":"closed","template":"","meta":[],"product_cat":[643],"product_tag":[1499],"yoast_head":"<!-- This site is optimized with the Yoast SEO plugin v15.3 - https:\/\/yoast.com\/wordpress\/plugins\/seo\/ -->\n<title>Basirisky 60 - Deps - Pesca Fish<\/title>\n<meta name=\"robots\" content=\"index, follow, max-snippet:-1, max-image-preview:large, max-video-preview:-1\" \/>\n<link rel=\"canonical\" href=\"https:\/\/www.pescafish.it\/new\/prodotto\/basirisky-60-deps\/\" \/>\n<meta property=\"og:locale\" content=\"it_IT\" \/>\n<meta property=\"og:type\" content=\"article\" \/>\n<meta property=\"og:title\" content=\"Basirisky 60 - Deps - Pesca Fish\" \/>\n<meta property=\"og:description\" content=\"Basirisky 60 Dall\u2019idea di creare l&#8217;impossibile, Deps ha creato il soft crawler Basirisky. Gi\u00e0 dal primo lancio ci si rende conto di quanto gli spot apparentemente impescabili fino ad oggi, possano diventare terreno di caccia ideale del Basirisky! Pu\u00f2 passare sulle cover pi\u00f9 estreme senza problemi, stanando i bass pi\u00f9 grossi dove non avresti mai [&hellip;]\" \/>\n<meta property=\"og:url\" content=\"https:\/\/www.pescafish.it\/new\/prodotto\/basirisky-60-deps\/\" \/>\n<meta property=\"og:site_name\" content=\"Pesca Fish\" \/>\n<meta property=\"article:publisher\" content=\"https:\/\/www.facebook.com\/pescafishvr\/\" \/>\n<meta property=\"og:image\" content=\"https:\/\/www.pescafish.it\/new\/wp-content\/uploads\/2025\/12\/08SEAKAYADOKU.jpg\" \/>\n\t<meta property=\"og:image:width\" content=\"789\" \/>\n\t<meta property=\"og:image:height\" content=\"794\" \/>\n<meta name=\"twitter:card\" content=\"summary_large_image\" \/>\n<meta name=\"twitter:label1\" content=\"Scritto da\">\n\t<meta name=\"twitter:data1\" content=\"francesca\">\n\t<meta name=\"twitter:label2\" content=\"Tempo di lettura stimato\">\n\t<meta name=\"twitter:data2\" content=\"2 minuti\">\n<script type=\"application\/ld+json\" class=\"yoast-schema-graph\">{\"@context\":\"https:\/\/schema.org\",\"@graph\":[{\"@type\":\"WebSite\",\"@id\":\"https:\/\/www.pescafish.it\/new\/#website\",\"url\":\"https:\/\/www.pescafish.it\/new\/\",\"name\":\"Pesca Fish\",\"description\":\"Benvenuti sul nostro sito!\",\"potentialAction\":[{\"@type\":\"SearchAction\",\"target\":\"https:\/\/www.pescafish.it\/new\/?s={search_term_string}\",\"query-input\":\"required name=search_term_string\"}],\"inLanguage\":\"it-IT\"},{\"@type\":\"ImageObject\",\"@id\":\"https:\/\/www.pescafish.it\/new\/prodotto\/basirisky-60-deps\/#primaryimage\",\"inLanguage\":\"it-IT\",\"url\":\"https:\/\/www.pescafish.it\/new\/wp-content\/uploads\/2025\/12\/08SEAKAYADOKU.jpg\",\"width\":789,\"height\":794,\"caption\":\"Deps\"},{\"@type\":\"WebPage\",\"@id\":\"https:\/\/www.pescafish.it\/new\/prodotto\/basirisky-60-deps\/#webpage\",\"url\":\"https:\/\/www.pescafish.it\/new\/prodotto\/basirisky-60-deps\/\",\"name\":\"Basirisky 60 - Deps - Pesca Fish\",\"isPartOf\":{\"@id\":\"https:\/\/www.pescafish.it\/new\/#website\"},\"primaryImageOfPage\":{\"@id\":\"https:\/\/www.pescafish.it\/new\/prodotto\/basirisky-60-deps\/#primaryimage\"},\"datePublished\":\"2025-12-19T18:17:17+00:00\",\"dateModified\":\"2025-12-19T18:17:17+00:00\",\"inLanguage\":\"it-IT\",\"potentialAction\":[{\"@type\":\"ReadAction\",\"target\":[\"https:\/\/www.pescafish.it\/new\/prodotto\/basirisky-60-deps\/\"]}]}]}<\/script>\n<!-- \/ Yoast SEO plugin. -->","_links":{"self":[{"href":"https:\/\/www.pescafish.it\/new\/wp-json\/wp\/v2\/product\/107434"}],"collection":[{"href":"https:\/\/www.pescafish.it\/new\/wp-json\/wp\/v2\/product"}],"about":[{"href":"https:\/\/www.pescafish.it\/new\/wp-json\/wp\/v2\/types\/product"}],"replies":[{"embeddable":true,"href":"https:\/\/www.pescafish.it\/new\/wp-json\/wp\/v2\/comments?post=107434"}],"wp:featuredmedia":[{"embeddable":true,"href":"https:\/\/www.pescafish.it\/new\/wp-json\/wp\/v2\/media\/107438"}],"wp:attachment":[{"href":"https:\/\/www.pescafish.it\/new\/wp-json\/wp\/v2\/media?parent=107434"}],"wp:term":[{"taxonomy":"product_cat","embeddable":true,"href":"https:\/\/www.pescafish.it\/new\/wp-json\/wp\/v2\/product_cat?post=107434"},{"taxonomy":"product_tag","embeddable":true,"href":"https:\/\/www.pescafish.it\/new\/wp-json\/wp\/v2\/product_tag?post=107434"}],"curies":[{"name":"wp","href":"https:\/\/api.w.org\/{rel}","templated":true}]}}