{"id":105836,"date":"2025-10-03T14:08:52","date_gmt":"2025-10-03T12:08:52","guid":{"rendered":"https:\/\/www.pescafish.it\/new\/?post_type=product&#038;p=105836"},"modified":"2025-10-03T14:08:52","modified_gmt":"2025-10-03T12:08:52","slug":"stm-8br-storage-mag-4-vanfook","status":"publish","type":"product","link":"https:\/\/www.pescafish.it\/new\/prodotto\/stm-8br-storage-mag-4-vanfook\/","title":{"rendered":"STM-8BR Storage Mag+ 4 &#8211; Vanfook"},"content":{"rendered":"<h2>STM-8BR Storage Mag+ 4<\/h2>\n<p>La Vanfook STM-8BR Storage Mag+ 8 \u00e8 una scatola usata principalmente per riporre ami da pesca, ami singoli, anelli, moschettoni, ecc, con 4 scomparti.<\/p>\n<p>La base \u00e8 magnetica ed \u00e8 gi\u00e0 prevista l\u2019etichetta interna per segnare ami e misure, sono presenti anche etichette di riserva.<\/p>\n<p><strong>Dimensioni:<\/strong> W140mm x D97mm x H17mm<\/p>\n","protected":false},"excerpt":{"rendered":"<p>STM-8BR Storage Mag+ 4 La Vanfook STM-8BR Storage Mag+ 8 \u00e8 una scatola usata principalmente per riporre ami da pesca, ami singoli, anelli, moschettoni, ecc, con 4 scomparti. La base \u00e8 magnetica ed \u00e8 gi\u00e0 prevista l\u2019etichetta interna per segnare ami e misure, sono presenti anche etichette di riserva. Dimensioni: W140mm x D97mm x H17mm<\/p>\n","protected":false},"featured_media":105837,"comment_status":"closed","ping_status":"closed","template":"","meta":[],"product_cat":[925],"product_tag":[1085],"yoast_head":"<!-- This site is optimized with the Yoast SEO plugin v15.3 - https:\/\/yoast.com\/wordpress\/plugins\/seo\/ -->\n<title>STM-8BR Storage Mag+ 4 - Vanfook - Pesca Fish<\/title>\n<meta name=\"robots\" content=\"index, follow, max-snippet:-1, max-image-preview:large, max-video-preview:-1\" \/>\n<link rel=\"canonical\" href=\"https:\/\/www.pescafish.it\/new\/prodotto\/stm-8br-storage-mag-4-vanfook\/\" \/>\n<meta property=\"og:locale\" content=\"it_IT\" \/>\n<meta property=\"og:type\" content=\"article\" \/>\n<meta property=\"og:title\" content=\"STM-8BR Storage Mag+ 4 - Vanfook - Pesca Fish\" \/>\n<meta property=\"og:description\" content=\"STM-8BR Storage Mag+ 4 La Vanfook STM-8BR Storage Mag+ 8 \u00e8 una scatola usata principalmente per riporre ami da pesca, ami singoli, anelli, moschettoni, ecc, con 4 scomparti. La base \u00e8 magnetica ed \u00e8 gi\u00e0 prevista l\u2019etichetta interna per segnare ami e misure, sono presenti anche etichette di riserva. Dimensioni: W140mm x D97mm x H17mm\" \/>\n<meta property=\"og:url\" content=\"https:\/\/www.pescafish.it\/new\/prodotto\/stm-8br-storage-mag-4-vanfook\/\" \/>\n<meta property=\"og:site_name\" content=\"Pesca Fish\" \/>\n<meta property=\"article:publisher\" content=\"https:\/\/www.facebook.com\/pescafishvr\/\" \/>\n<meta property=\"og:image\" content=\"https:\/\/www.pescafish.it\/new\/wp-content\/uploads\/2025\/10\/4.jpg\" \/>\n\t<meta property=\"og:image:width\" content=\"789\" \/>\n\t<meta property=\"og:image:height\" content=\"794\" \/>\n<meta name=\"twitter:card\" content=\"summary_large_image\" \/>\n<meta name=\"twitter:label1\" content=\"Scritto da\">\n\t<meta name=\"twitter:data1\" content=\"francesca\">\n\t<meta name=\"twitter:label2\" content=\"Tempo di lettura stimato\">\n\t<meta name=\"twitter:data2\" content=\"0 minuti\">\n<script type=\"application\/ld+json\" class=\"yoast-schema-graph\">{\"@context\":\"https:\/\/schema.org\",\"@graph\":[{\"@type\":\"WebSite\",\"@id\":\"https:\/\/www.pescafish.it\/new\/#website\",\"url\":\"https:\/\/www.pescafish.it\/new\/\",\"name\":\"Pesca Fish\",\"description\":\"Benvenuti sul nostro sito!\",\"potentialAction\":[{\"@type\":\"SearchAction\",\"target\":\"https:\/\/www.pescafish.it\/new\/?s={search_term_string}\",\"query-input\":\"required name=search_term_string\"}],\"inLanguage\":\"it-IT\"},{\"@type\":\"ImageObject\",\"@id\":\"https:\/\/www.pescafish.it\/new\/prodotto\/stm-8br-storage-mag-4-vanfook\/#primaryimage\",\"inLanguage\":\"it-IT\",\"url\":\"https:\/\/www.pescafish.it\/new\/wp-content\/uploads\/2025\/10\/4.jpg\",\"width\":789,\"height\":794,\"caption\":\"Vanfook\"},{\"@type\":\"WebPage\",\"@id\":\"https:\/\/www.pescafish.it\/new\/prodotto\/stm-8br-storage-mag-4-vanfook\/#webpage\",\"url\":\"https:\/\/www.pescafish.it\/new\/prodotto\/stm-8br-storage-mag-4-vanfook\/\",\"name\":\"STM-8BR Storage Mag+ 4 - Vanfook - Pesca Fish\",\"isPartOf\":{\"@id\":\"https:\/\/www.pescafish.it\/new\/#website\"},\"primaryImageOfPage\":{\"@id\":\"https:\/\/www.pescafish.it\/new\/prodotto\/stm-8br-storage-mag-4-vanfook\/#primaryimage\"},\"datePublished\":\"2025-10-03T12:08:52+00:00\",\"dateModified\":\"2025-10-03T12:08:52+00:00\",\"inLanguage\":\"it-IT\",\"potentialAction\":[{\"@type\":\"ReadAction\",\"target\":[\"https:\/\/www.pescafish.it\/new\/prodotto\/stm-8br-storage-mag-4-vanfook\/\"]}]}]}<\/script>\n<!-- \/ Yoast SEO plugin. -->","_links":{"self":[{"href":"https:\/\/www.pescafish.it\/new\/wp-json\/wp\/v2\/product\/105836"}],"collection":[{"href":"https:\/\/www.pescafish.it\/new\/wp-json\/wp\/v2\/product"}],"about":[{"href":"https:\/\/www.pescafish.it\/new\/wp-json\/wp\/v2\/types\/product"}],"replies":[{"embeddable":true,"href":"https:\/\/www.pescafish.it\/new\/wp-json\/wp\/v2\/comments?post=105836"}],"wp:featuredmedia":[{"embeddable":true,"href":"https:\/\/www.pescafish.it\/new\/wp-json\/wp\/v2\/media\/105837"}],"wp:attachment":[{"href":"https:\/\/www.pescafish.it\/new\/wp-json\/wp\/v2\/media?parent=105836"}],"wp:term":[{"taxonomy":"product_cat","embeddable":true,"href":"https:\/\/www.pescafish.it\/new\/wp-json\/wp\/v2\/product_cat?post=105836"},{"taxonomy":"product_tag","embeddable":true,"href":"https:\/\/www.pescafish.it\/new\/wp-json\/wp\/v2\/product_tag?post=105836"}],"curies":[{"name":"wp","href":"https:\/\/api.w.org\/{rel}","templated":true}]}}