{"id":104952,"date":"2025-07-17T16:14:00","date_gmt":"2025-07-17T14:14:00","guid":{"rendered":"https:\/\/www.pescafish.it\/new\/?post_type=product&#038;p=104952"},"modified":"2025-07-17T19:05:00","modified_gmt":"2025-07-17T17:05:00","slug":"tournament-sf-monofilament-light-gray-300mt-daiwa","status":"publish","type":"product","link":"https:\/\/www.pescafish.it\/new\/prodotto\/tournament-sf-monofilament-light-gray-300mt-daiwa\/","title":{"rendered":"Tournament SF Monofilament Light Gray 300mt &#8211; Daiwa"},"content":{"rendered":"<h2>Tournament SF Monofilament Light Gray 300mt<\/h2>\n<p>\u00c8 un monofilo in nylon di qualit\u00e0 superiore, progettato per i pescatori pi\u00f9 esigenti. Fabbricato in Giappone, offre prestazioni eccellenti in termini di resistenza, scorrevolezza e durata, rendendolo ideale per affrontare sfide in ambienti di pesca impegnativi.<\/p>\n<p><strong>Caratteristiche:<\/strong><\/p>\n<p>\u2022 Superficie liscia: Ottimizza la scorrevolezza attraverso gli anelli, permettendo lanci lunghi e precisi.<br \/>\n\u2022 Alta resistenza: Elevata resistenza lineare e ai nodi, anche quando bagnati, per una maggiore affidabilit\u00e0 durante il combattimento con prede di grandi dimensioni.<br \/>\n\u2022 Resistenza all&#8217;abrasione: Ideale per la pesca in ambienti difficili con ostacoli.<br \/>\n\u2022 Minima elasticit\u00e0: Assicura un\u2019ottima sensibilit\u00e0 per rilevare anche le abboccate pi\u00f9 leggere.<br \/>\n\u2022 Versatilit\u00e0 di diametro:\u00a0Il monofilo \u00e8 disponibile inoltre in diverse misure di diametro.<br \/>\n\u2022 Qualit\u00e0 giapponese:\u00a0Prodotto in Giappone, sinonimo di precisione e affidabilit\u00e0.<\/p>\n<p>Il\u00a0Monofilo Daiwa Tournament SF Monofilament\u00a0rappresenta una scelta eccellente per chi cerca un monofilo che unisca tecnologie avanzate, prestazioni elevate e durabilit\u00e0 in un\u2019unica soluzione. Perfetto per garantire successo e soddisfazione nelle tue battute di pesca.<\/p>\n<p><strong>Disponibile nelle seguenti misure:<br \/>\n12205318\u00a0 <\/strong>0.18mm \/ 2.9kg<br \/>\n<strong>12205320<\/strong>\u00a0 0.20mm \/ 3.5kg<br \/>\n<strong>12205323<\/strong>\u00a0 0.23mm \/ 4.5kg<br \/>\n<strong>12205326<\/strong>\u00a0 0.26mm \/ 5.7kg<br \/>\n<strong>12205333<\/strong>\u00a0 0.33mm \/ 9kg<br \/>\n<strong>12205336<\/strong>\u00a0 0.36mm \/ 11.1kg<\/p>\n","protected":false},"excerpt":{"rendered":"<p>Tournament SF Monofilament Light Gray 300mt \u00c8 un monofilo in nylon di qualit\u00e0 superiore, progettato per i pescatori pi\u00f9 esigenti. Fabbricato in Giappone, offre prestazioni eccellenti in termini di resistenza, scorrevolezza e durata, rendendolo ideale per affrontare sfide in ambienti di pesca impegnativi. Caratteristiche: \u2022 Superficie liscia: Ottimizza la scorrevolezza attraverso gli anelli, permettendo lanci [&hellip;]<\/p>\n","protected":false},"featured_media":104962,"comment_status":"closed","ping_status":"closed","template":"","meta":[],"product_cat":[1480],"product_tag":[1051],"yoast_head":"<!-- This site is optimized with the Yoast SEO plugin v15.3 - https:\/\/yoast.com\/wordpress\/plugins\/seo\/ -->\n<title>Tournament SF Monofilament Light Gray 300mt - Daiwa - Pesca Fish<\/title>\n<meta name=\"robots\" content=\"index, follow, max-snippet:-1, max-image-preview:large, max-video-preview:-1\" \/>\n<link rel=\"canonical\" href=\"https:\/\/www.pescafish.it\/new\/prodotto\/tournament-sf-monofilament-light-gray-300mt-daiwa\/\" \/>\n<meta property=\"og:locale\" content=\"it_IT\" \/>\n<meta property=\"og:type\" content=\"article\" \/>\n<meta property=\"og:title\" content=\"Tournament SF Monofilament Light Gray 300mt - Daiwa - Pesca Fish\" \/>\n<meta property=\"og:description\" content=\"Tournament SF Monofilament Light Gray 300mt \u00c8 un monofilo in nylon di qualit\u00e0 superiore, progettato per i pescatori pi\u00f9 esigenti. Fabbricato in Giappone, offre prestazioni eccellenti in termini di resistenza, scorrevolezza e durata, rendendolo ideale per affrontare sfide in ambienti di pesca impegnativi. Caratteristiche: \u2022 Superficie liscia: Ottimizza la scorrevolezza attraverso gli anelli, permettendo lanci [&hellip;]\" \/>\n<meta property=\"og:url\" content=\"https:\/\/www.pescafish.it\/new\/prodotto\/tournament-sf-monofilament-light-gray-300mt-daiwa\/\" \/>\n<meta property=\"og:site_name\" content=\"Pesca Fish\" \/>\n<meta property=\"article:publisher\" content=\"https:\/\/www.facebook.com\/pescafishvr\/\" \/>\n<meta property=\"article:modified_time\" content=\"2025-07-17T17:05:00+00:00\" \/>\n<meta property=\"og:image\" content=\"https:\/\/www.pescafish.it\/new\/wp-content\/uploads\/2025\/07\/GREY-1.jpg\" \/>\n\t<meta property=\"og:image:width\" content=\"789\" \/>\n\t<meta property=\"og:image:height\" content=\"794\" \/>\n<meta name=\"twitter:card\" content=\"summary_large_image\" \/>\n<meta name=\"twitter:label1\" content=\"Scritto da\">\n\t<meta name=\"twitter:data1\" content=\"francesca\">\n\t<meta name=\"twitter:label2\" content=\"Tempo di lettura stimato\">\n\t<meta name=\"twitter:data2\" content=\"1 minuto\">\n<script type=\"application\/ld+json\" class=\"yoast-schema-graph\">{\"@context\":\"https:\/\/schema.org\",\"@graph\":[{\"@type\":\"WebSite\",\"@id\":\"https:\/\/www.pescafish.it\/new\/#website\",\"url\":\"https:\/\/www.pescafish.it\/new\/\",\"name\":\"Pesca Fish\",\"description\":\"Benvenuti sul nostro sito!\",\"potentialAction\":[{\"@type\":\"SearchAction\",\"target\":\"https:\/\/www.pescafish.it\/new\/?s={search_term_string}\",\"query-input\":\"required name=search_term_string\"}],\"inLanguage\":\"it-IT\"},{\"@type\":\"ImageObject\",\"@id\":\"https:\/\/www.pescafish.it\/new\/prodotto\/tournament-sf-monofilament-light-gray-300mt-daiwa\/#primaryimage\",\"inLanguage\":\"it-IT\",\"url\":\"https:\/\/www.pescafish.it\/new\/wp-content\/uploads\/2025\/07\/GREY-1.jpg\",\"width\":789,\"height\":794,\"caption\":\"Daiwa\"},{\"@type\":\"WebPage\",\"@id\":\"https:\/\/www.pescafish.it\/new\/prodotto\/tournament-sf-monofilament-light-gray-300mt-daiwa\/#webpage\",\"url\":\"https:\/\/www.pescafish.it\/new\/prodotto\/tournament-sf-monofilament-light-gray-300mt-daiwa\/\",\"name\":\"Tournament SF Monofilament Light Gray 300mt - Daiwa - Pesca Fish\",\"isPartOf\":{\"@id\":\"https:\/\/www.pescafish.it\/new\/#website\"},\"primaryImageOfPage\":{\"@id\":\"https:\/\/www.pescafish.it\/new\/prodotto\/tournament-sf-monofilament-light-gray-300mt-daiwa\/#primaryimage\"},\"datePublished\":\"2025-07-17T14:14:00+00:00\",\"dateModified\":\"2025-07-17T17:05:00+00:00\",\"inLanguage\":\"it-IT\",\"potentialAction\":[{\"@type\":\"ReadAction\",\"target\":[\"https:\/\/www.pescafish.it\/new\/prodotto\/tournament-sf-monofilament-light-gray-300mt-daiwa\/\"]}]}]}<\/script>\n<!-- \/ Yoast SEO plugin. -->","_links":{"self":[{"href":"https:\/\/www.pescafish.it\/new\/wp-json\/wp\/v2\/product\/104952"}],"collection":[{"href":"https:\/\/www.pescafish.it\/new\/wp-json\/wp\/v2\/product"}],"about":[{"href":"https:\/\/www.pescafish.it\/new\/wp-json\/wp\/v2\/types\/product"}],"replies":[{"embeddable":true,"href":"https:\/\/www.pescafish.it\/new\/wp-json\/wp\/v2\/comments?post=104952"}],"wp:featuredmedia":[{"embeddable":true,"href":"https:\/\/www.pescafish.it\/new\/wp-json\/wp\/v2\/media\/104962"}],"wp:attachment":[{"href":"https:\/\/www.pescafish.it\/new\/wp-json\/wp\/v2\/media?parent=104952"}],"wp:term":[{"taxonomy":"product_cat","embeddable":true,"href":"https:\/\/www.pescafish.it\/new\/wp-json\/wp\/v2\/product_cat?post=104952"},{"taxonomy":"product_tag","embeddable":true,"href":"https:\/\/www.pescafish.it\/new\/wp-json\/wp\/v2\/product_tag?post=104952"}],"curies":[{"name":"wp","href":"https:\/\/api.w.org\/{rel}","templated":true}]}}