{"id":103814,"date":"2025-04-18T10:18:49","date_gmt":"2025-04-18T08:18:49","guid":{"rendered":"https:\/\/www.pescafish.it\/new\/?post_type=product&#038;p=103814"},"modified":"2025-04-18T10:18:50","modified_gmt":"2025-04-18T08:18:50","slug":"plankton-liquid-hydro-pure-calanus","status":"publish","type":"product","link":"https:\/\/www.pescafish.it\/new\/prodotto\/plankton-liquid-hydro-pure-calanus\/","title":{"rendered":"Plankton Liquid Hydro Pure Calanus"},"content":{"rendered":"<h2>Plankton Liquid Hydro Pure Calanus<\/h2>\n<p>Un ingrediente altamente stimolante per esche per carpe. Questo prodotto di qualit\u00e0 superiore \u00e8 un superfood fluido e puro, proveniente direttamente dagli oceani dell&#8217;Antartide.<\/p>\n<p>Valutiamo questo prodotto superiore al noto Krill Idro e al precedente L-zero-30, per la sua solubilit\u00e0 e digeribilit\u00e0. Questo Plancton Liquido Idro Puro Calanus intorbidir\u00e0 l&#8217;acqua che circonda l&#8217;esca se utilizzato in ammollo.<\/p>\n<p>Ottenuto da plancton fresco puro tramite idrolisi enzimatica, senza additivi\/conservanti. Ricchissimo di acidi grassi omega-3 idrosolubili, aminoacidi, vitamine, TMAO e antiossidanti naturali.<\/p>\n<p><strong>Caratteristiche:<\/strong><br \/>\n\u2022 Liquido fluido e scorrevole<br \/>\n\u2022 Marrone chiaro<br \/>\n\u2022 Fortissimo aroma marino salato e aminoacidico<br \/>\n\u2022 Solubile in acqua<br \/>\n\u2022 Adatto al PVA<br \/>\n\u2022 Dosaggio per kg di miscela secca in esca per carpe:<br \/>\n\u2022 Trattandosi di un prodotto naturale, non ci sono limiti al suo utilizzo. Pi\u00f9 si usa, maggiore sar\u00e0 l&#8217;attrattiva creata grazie alla maggiore solubilit\u00e0 dell&#8217;esca per le carpe.<br \/>\n\u2022 Adatto per l&#8217;uso durante tutto l&#8217;anno e a qualsiasi temperatura dell&#8217;acqua, anche in inverno.<\/p>\n<p><strong>Indicazioni generali:<\/strong><\/p>\n<p><strong>Boilies:<\/strong> 10-100 ml per kg<br \/>\nPastura\/pellet\/spodmix: circa 50 ml per kg<br \/>\nAdatto anche per l&#8217;uso in ammollo<\/p>\n<p><strong>Barattolo da 500ml<\/strong><\/p>\n","protected":false},"excerpt":{"rendered":"<p>Plankton Liquid Hydro Pure Calanus Un ingrediente altamente stimolante per esche per carpe. Questo prodotto di qualit\u00e0 superiore \u00e8 un superfood fluido e puro, proveniente direttamente dagli oceani dell&#8217;Antartide. Valutiamo questo prodotto superiore al noto Krill Idro e al precedente L-zero-30, per la sua solubilit\u00e0 e digeribilit\u00e0. Questo Plancton Liquido Idro Puro Calanus intorbidir\u00e0 l&#8217;acqua [&hellip;]<\/p>\n","protected":false},"featured_media":103821,"comment_status":"closed","ping_status":"closed","template":"","meta":[],"product_cat":[1359],"product_tag":[1360],"yoast_head":"<!-- This site is optimized with the Yoast SEO plugin v15.3 - https:\/\/yoast.com\/wordpress\/plugins\/seo\/ -->\n<title>Plankton Liquid Hydro Pure Calanus - Pesca Fish<\/title>\n<meta name=\"robots\" content=\"index, follow, max-snippet:-1, max-image-preview:large, max-video-preview:-1\" \/>\n<link rel=\"canonical\" href=\"https:\/\/www.pescafish.it\/new\/prodotto\/plankton-liquid-hydro-pure-calanus\/\" \/>\n<meta property=\"og:locale\" content=\"it_IT\" \/>\n<meta property=\"og:type\" content=\"article\" \/>\n<meta property=\"og:title\" content=\"Plankton Liquid Hydro Pure Calanus - Pesca Fish\" \/>\n<meta property=\"og:description\" content=\"Plankton Liquid Hydro Pure Calanus Un ingrediente altamente stimolante per esche per carpe. Questo prodotto di qualit\u00e0 superiore \u00e8 un superfood fluido e puro, proveniente direttamente dagli oceani dell&#8217;Antartide. Valutiamo questo prodotto superiore al noto Krill Idro e al precedente L-zero-30, per la sua solubilit\u00e0 e digeribilit\u00e0. Questo Plancton Liquido Idro Puro Calanus intorbidir\u00e0 l&#8217;acqua [&hellip;]\" \/>\n<meta property=\"og:url\" content=\"https:\/\/www.pescafish.it\/new\/prodotto\/plankton-liquid-hydro-pure-calanus\/\" \/>\n<meta property=\"og:site_name\" content=\"Pesca Fish\" \/>\n<meta property=\"article:publisher\" content=\"https:\/\/www.facebook.com\/pescafishvr\/\" \/>\n<meta property=\"article:modified_time\" content=\"2025-04-18T08:18:50+00:00\" \/>\n<meta property=\"og:image\" content=\"https:\/\/www.pescafish.it\/new\/wp-content\/uploads\/2025\/04\/plankton-hydro-calanus.png\" \/>\n\t<meta property=\"og:image:width\" content=\"1500\" \/>\n\t<meta property=\"og:image:height\" content=\"1500\" \/>\n<meta name=\"twitter:card\" content=\"summary_large_image\" \/>\n<meta name=\"twitter:label1\" content=\"Scritto da\">\n\t<meta name=\"twitter:data1\" content=\"francesca\">\n\t<meta name=\"twitter:label2\" content=\"Tempo di lettura stimato\">\n\t<meta name=\"twitter:data2\" content=\"1 minuto\">\n<script type=\"application\/ld+json\" class=\"yoast-schema-graph\">{\"@context\":\"https:\/\/schema.org\",\"@graph\":[{\"@type\":\"WebSite\",\"@id\":\"https:\/\/www.pescafish.it\/new\/#website\",\"url\":\"https:\/\/www.pescafish.it\/new\/\",\"name\":\"Pesca Fish\",\"description\":\"Benvenuti sul nostro sito!\",\"potentialAction\":[{\"@type\":\"SearchAction\",\"target\":\"https:\/\/www.pescafish.it\/new\/?s={search_term_string}\",\"query-input\":\"required name=search_term_string\"}],\"inLanguage\":\"it-IT\"},{\"@type\":\"ImageObject\",\"@id\":\"https:\/\/www.pescafish.it\/new\/prodotto\/plankton-liquid-hydro-pure-calanus\/#primaryimage\",\"inLanguage\":\"it-IT\",\"url\":\"https:\/\/www.pescafish.it\/new\/wp-content\/uploads\/2025\/04\/plankton-hydro-calanus.png\",\"width\":1500,\"height\":1500,\"caption\":\"FeedStimulants\"},{\"@type\":\"WebPage\",\"@id\":\"https:\/\/www.pescafish.it\/new\/prodotto\/plankton-liquid-hydro-pure-calanus\/#webpage\",\"url\":\"https:\/\/www.pescafish.it\/new\/prodotto\/plankton-liquid-hydro-pure-calanus\/\",\"name\":\"Plankton Liquid Hydro Pure Calanus - Pesca Fish\",\"isPartOf\":{\"@id\":\"https:\/\/www.pescafish.it\/new\/#website\"},\"primaryImageOfPage\":{\"@id\":\"https:\/\/www.pescafish.it\/new\/prodotto\/plankton-liquid-hydro-pure-calanus\/#primaryimage\"},\"datePublished\":\"2025-04-18T08:18:49+00:00\",\"dateModified\":\"2025-04-18T08:18:50+00:00\",\"inLanguage\":\"it-IT\",\"potentialAction\":[{\"@type\":\"ReadAction\",\"target\":[\"https:\/\/www.pescafish.it\/new\/prodotto\/plankton-liquid-hydro-pure-calanus\/\"]}]}]}<\/script>\n<!-- \/ Yoast SEO plugin. -->","_links":{"self":[{"href":"https:\/\/www.pescafish.it\/new\/wp-json\/wp\/v2\/product\/103814"}],"collection":[{"href":"https:\/\/www.pescafish.it\/new\/wp-json\/wp\/v2\/product"}],"about":[{"href":"https:\/\/www.pescafish.it\/new\/wp-json\/wp\/v2\/types\/product"}],"replies":[{"embeddable":true,"href":"https:\/\/www.pescafish.it\/new\/wp-json\/wp\/v2\/comments?post=103814"}],"wp:featuredmedia":[{"embeddable":true,"href":"https:\/\/www.pescafish.it\/new\/wp-json\/wp\/v2\/media\/103821"}],"wp:attachment":[{"href":"https:\/\/www.pescafish.it\/new\/wp-json\/wp\/v2\/media?parent=103814"}],"wp:term":[{"taxonomy":"product_cat","embeddable":true,"href":"https:\/\/www.pescafish.it\/new\/wp-json\/wp\/v2\/product_cat?post=103814"},{"taxonomy":"product_tag","embeddable":true,"href":"https:\/\/www.pescafish.it\/new\/wp-json\/wp\/v2\/product_tag?post=103814"}],"curies":[{"name":"wp","href":"https:\/\/api.w.org\/{rel}","templated":true}]}}