{"id":103523,"date":"2025-04-03T11:28:12","date_gmt":"2025-04-03T09:28:12","guid":{"rendered":"https:\/\/www.pescafish.it\/new\/?post_type=product&#038;p=103523"},"modified":"2025-08-25T16:10:12","modified_gmt":"2025-08-25T14:10:12","slug":"saltist-inshore-daiwa","status":"publish","type":"product","link":"https:\/\/www.pescafish.it\/new\/prodotto\/saltist-inshore-daiwa\/","title":{"rendered":"Saltist Inshore\u00a0&#8211; Daiwa"},"content":{"rendered":"<div class=\"flex_column av-9k6n0-7a94405798cf9041e59e558118a64381 av_one_full avia-builder-el-11 el_after_av_hr el_before_av_three_fifth first flex_column_div av-zero-column-padding \">\n<div class=\"av-special-heading av-27jyw4-f85840ebe7ca4a7638917585493f0b07 av-special-heading-h3 blockquote elegant-quote elegant-centered avia-builder-el-12 avia-builder-el-no-sibling \">\n<h2 class=\"av-special-heading-tag\">Saltist Inshore<\/h2>\n<\/div>\n<\/div>\n<div class=\"flex_column av-9k6n0-20-82080413e12a56b724af4f5c501181d2 av_three_fifth avia-builder-el-13 el_after_av_one_full el_before_av_two_fifth first flex_column_div av-zero-column-padding column-top-margin\">\n<section class=\"av_textblock_section av-kjog7pxe-3fdac9325328be63c9f1f043669b0f66 \">\n<div class=\"avia_textblock\">\n<p>Progetto orientato a soddisfare i pi\u00f9 esigenti amanti dello Spinning Saltwater. Il tessuto di carbonio\u00a0Daiwa HVF Nanoplus\u00a0con il quale sono costruiti i blank \u00e8 super-resistente ed al contempo leggero e reattivo, offre quindi la possibilit\u00e0 di combattere con successo le prede pi\u00f9 combattive. Le Saltist Inshore montano anelli Fuji K-Guide in Carburo di Silicio mentre il porta-mulinello \u00e8 il celebre Fuji DPS con ghiera di sicurezza.<\/p>\n<p><strong>Saltist Inshore 702MXS<\/strong>\u00a0\u2013 Canna all-round leggera e reattiva, la lunghezza di 7\u2019 offre il giusto compromesso tra potenza e sensibilit\u00e0. Esche quali Wtd, Popper, Minnow ma anche softbaits montate Texas o con testina piombata risultano di facile uso per insidiare predatori come Spigole, Barracuda e Serra dalla costa e dalla barca.<\/p>\n<p><strong>Saltist Inshore 762MFS<\/strong>\u00a0\u2013 Grezzo in grado di offrire una maggiore distanza di lancio rispetto alla sorella minore, ideale per pescare in spot alti come scogliere, porti, dighe. Dedicata alla pesca di tutti i predatori costieri, offre il meglio con wtd e Popper, ma anche con Long Jerk e Metal Jig riesce a lavorare in modo ottimale.<\/p>\n<p><strong>Saltist Inshore 782HFS<\/strong>\u00a0\u2013 E\u2019 nata per insidiare predatori di grossa mole, tra i quali le grandi Leccie Amia ed i grossi Serra, e dalla barca Alletterati e Lampughe, grazie alla sua riserva di potenza. L\u2019azione di punta permette di usare artificiali voluminosi e pesanti fino a 70 g.<\/p>\n<p><strong>Caratteristiche:<\/strong><\/p>\n<div class=\"flex_column av-9k6n0-15-bbf02d20febe0c3358d71391e95e9944 av_one_third avia-builder-el-20 el_after_av_one_full el_before_av_one_third first flex_column_div av-zero-column-padding column-top-margin\">\n<section class=\"av_textblock_section av-kjog7pxe-18-14a5f3e06c50889206e0932f62f2128e \">\n<div class=\"avia_textblock\">\n<p>\u2022 Blank in carbonio HVF Nanoplus<br \/>\n\u2022 Innesti V-Joint<br \/>\n\u2022 Anelli Fuji K-Guide in Alconite<br \/>\n\u2022 Placca porta mulinello Fuji DPS con \u2018locking nut\u2019<br \/>\n\u2022 Grip in EVA ad alta densit\u00e0<br \/>\n\u2022 Power Handle su modello 782HFS<\/p>\n<p><strong>Disponibili nelle seguenti varianti:<br \/>\n<\/strong><\/p>\n<table style=\"height: 55px; width: 99.9277%; border-collapse: collapse;\" border=\"1\">\n<tbody>\n<tr style=\"height: 24px;\">\n<td style=\"width: 20%; height: 24px;\"><strong>Codice<\/strong><\/td>\n<td style=\"width: 20%; height: 24px;\"><strong>Lunghezza (ft)<\/strong><\/td>\n<td style=\"width: 20%; height: 24px;\"><strong>Sezioni<\/strong><\/td>\n<td style=\"width: 20%; height: 24px;\"><strong>Ingombro (cm)<\/strong><\/td>\n<td style=\"width: 20%; height: 24px;\"><strong>Casting (gr)<\/strong><\/td>\n<\/tr>\n<tr style=\"height: 24px;\">\n<td style=\"width: 20%; height: 24px;\"><strong>STIN782HFS<\/strong><\/td>\n<td style=\"width: 20%; height: 24px;\">7\u20198\u2019\u2019 (235 cm)<\/td>\n<td style=\"width: 20%; height: 24px;\">1+1 offset<\/td>\n<td style=\"width: 20%; height: 24px;\">188<\/td>\n<td style=\"width: 20%; height: 24px;\">40 \u2013 70<\/td>\n<\/tr>\n<\/tbody>\n<\/table>\n<\/div>\n<\/section>\n<\/div>\n<\/div>\n<\/section>\n<\/div>\n","protected":false},"excerpt":{"rendered":"<p>Saltist Inshore Progetto orientato a soddisfare i pi\u00f9 esigenti amanti dello Spinning Saltwater. Il tessuto di carbonio\u00a0Daiwa HVF Nanoplus\u00a0con il quale sono costruiti i blank \u00e8 super-resistente ed al contempo leggero e reattivo, offre quindi la possibilit\u00e0 di combattere con successo le prede pi\u00f9 combattive. Le Saltist Inshore montano anelli Fuji K-Guide in Carburo di [&hellip;]<\/p>\n","protected":false},"featured_media":103525,"comment_status":"closed","ping_status":"closed","template":"","meta":[],"product_cat":[306],"product_tag":[1051],"yoast_head":"<!-- This site is optimized with the Yoast SEO plugin v15.3 - https:\/\/yoast.com\/wordpress\/plugins\/seo\/ -->\n<title>Saltist Inshore\u00a0- Daiwa - Pesca Fish<\/title>\n<meta name=\"robots\" content=\"index, follow, max-snippet:-1, max-image-preview:large, max-video-preview:-1\" \/>\n<link rel=\"canonical\" href=\"https:\/\/www.pescafish.it\/new\/prodotto\/saltist-inshore-daiwa\/\" \/>\n<meta property=\"og:locale\" content=\"it_IT\" \/>\n<meta property=\"og:type\" content=\"article\" \/>\n<meta property=\"og:title\" content=\"Saltist Inshore\u00a0- Daiwa - Pesca Fish\" \/>\n<meta property=\"og:description\" content=\"Saltist Inshore Progetto orientato a soddisfare i pi\u00f9 esigenti amanti dello Spinning Saltwater. Il tessuto di carbonio\u00a0Daiwa HVF Nanoplus\u00a0con il quale sono costruiti i blank \u00e8 super-resistente ed al contempo leggero e reattivo, offre quindi la possibilit\u00e0 di combattere con successo le prede pi\u00f9 combattive. Le Saltist Inshore montano anelli Fuji K-Guide in Carburo di [&hellip;]\" \/>\n<meta property=\"og:url\" content=\"https:\/\/www.pescafish.it\/new\/prodotto\/saltist-inshore-daiwa\/\" \/>\n<meta property=\"og:site_name\" content=\"Pesca Fish\" \/>\n<meta property=\"article:publisher\" content=\"https:\/\/www.facebook.com\/pescafishvr\/\" \/>\n<meta property=\"article:modified_time\" content=\"2025-08-25T14:10:12+00:00\" \/>\n<meta property=\"og:image\" content=\"https:\/\/www.pescafish.it\/new\/wp-content\/uploads\/2025\/04\/stin782hfs.jpg\" \/>\n\t<meta property=\"og:image:width\" content=\"794\" \/>\n\t<meta property=\"og:image:height\" content=\"794\" \/>\n<meta name=\"twitter:card\" content=\"summary_large_image\" \/>\n<meta name=\"twitter:label1\" content=\"Scritto da\">\n\t<meta name=\"twitter:data1\" content=\"francesca\">\n\t<meta name=\"twitter:label2\" content=\"Tempo di lettura stimato\">\n\t<meta name=\"twitter:data2\" content=\"1 minuto\">\n<script type=\"application\/ld+json\" class=\"yoast-schema-graph\">{\"@context\":\"https:\/\/schema.org\",\"@graph\":[{\"@type\":\"WebSite\",\"@id\":\"https:\/\/www.pescafish.it\/new\/#website\",\"url\":\"https:\/\/www.pescafish.it\/new\/\",\"name\":\"Pesca Fish\",\"description\":\"Benvenuti sul nostro sito!\",\"potentialAction\":[{\"@type\":\"SearchAction\",\"target\":\"https:\/\/www.pescafish.it\/new\/?s={search_term_string}\",\"query-input\":\"required name=search_term_string\"}],\"inLanguage\":\"it-IT\"},{\"@type\":\"ImageObject\",\"@id\":\"https:\/\/www.pescafish.it\/new\/prodotto\/saltist-inshore-daiwa\/#primaryimage\",\"inLanguage\":\"it-IT\",\"url\":\"https:\/\/www.pescafish.it\/new\/wp-content\/uploads\/2025\/04\/stin782hfs.jpg\",\"width\":794,\"height\":794,\"caption\":\"Daiwa\"},{\"@type\":\"WebPage\",\"@id\":\"https:\/\/www.pescafish.it\/new\/prodotto\/saltist-inshore-daiwa\/#webpage\",\"url\":\"https:\/\/www.pescafish.it\/new\/prodotto\/saltist-inshore-daiwa\/\",\"name\":\"Saltist Inshore\\u00a0- Daiwa - Pesca Fish\",\"isPartOf\":{\"@id\":\"https:\/\/www.pescafish.it\/new\/#website\"},\"primaryImageOfPage\":{\"@id\":\"https:\/\/www.pescafish.it\/new\/prodotto\/saltist-inshore-daiwa\/#primaryimage\"},\"datePublished\":\"2025-04-03T09:28:12+00:00\",\"dateModified\":\"2025-08-25T14:10:12+00:00\",\"inLanguage\":\"it-IT\",\"potentialAction\":[{\"@type\":\"ReadAction\",\"target\":[\"https:\/\/www.pescafish.it\/new\/prodotto\/saltist-inshore-daiwa\/\"]}]}]}<\/script>\n<!-- \/ Yoast SEO plugin. -->","_links":{"self":[{"href":"https:\/\/www.pescafish.it\/new\/wp-json\/wp\/v2\/product\/103523"}],"collection":[{"href":"https:\/\/www.pescafish.it\/new\/wp-json\/wp\/v2\/product"}],"about":[{"href":"https:\/\/www.pescafish.it\/new\/wp-json\/wp\/v2\/types\/product"}],"replies":[{"embeddable":true,"href":"https:\/\/www.pescafish.it\/new\/wp-json\/wp\/v2\/comments?post=103523"}],"wp:featuredmedia":[{"embeddable":true,"href":"https:\/\/www.pescafish.it\/new\/wp-json\/wp\/v2\/media\/103525"}],"wp:attachment":[{"href":"https:\/\/www.pescafish.it\/new\/wp-json\/wp\/v2\/media?parent=103523"}],"wp:term":[{"taxonomy":"product_cat","embeddable":true,"href":"https:\/\/www.pescafish.it\/new\/wp-json\/wp\/v2\/product_cat?post=103523"},{"taxonomy":"product_tag","embeddable":true,"href":"https:\/\/www.pescafish.it\/new\/wp-json\/wp\/v2\/product_tag?post=103523"}],"curies":[{"name":"wp","href":"https:\/\/api.w.org\/{rel}","templated":true}]}}