{"id":102681,"date":"2025-02-21T10:21:27","date_gmt":"2025-02-21T09:21:27","guid":{"rendered":"https:\/\/www.pescafish.it\/new\/?post_type=product&#038;p=102681"},"modified":"2025-02-21T10:21:27","modified_gmt":"2025-02-21T09:21:27","slug":"swim-senko-3-5-gary-yamamoto","status":"publish","type":"product","link":"https:\/\/www.pescafish.it\/new\/prodotto\/swim-senko-3-5-gary-yamamoto\/","title":{"rendered":"Swim Senko 3.5&#8243; &#8211; Gary Yamamoto"},"content":{"rendered":"<h2>Swim Senko 3.5&#8243;<\/h2>\n<p>Lo Yamamoto Swim Senko mantiene per grande parte del corpo il profilo del leggendario Senko, ma ad esso viene aggiunta una coda &#8220;PADDLE&#8221; attraverso una progressiva rastrematura. Grazie alla coda &#8220;a martello&#8221;, lo Swim Senko si caratterizza per un&#8217;azione &#8220;scalciante&#8221; decisa a tutte le velocit\u00e0 di recupero, pi\u00f9 che sufficiente per invogliare un pesce predatore smaliziato ad abboccare. Lo Swim Senko unisce il profilo naturale e la consistenza inimitabile della plastica morbida super-salata del Senko con le vibrazioni e il movimento di una swimbait paddletail. Il risultato \u00e8 la quantit\u00e0 perfetta di tremolio sottile e la quantit\u00e0 perfetta di calcio. Disponibile in 5 misure che vanno da 3,5\u201c a 5\u201d di lunghezza, lo Swim Senko \u00e8 il preferito dai pescatori di tutto il mondo per tutti i pesci predatori (trota, black bass, persico, lucioperca, aspio, spigola, barracuda). Potenziato con una altissima % di sale, ingrediente segreto di Yamamoto.<\/p>\n<p><strong>Disponibile nelle seguenti colorazioni:<\/strong><br \/>\n31M-07-904\u00a0 Black Blue Laminated<\/p>\n","protected":false},"excerpt":{"rendered":"<p>Swim Senko 3.5&#8243; Lo Yamamoto Swim Senko mantiene per grande parte del corpo il profilo del leggendario Senko, ma ad esso viene aggiunta una coda &#8220;PADDLE&#8221; attraverso una progressiva rastrematura. Grazie alla coda &#8220;a martello&#8221;, lo Swim Senko si caratterizza per un&#8217;azione &#8220;scalciante&#8221; decisa a tutte le velocit\u00e0 di recupero, pi\u00f9 che sufficiente per invogliare [&hellip;]<\/p>\n","protected":false},"featured_media":102682,"comment_status":"closed","ping_status":"closed","template":"","meta":[],"product_cat":[668],"product_tag":[1104],"yoast_head":"<!-- This site is optimized with the Yoast SEO plugin v15.3 - https:\/\/yoast.com\/wordpress\/plugins\/seo\/ -->\n<title>Swim Senko 3.5&quot; - Gary Yamamoto - Pesca Fish<\/title>\n<meta name=\"robots\" content=\"index, follow, max-snippet:-1, max-image-preview:large, max-video-preview:-1\" \/>\n<link rel=\"canonical\" href=\"https:\/\/www.pescafish.it\/new\/prodotto\/swim-senko-3-5-gary-yamamoto\/\" \/>\n<meta property=\"og:locale\" content=\"it_IT\" \/>\n<meta property=\"og:type\" content=\"article\" \/>\n<meta property=\"og:title\" content=\"Swim Senko 3.5&quot; - Gary Yamamoto - Pesca Fish\" \/>\n<meta property=\"og:description\" content=\"Swim Senko 3.5&#8243; Lo Yamamoto Swim Senko mantiene per grande parte del corpo il profilo del leggendario Senko, ma ad esso viene aggiunta una coda &#8220;PADDLE&#8221; attraverso una progressiva rastrematura. Grazie alla coda &#8220;a martello&#8221;, lo Swim Senko si caratterizza per un&#8217;azione &#8220;scalciante&#8221; decisa a tutte le velocit\u00e0 di recupero, pi\u00f9 che sufficiente per invogliare [&hellip;]\" \/>\n<meta property=\"og:url\" content=\"https:\/\/www.pescafish.it\/new\/prodotto\/swim-senko-3-5-gary-yamamoto\/\" \/>\n<meta property=\"og:site_name\" content=\"Pesca Fish\" \/>\n<meta property=\"article:publisher\" content=\"https:\/\/www.facebook.com\/pescafishvr\/\" \/>\n<meta property=\"og:image\" content=\"https:\/\/www.pescafish.it\/new\/wp-content\/uploads\/2025\/02\/BLACK-BLUE-LAMINATED.jpg\" \/>\n\t<meta property=\"og:image:width\" content=\"789\" \/>\n\t<meta property=\"og:image:height\" content=\"794\" \/>\n<meta name=\"twitter:card\" content=\"summary_large_image\" \/>\n<meta name=\"twitter:label1\" content=\"Scritto da\">\n\t<meta name=\"twitter:data1\" content=\"francesca\">\n\t<meta name=\"twitter:label2\" content=\"Tempo di lettura stimato\">\n\t<meta name=\"twitter:data2\" content=\"1 minuto\">\n<script type=\"application\/ld+json\" class=\"yoast-schema-graph\">{\"@context\":\"https:\/\/schema.org\",\"@graph\":[{\"@type\":\"WebSite\",\"@id\":\"https:\/\/www.pescafish.it\/new\/#website\",\"url\":\"https:\/\/www.pescafish.it\/new\/\",\"name\":\"Pesca Fish\",\"description\":\"Benvenuti sul nostro sito!\",\"potentialAction\":[{\"@type\":\"SearchAction\",\"target\":\"https:\/\/www.pescafish.it\/new\/?s={search_term_string}\",\"query-input\":\"required name=search_term_string\"}],\"inLanguage\":\"it-IT\"},{\"@type\":\"ImageObject\",\"@id\":\"https:\/\/www.pescafish.it\/new\/prodotto\/swim-senko-3-5-gary-yamamoto\/#primaryimage\",\"inLanguage\":\"it-IT\",\"url\":\"https:\/\/www.pescafish.it\/new\/wp-content\/uploads\/2025\/02\/BLACK-BLUE-LAMINATED.jpg\",\"width\":789,\"height\":794,\"caption\":\"Gary Yamamoto\"},{\"@type\":\"WebPage\",\"@id\":\"https:\/\/www.pescafish.it\/new\/prodotto\/swim-senko-3-5-gary-yamamoto\/#webpage\",\"url\":\"https:\/\/www.pescafish.it\/new\/prodotto\/swim-senko-3-5-gary-yamamoto\/\",\"name\":\"Swim Senko 3.5\\\" - Gary Yamamoto - Pesca Fish\",\"isPartOf\":{\"@id\":\"https:\/\/www.pescafish.it\/new\/#website\"},\"primaryImageOfPage\":{\"@id\":\"https:\/\/www.pescafish.it\/new\/prodotto\/swim-senko-3-5-gary-yamamoto\/#primaryimage\"},\"datePublished\":\"2025-02-21T09:21:27+00:00\",\"dateModified\":\"2025-02-21T09:21:27+00:00\",\"inLanguage\":\"it-IT\",\"potentialAction\":[{\"@type\":\"ReadAction\",\"target\":[\"https:\/\/www.pescafish.it\/new\/prodotto\/swim-senko-3-5-gary-yamamoto\/\"]}]}]}<\/script>\n<!-- \/ Yoast SEO plugin. -->","_links":{"self":[{"href":"https:\/\/www.pescafish.it\/new\/wp-json\/wp\/v2\/product\/102681"}],"collection":[{"href":"https:\/\/www.pescafish.it\/new\/wp-json\/wp\/v2\/product"}],"about":[{"href":"https:\/\/www.pescafish.it\/new\/wp-json\/wp\/v2\/types\/product"}],"replies":[{"embeddable":true,"href":"https:\/\/www.pescafish.it\/new\/wp-json\/wp\/v2\/comments?post=102681"}],"wp:featuredmedia":[{"embeddable":true,"href":"https:\/\/www.pescafish.it\/new\/wp-json\/wp\/v2\/media\/102682"}],"wp:attachment":[{"href":"https:\/\/www.pescafish.it\/new\/wp-json\/wp\/v2\/media?parent=102681"}],"wp:term":[{"taxonomy":"product_cat","embeddable":true,"href":"https:\/\/www.pescafish.it\/new\/wp-json\/wp\/v2\/product_cat?post=102681"},{"taxonomy":"product_tag","embeddable":true,"href":"https:\/\/www.pescafish.it\/new\/wp-json\/wp\/v2\/product_tag?post=102681"}],"curies":[{"name":"wp","href":"https:\/\/api.w.org\/{rel}","templated":true}]}}