{"id":102238,"date":"2025-02-05T17:50:53","date_gmt":"2025-02-05T16:50:53","guid":{"rendered":"https:\/\/www.pescafish.it\/new\/?post_type=product&#038;p=102238"},"modified":"2025-02-05T17:50:53","modified_gmt":"2025-02-05T16:50:53","slug":"stb-rd4-starbaits","status":"publish","type":"product","link":"https:\/\/www.pescafish.it\/new\/prodotto\/stb-rd4-starbaits\/","title":{"rendered":"Stb RD4 &#8211; Starbaits"},"content":{"rendered":"<h2>Stb RD4<\/h2>\n<p>Gli avvisatori Starbaits Stb RD4 sono perfetti per essere utilizzati in ogni situazione in cui un pescatore pu\u00f2 trovarsi a pescare: che si tratti di grandi laghi, fiumi o pesca in cava, questi avvisatori sapranno essere i giusti compagni di pesca.<\/p>\n<p>Sono realizzati con un elettronica a basso consumo energetico e di buona qualit\u00e0. Presentano la regolazione del volume\/tono\/sensibilit\u00e0 e la regolazione sar\u00e0 resa visibile da un led che indica con precisione quando avviene il settaggio.<\/p>\n<p>Una particolarit\u00e0 che li rende unici nel suo genere \u00e8 che la centralina pu\u00f2 essere utilizzata come telecomando per regolare a distanza l\u2019impostazione degli avvisatori.<\/p>\n<p>Sono forniti di case rigido per il trasporto.<\/p>\n<p><strong>Caratteristiche avvisatori:<\/strong><\/p>\n<p>\u2022 Tecnologia digitale;<br \/>\n\u2022 100% impermeabile;<br \/>\n\u2022 6 livelli di sensibilit\u00e0;<br \/>\n\u2022 6 toni diversi;<br \/>\n\u2022 Led ad alta visibilit\u00e0;<br \/>\n\u2022 Snag ear integrati;<br \/>\n\u2022 Alimentazione con batteria da 9V;<br \/>\n\u2022 Vano batteria di facile accesso;<br \/>\n\u2022 Jack per rendere lo swinger luminoso.<\/p>\n<p><strong>Caratteristiche centralina:<\/strong><\/p>\n<p>\u2022 3 controlli (S Sensibilit\u00e0, L Led, V Volume\/Accensione e T Tono) ;<br \/>\n\u2022 Tecnologia digitale;<br \/>\n\u2022 Trasmissione con portata di 100 m in campo aperto;<br \/>\n\u2022 5 livelli di volume;<br \/>\n\u2022 Pulsante di accensione;<br \/>\n\u2022 4 led luminosi;<br \/>\n\u2022 Trasmissione del segnale istantaneo;<br \/>\n\u2022 Alimentazione con 3 batterie AAA;<br \/>\n\u2022 Funzione regolazione a distanza, la centralina pu\u00f2 essere utilizzata come telecomando per modificare le impostazioni degli avvisatori.<\/p>\n<p><strong>Disponibile nelle seguenti varianti:<\/strong><br \/>\n<strong>SB17986<\/strong>\u00a0 3+1<br \/>\n<strong>SB17987<\/strong>\u00a0 4+1<\/p>\n","protected":false},"excerpt":{"rendered":"<p>Stb RD4 Gli avvisatori Starbaits Stb RD4 sono perfetti per essere utilizzati in ogni situazione in cui un pescatore pu\u00f2 trovarsi a pescare: che si tratti di grandi laghi, fiumi o pesca in cava, questi avvisatori sapranno essere i giusti compagni di pesca. Sono realizzati con un elettronica a basso consumo energetico e di buona [&hellip;]<\/p>\n","protected":false},"featured_media":102239,"comment_status":"closed","ping_status":"closed","template":"","meta":[],"product_cat":[475],"product_tag":[1034],"yoast_head":"<!-- This site is optimized with the Yoast SEO plugin v15.3 - https:\/\/yoast.com\/wordpress\/plugins\/seo\/ -->\n<title>Stb RD4 - Starbaits - Pesca Fish<\/title>\n<meta name=\"robots\" content=\"index, follow, max-snippet:-1, max-image-preview:large, max-video-preview:-1\" \/>\n<link rel=\"canonical\" href=\"https:\/\/www.pescafish.it\/new\/prodotto\/stb-rd4-starbaits\/\" \/>\n<meta property=\"og:locale\" content=\"it_IT\" \/>\n<meta property=\"og:type\" content=\"article\" \/>\n<meta property=\"og:title\" content=\"Stb RD4 - Starbaits - Pesca Fish\" \/>\n<meta property=\"og:description\" content=\"Stb RD4 Gli avvisatori Starbaits Stb RD4 sono perfetti per essere utilizzati in ogni situazione in cui un pescatore pu\u00f2 trovarsi a pescare: che si tratti di grandi laghi, fiumi o pesca in cava, questi avvisatori sapranno essere i giusti compagni di pesca. Sono realizzati con un elettronica a basso consumo energetico e di buona [&hellip;]\" \/>\n<meta property=\"og:url\" content=\"https:\/\/www.pescafish.it\/new\/prodotto\/stb-rd4-starbaits\/\" \/>\n<meta property=\"og:site_name\" content=\"Pesca Fish\" \/>\n<meta property=\"article:publisher\" content=\"https:\/\/www.facebook.com\/pescafishvr\/\" \/>\n<meta property=\"og:image\" content=\"https:\/\/www.pescafish.it\/new\/wp-content\/uploads\/2025\/02\/STB.jpg\" \/>\n\t<meta property=\"og:image:width\" content=\"789\" \/>\n\t<meta property=\"og:image:height\" content=\"794\" \/>\n<meta name=\"twitter:card\" content=\"summary_large_image\" \/>\n<meta name=\"twitter:label1\" content=\"Scritto da\">\n\t<meta name=\"twitter:data1\" content=\"francesca\">\n\t<meta name=\"twitter:label2\" content=\"Tempo di lettura stimato\">\n\t<meta name=\"twitter:data2\" content=\"1 minuto\">\n<script type=\"application\/ld+json\" class=\"yoast-schema-graph\">{\"@context\":\"https:\/\/schema.org\",\"@graph\":[{\"@type\":\"WebSite\",\"@id\":\"https:\/\/www.pescafish.it\/new\/#website\",\"url\":\"https:\/\/www.pescafish.it\/new\/\",\"name\":\"Pesca Fish\",\"description\":\"Benvenuti sul nostro sito!\",\"potentialAction\":[{\"@type\":\"SearchAction\",\"target\":\"https:\/\/www.pescafish.it\/new\/?s={search_term_string}\",\"query-input\":\"required name=search_term_string\"}],\"inLanguage\":\"it-IT\"},{\"@type\":\"ImageObject\",\"@id\":\"https:\/\/www.pescafish.it\/new\/prodotto\/stb-rd4-starbaits\/#primaryimage\",\"inLanguage\":\"it-IT\",\"url\":\"https:\/\/www.pescafish.it\/new\/wp-content\/uploads\/2025\/02\/STB.jpg\",\"width\":789,\"height\":794,\"caption\":\"Strabaits\"},{\"@type\":\"WebPage\",\"@id\":\"https:\/\/www.pescafish.it\/new\/prodotto\/stb-rd4-starbaits\/#webpage\",\"url\":\"https:\/\/www.pescafish.it\/new\/prodotto\/stb-rd4-starbaits\/\",\"name\":\"Stb RD4 - Starbaits - Pesca Fish\",\"isPartOf\":{\"@id\":\"https:\/\/www.pescafish.it\/new\/#website\"},\"primaryImageOfPage\":{\"@id\":\"https:\/\/www.pescafish.it\/new\/prodotto\/stb-rd4-starbaits\/#primaryimage\"},\"datePublished\":\"2025-02-05T16:50:53+00:00\",\"dateModified\":\"2025-02-05T16:50:53+00:00\",\"inLanguage\":\"it-IT\",\"potentialAction\":[{\"@type\":\"ReadAction\",\"target\":[\"https:\/\/www.pescafish.it\/new\/prodotto\/stb-rd4-starbaits\/\"]}]}]}<\/script>\n<!-- \/ Yoast SEO plugin. -->","_links":{"self":[{"href":"https:\/\/www.pescafish.it\/new\/wp-json\/wp\/v2\/product\/102238"}],"collection":[{"href":"https:\/\/www.pescafish.it\/new\/wp-json\/wp\/v2\/product"}],"about":[{"href":"https:\/\/www.pescafish.it\/new\/wp-json\/wp\/v2\/types\/product"}],"replies":[{"embeddable":true,"href":"https:\/\/www.pescafish.it\/new\/wp-json\/wp\/v2\/comments?post=102238"}],"wp:featuredmedia":[{"embeddable":true,"href":"https:\/\/www.pescafish.it\/new\/wp-json\/wp\/v2\/media\/102239"}],"wp:attachment":[{"href":"https:\/\/www.pescafish.it\/new\/wp-json\/wp\/v2\/media?parent=102238"}],"wp:term":[{"taxonomy":"product_cat","embeddable":true,"href":"https:\/\/www.pescafish.it\/new\/wp-json\/wp\/v2\/product_cat?post=102238"},{"taxonomy":"product_tag","embeddable":true,"href":"https:\/\/www.pescafish.it\/new\/wp-json\/wp\/v2\/product_tag?post=102238"}],"curies":[{"name":"wp","href":"https:\/\/api.w.org\/{rel}","templated":true}]}}