{"id":101564,"date":"2025-01-13T19:24:40","date_gmt":"2025-01-13T18:24:40","guid":{"rendered":"https:\/\/www.pescafish.it\/new\/?post_type=product&#038;p=101564"},"modified":"2025-01-13T19:24:41","modified_gmt":"2025-01-13T18:24:41","slug":"rt-shad-7-molix","status":"publish","type":"product","link":"https:\/\/www.pescafish.it\/new\/prodotto\/rt-shad-7-molix\/","title":{"rendered":"RT Shad 7&#8243; &#8211; Molix"},"content":{"rendered":"<p>RT Shad 7\u201d \u00e8 una realistica soft shad realizzata attraverso una morbida miscela ad alta densit\u00e0. Il particolare design imita le forme di un pesce foraggio che scatener\u00e0 l\u2019istinto predatorio anche dei predatori pi\u00f9 svogliati e diffidenti. Forma, profilo idrodinamico e il paddle voluminoso conferiscono un movimento di rollio estremamente accentuato con diverse tipologie di montaggio ed a qualsiasi velocit\u00e0 di recupero. E\u2019 efficace in tutte le situazioni di pesca in cui \u00e8 richiesta la presentazione di grosse esche imitative che emettano grandi vibrazioni emulando un pesce in difficolt\u00e0.<\/p>\n<p><strong>Lunghezza:<\/strong> 18cm<br \/>\n.<br \/>\n<iframe loading=\"lazy\" title=\"RT Shad 7 &quot; + Soft Bait Stinger! COMBO per i GRANDI PREDATORI\" width=\"900\" height=\"506\" src=\"https:\/\/www.youtube.com\/embed\/fWJSwBM_idY?start=2&#038;feature=oembed\" frameborder=\"0\" allow=\"accelerometer; autoplay; clipboard-write; encrypted-media; gyroscope; picture-in-picture; web-share\" referrerpolicy=\"strict-origin-when-cross-origin\" allowfullscreen><\/iframe><br \/>\n.<br \/>\n<iframe loading=\"lazy\" title=\"HOW TO USE | MOLIX NEWS - EP.11 | RT Shad 7&quot; &amp; Soft Bait Stinger\" width=\"900\" height=\"506\" src=\"https:\/\/www.youtube.com\/embed\/4iXSmV_JZ_4?feature=oembed\" frameborder=\"0\" allow=\"accelerometer; autoplay; clipboard-write; encrypted-media; gyroscope; picture-in-picture; web-share\" referrerpolicy=\"strict-origin-when-cross-origin\" allowfullscreen><\/iframe><\/p>\n","protected":false},"excerpt":{"rendered":"<p>RT Shad 7\u201d \u00e8 una realistica soft shad realizzata attraverso una morbida miscela ad alta densit\u00e0. Il particolare design imita le forme di un pesce foraggio che scatener\u00e0 l\u2019istinto predatorio anche dei predatori pi\u00f9 svogliati e diffidenti. Forma, profilo idrodinamico e il paddle voluminoso conferiscono un movimento di rollio estremamente accentuato con diverse tipologie di [&hellip;]<\/p>\n","protected":false},"featured_media":101565,"comment_status":"closed","ping_status":"closed","template":"","meta":[],"product_cat":[658],"product_tag":[1025],"yoast_head":"<!-- This site is optimized with the Yoast SEO plugin v15.3 - https:\/\/yoast.com\/wordpress\/plugins\/seo\/ -->\n<title>RT Shad 7&quot; - Molix - Pesca Fish<\/title>\n<meta name=\"robots\" content=\"index, follow, max-snippet:-1, max-image-preview:large, max-video-preview:-1\" \/>\n<link rel=\"canonical\" href=\"https:\/\/www.pescafish.it\/new\/prodotto\/rt-shad-7-molix\/\" \/>\n<meta property=\"og:locale\" content=\"it_IT\" \/>\n<meta property=\"og:type\" content=\"article\" \/>\n<meta property=\"og:title\" content=\"RT Shad 7&quot; - Molix - Pesca Fish\" \/>\n<meta property=\"og:description\" content=\"RT Shad 7\u201d \u00e8 una realistica soft shad realizzata attraverso una morbida miscela ad alta densit\u00e0. Il particolare design imita le forme di un pesce foraggio che scatener\u00e0 l\u2019istinto predatorio anche dei predatori pi\u00f9 svogliati e diffidenti. Forma, profilo idrodinamico e il paddle voluminoso conferiscono un movimento di rollio estremamente accentuato con diverse tipologie di [&hellip;]\" \/>\n<meta property=\"og:url\" content=\"https:\/\/www.pescafish.it\/new\/prodotto\/rt-shad-7-molix\/\" \/>\n<meta property=\"og:site_name\" content=\"Pesca Fish\" \/>\n<meta property=\"article:publisher\" content=\"https:\/\/www.facebook.com\/pescafishvr\/\" \/>\n<meta property=\"article:modified_time\" content=\"2025-01-13T18:24:41+00:00\" \/>\n<meta property=\"og:image\" content=\"https:\/\/www.pescafish.it\/new\/wp-content\/uploads\/2025\/01\/rt-shad-7_PS01-UV-perch.jpg\" \/>\n\t<meta property=\"og:image:width\" content=\"794\" \/>\n\t<meta property=\"og:image:height\" content=\"794\" \/>\n<meta name=\"twitter:card\" content=\"summary_large_image\" \/>\n<meta name=\"twitter:label1\" content=\"Scritto da\">\n\t<meta name=\"twitter:data1\" content=\"francesca\">\n\t<meta name=\"twitter:label2\" content=\"Tempo di lettura stimato\">\n\t<meta name=\"twitter:data2\" content=\"0 minuti\">\n<script type=\"application\/ld+json\" class=\"yoast-schema-graph\">{\"@context\":\"https:\/\/schema.org\",\"@graph\":[{\"@type\":\"WebSite\",\"@id\":\"https:\/\/www.pescafish.it\/new\/#website\",\"url\":\"https:\/\/www.pescafish.it\/new\/\",\"name\":\"Pesca Fish\",\"description\":\"Benvenuti sul nostro sito!\",\"potentialAction\":[{\"@type\":\"SearchAction\",\"target\":\"https:\/\/www.pescafish.it\/new\/?s={search_term_string}\",\"query-input\":\"required name=search_term_string\"}],\"inLanguage\":\"it-IT\"},{\"@type\":\"ImageObject\",\"@id\":\"https:\/\/www.pescafish.it\/new\/prodotto\/rt-shad-7-molix\/#primaryimage\",\"inLanguage\":\"it-IT\",\"url\":\"https:\/\/www.pescafish.it\/new\/wp-content\/uploads\/2025\/01\/rt-shad-7_PS01-UV-perch.jpg\",\"width\":794,\"height\":794,\"caption\":\"rt shad 7 molix\"},{\"@type\":\"WebPage\",\"@id\":\"https:\/\/www.pescafish.it\/new\/prodotto\/rt-shad-7-molix\/#webpage\",\"url\":\"https:\/\/www.pescafish.it\/new\/prodotto\/rt-shad-7-molix\/\",\"name\":\"RT Shad 7\\\" - Molix - Pesca Fish\",\"isPartOf\":{\"@id\":\"https:\/\/www.pescafish.it\/new\/#website\"},\"primaryImageOfPage\":{\"@id\":\"https:\/\/www.pescafish.it\/new\/prodotto\/rt-shad-7-molix\/#primaryimage\"},\"datePublished\":\"2025-01-13T18:24:40+00:00\",\"dateModified\":\"2025-01-13T18:24:41+00:00\",\"inLanguage\":\"it-IT\",\"potentialAction\":[{\"@type\":\"ReadAction\",\"target\":[\"https:\/\/www.pescafish.it\/new\/prodotto\/rt-shad-7-molix\/\"]}]}]}<\/script>\n<!-- \/ Yoast SEO plugin. -->","_links":{"self":[{"href":"https:\/\/www.pescafish.it\/new\/wp-json\/wp\/v2\/product\/101564"}],"collection":[{"href":"https:\/\/www.pescafish.it\/new\/wp-json\/wp\/v2\/product"}],"about":[{"href":"https:\/\/www.pescafish.it\/new\/wp-json\/wp\/v2\/types\/product"}],"replies":[{"embeddable":true,"href":"https:\/\/www.pescafish.it\/new\/wp-json\/wp\/v2\/comments?post=101564"}],"wp:featuredmedia":[{"embeddable":true,"href":"https:\/\/www.pescafish.it\/new\/wp-json\/wp\/v2\/media\/101565"}],"wp:attachment":[{"href":"https:\/\/www.pescafish.it\/new\/wp-json\/wp\/v2\/media?parent=101564"}],"wp:term":[{"taxonomy":"product_cat","embeddable":true,"href":"https:\/\/www.pescafish.it\/new\/wp-json\/wp\/v2\/product_cat?post=101564"},{"taxonomy":"product_tag","embeddable":true,"href":"https:\/\/www.pescafish.it\/new\/wp-json\/wp\/v2\/product_tag?post=101564"}],"curies":[{"name":"wp","href":"https:\/\/api.w.org\/{rel}","templated":true}]}}