{"id":101094,"date":"2024-12-19T14:01:46","date_gmt":"2024-12-19T13:01:46","guid":{"rendered":"https:\/\/www.pescafish.it\/new\/?post_type=product&#038;p=101094"},"modified":"2024-12-19T14:01:46","modified_gmt":"2024-12-19T13:01:46","slug":"8-compartment-non-toxic-shot-box","status":"publish","type":"product","link":"https:\/\/www.pescafish.it\/new\/prodotto\/8-compartment-non-toxic-shot-box\/","title":{"rendered":"8 Compartment Non-Toxic Shot Box"},"content":{"rendered":"<h2>8 Compartment Non-Toxic Shot Box<\/h2>\n<p><span>Il dispenser per shot Guru a 8 scomparti \u00e8 una soluzione comoda ed ecologica per conservare e applicare il tuo shot. Contiene shot non tossico in una variet\u00e0 di misure: SSG, AAA, AB, BB, No1, No4, No6, No8 e il dispenser semplifica l&#8217;organizzazione e l&#8217;accesso al peso preciso di cui hai bisogno.\u00a0<\/span><\/p>\n<p><span>Un quadrante girevole al centro del dispenser garantisce un controllo preciso, con un&#8217;apertura che consente di rilasciare la giusta quantit\u00e0 di polvere dal suo scomparto chiaramente contrassegnato.\u00a0<\/span><\/p>\n<p><span>Creato con un materiale morbido e atossico, il pallino pu\u00f2 essere facilmente spostato e fissato alla lenza senza causare alcun danno e pu\u00f2 essere chiuso con una leggera pressione delle dita. Il pallino \u00e8 tagliato con precisione in modo che aderisca alla lenza in modo dritto e uniforme. Inoltre, c&#8217;\u00e8 una tacca integrata per individuare l&#8217;apertura quando li si rimuove dalla lenza. Completamente riutilizzabile, questo pallino \u00e8 la soluzione ecologica che soddisfer\u00e0 tutte le tue esigenze di pesca con galleggiante.<\/span><\/p>\n","protected":false},"excerpt":{"rendered":"<p>8 Compartment Non-Toxic Shot Box Il dispenser per shot Guru a 8 scomparti \u00e8 una soluzione comoda ed ecologica per conservare e applicare il tuo shot. Contiene shot non tossico in una variet\u00e0 di misure: SSG, AAA, AB, BB, No1, No4, No6, No8 e il dispenser semplifica l&#8217;organizzazione e l&#8217;accesso al peso preciso di cui [&hellip;]<\/p>\n","protected":false},"featured_media":101095,"comment_status":"closed","ping_status":"closed","template":"","meta":[],"product_cat":[185],"product_tag":[1026],"yoast_head":"<!-- This site is optimized with the Yoast SEO plugin v15.3 - https:\/\/yoast.com\/wordpress\/plugins\/seo\/ -->\n<title>8 Compartment Non-Toxic Shot Box - Pesca Fish<\/title>\n<meta name=\"robots\" content=\"index, follow, max-snippet:-1, max-image-preview:large, max-video-preview:-1\" \/>\n<link rel=\"canonical\" href=\"https:\/\/www.pescafish.it\/new\/prodotto\/8-compartment-non-toxic-shot-box\/\" \/>\n<meta property=\"og:locale\" content=\"it_IT\" \/>\n<meta property=\"og:type\" content=\"article\" \/>\n<meta property=\"og:title\" content=\"8 Compartment Non-Toxic Shot Box - Pesca Fish\" \/>\n<meta property=\"og:description\" content=\"8 Compartment Non-Toxic Shot Box Il dispenser per shot Guru a 8 scomparti \u00e8 una soluzione comoda ed ecologica per conservare e applicare il tuo shot. Contiene shot non tossico in una variet\u00e0 di misure: SSG, AAA, AB, BB, No1, No4, No6, No8 e il dispenser semplifica l&#8217;organizzazione e l&#8217;accesso al peso preciso di cui [&hellip;]\" \/>\n<meta property=\"og:url\" content=\"https:\/\/www.pescafish.it\/new\/prodotto\/8-compartment-non-toxic-shot-box\/\" \/>\n<meta property=\"og:site_name\" content=\"Pesca Fish\" \/>\n<meta property=\"article:publisher\" content=\"https:\/\/www.facebook.com\/pescafishvr\/\" \/>\n<meta property=\"og:image\" content=\"https:\/\/www.pescafish.it\/new\/wp-content\/uploads\/2024\/12\/2-1.jpg\" \/>\n\t<meta property=\"og:image:width\" content=\"1181\" \/>\n\t<meta property=\"og:image:height\" content=\"1181\" \/>\n<meta name=\"twitter:card\" content=\"summary_large_image\" \/>\n<meta name=\"twitter:label1\" content=\"Scritto da\">\n\t<meta name=\"twitter:data1\" content=\"francesca\">\n\t<meta name=\"twitter:label2\" content=\"Tempo di lettura stimato\">\n\t<meta name=\"twitter:data2\" content=\"1 minuto\">\n<script type=\"application\/ld+json\" class=\"yoast-schema-graph\">{\"@context\":\"https:\/\/schema.org\",\"@graph\":[{\"@type\":\"WebSite\",\"@id\":\"https:\/\/www.pescafish.it\/new\/#website\",\"url\":\"https:\/\/www.pescafish.it\/new\/\",\"name\":\"Pesca Fish\",\"description\":\"Benvenuti sul nostro sito!\",\"potentialAction\":[{\"@type\":\"SearchAction\",\"target\":\"https:\/\/www.pescafish.it\/new\/?s={search_term_string}\",\"query-input\":\"required name=search_term_string\"}],\"inLanguage\":\"it-IT\"},{\"@type\":\"ImageObject\",\"@id\":\"https:\/\/www.pescafish.it\/new\/prodotto\/8-compartment-non-toxic-shot-box\/#primaryimage\",\"inLanguage\":\"it-IT\",\"url\":\"https:\/\/www.pescafish.it\/new\/wp-content\/uploads\/2024\/12\/2-1.jpg\",\"width\":1181,\"height\":1181,\"caption\":\"Guru\"},{\"@type\":\"WebPage\",\"@id\":\"https:\/\/www.pescafish.it\/new\/prodotto\/8-compartment-non-toxic-shot-box\/#webpage\",\"url\":\"https:\/\/www.pescafish.it\/new\/prodotto\/8-compartment-non-toxic-shot-box\/\",\"name\":\"8 Compartment Non-Toxic Shot Box - Pesca Fish\",\"isPartOf\":{\"@id\":\"https:\/\/www.pescafish.it\/new\/#website\"},\"primaryImageOfPage\":{\"@id\":\"https:\/\/www.pescafish.it\/new\/prodotto\/8-compartment-non-toxic-shot-box\/#primaryimage\"},\"datePublished\":\"2024-12-19T13:01:46+00:00\",\"dateModified\":\"2024-12-19T13:01:46+00:00\",\"inLanguage\":\"it-IT\",\"potentialAction\":[{\"@type\":\"ReadAction\",\"target\":[\"https:\/\/www.pescafish.it\/new\/prodotto\/8-compartment-non-toxic-shot-box\/\"]}]}]}<\/script>\n<!-- \/ Yoast SEO plugin. -->","_links":{"self":[{"href":"https:\/\/www.pescafish.it\/new\/wp-json\/wp\/v2\/product\/101094"}],"collection":[{"href":"https:\/\/www.pescafish.it\/new\/wp-json\/wp\/v2\/product"}],"about":[{"href":"https:\/\/www.pescafish.it\/new\/wp-json\/wp\/v2\/types\/product"}],"replies":[{"embeddable":true,"href":"https:\/\/www.pescafish.it\/new\/wp-json\/wp\/v2\/comments?post=101094"}],"wp:featuredmedia":[{"embeddable":true,"href":"https:\/\/www.pescafish.it\/new\/wp-json\/wp\/v2\/media\/101095"}],"wp:attachment":[{"href":"https:\/\/www.pescafish.it\/new\/wp-json\/wp\/v2\/media?parent=101094"}],"wp:term":[{"taxonomy":"product_cat","embeddable":true,"href":"https:\/\/www.pescafish.it\/new\/wp-json\/wp\/v2\/product_cat?post=101094"},{"taxonomy":"product_tag","embeddable":true,"href":"https:\/\/www.pescafish.it\/new\/wp-json\/wp\/v2\/product_tag?post=101094"}],"curies":[{"name":"wp","href":"https:\/\/api.w.org\/{rel}","templated":true}]}}