{"id":100870,"date":"2024-12-11T19:04:39","date_gmt":"2024-12-11T18:04:39","guid":{"rendered":"https:\/\/www.pescafish.it\/new\/?post_type=product&#038;p=100870"},"modified":"2024-12-11T19:06:08","modified_gmt":"2024-12-11T18:06:08","slug":"tackle-box-large-korda","status":"publish","type":"product","link":"https:\/\/www.pescafish.it\/new\/prodotto\/tackle-box-large-korda\/","title":{"rendered":"Tackle Box Large &#8211; Korda"},"content":{"rendered":"<h2>Tackle Box Large<\/h2>\n<p>Quando abbiamo lanciato la Tackle Box originale non ci aspettavamo di essere sommersi dalle richieste per una versione pi\u00f9 grande. Tuttavia, quando ci abbiamo pensato in modo logico, ci sono sempre articoli da pesca riposti in altre tasche, infilati in tasche laterali e lasciati sul fondo della borsa. La Large Tackle Box annulla tutto questo offrendo abbastanza spazio per riporre assolutamente tutto, in modo ordinato, sicuro e organizzato, tutto in un unico posto.<\/p>\n<p>Questa versatile cassetta per attrezzi si adatta perfettamente alle esigenze di ogni utente, con 25 scomparti individuali integrati nel coperchio. Ogni sezione \u00e8 sormontata da una copertura trasparente a ribalta che non solo protegge i tuoi oggetti, ma ti consente anche di identificare facilmente il contenuto a colpo d&#8217;occhio. Dagli snodi ai tubi termoretraibili e ai kicker agli Heli-Safe, questi scomparti organizzano in modo efficiente tutti i tuoi piccoli articoli di attrezzatura terminale.<\/p>\n<p>Il coperchio incorpora anche una vera e propria tavola per rig, proprio come quella che troveresti in una Rig Safe, completa di una barra di ritenzione dell&#8217;amo scanalata e lavorata a macchina. La Rig Board pu\u00f2 contenere fino a 56 rig pre-legati e viene fornita con 30 perni singoli e 20 doppi per fissarli saldamente in posizione. L&#8217;ingegnosit\u00e0 di questa cassetta per attrezzi non si ferma qui, la rig board contiene un&#8217;innovativa barra per rig che conterr\u00e0 i tuoi Spinner Boom senza la necessit\u00e0 di avere un amo attaccato. Questa \u00e8 una cosa che Damian Clarke ha ideato per l&#8217;uso all&#8217;interno della sua Rig Safe, ma ora un&#8217;idea simile \u00e8 stata sviluppata per la Large Tackle Box. Per finire la Rig Board c&#8217;\u00e8 un righello ad alta visibilit\u00e0 per aiutarti a costruire quel rig o boom della lunghezza perfetta.<\/p>\n<p>Ricorda, questo \u00e8 solo nel coperchio della Large Tackle Box e se tutto questo non fosse abbastanza, c&#8217;\u00e8 anche un altro piccolo bordo che ti aiuter\u00e0 notevolmente quando leghi i rig. Abbiamo aggiunto un piccolo vassoio rimovibile che ti consente di posizionare temporaneamente piccoli componenti del rig come girelle per ami, perline e ami in un luogo facilmente accessibile, pronto per quando ne hai bisogno.<\/p>\n<p>Lo spazioso scomparto principale del Tackle Box \u00e8 dotato di divisori regolabili, che ti consentono di creare sezioni personalizzate per adattare perfettamente i tuoi oggetti. Basta far scorrere le partizioni per progettare il tuo layout organizzativo ideale; include un versatile set di divisori rimovibili, 6 piccoli, 1 medio e 2 grandi, che ti consentono di riconfigurare all&#8217;infinito lo spazio di archiviazione per adattarlo alle tue mutevoli esigenze.<\/p>\n<p>Le pareti permanenti all&#8217;interno della Tackle Box sono perfettamente distanziate per contenere le nostre bobine per terminali, le scatole per accessori, il filo per esche, il Leadcore, l&#8217;Arma Kord, le casseforti per leader e le scatole per ami Kamakura, insieme ad altri articoli come forbici e aghi per esche.<\/p>\n<p>Compatibile con le nostre Mini Compartment Boxes (vendute separatamente), la Large Tackle Box offre ancora pi\u00f9 possibilit\u00e0 organizzative. Le mini box sono dotate di coperchi trasparenti a ribalta e sono disponibili in varie configurazioni: 6, 8, 9 o 16 scomparti, perfette per riporre oggetti pi\u00f9 piccoli. Costruito per durare in plastica resistente e ad alto impatto, il coperchio si fissa saldamente con chiusure magnetiche, eliminando il rischio di apertura accidentale durante il trasporto ed evitando l&#8217;usura delle chiusure tradizionali.<\/p>\n<p><strong>Dimensioni:<\/strong> 35,5 cm x 24 cm x 7,5 cm<\/p>\n<p><strong>*L&#8217;attrezzatura terminale e gli utensili nelle immagini del prodotto non sono inclusi; solo la grande scatola per l&#8217;attrezzatura.<\/strong><\/p>\n","protected":false},"excerpt":{"rendered":"<p>Tackle Box Large Quando abbiamo lanciato la Tackle Box originale non ci aspettavamo di essere sommersi dalle richieste per una versione pi\u00f9 grande. Tuttavia, quando ci abbiamo pensato in modo logico, ci sono sempre articoli da pesca riposti in altre tasche, infilati in tasche laterali e lasciati sul fondo della borsa. La Large Tackle Box [&hellip;]<\/p>\n","protected":false},"featured_media":100871,"comment_status":"closed","ping_status":"closed","template":"","meta":[],"product_cat":[1145],"product_tag":[1018],"yoast_head":"<!-- This site is optimized with the Yoast SEO plugin v15.3 - https:\/\/yoast.com\/wordpress\/plugins\/seo\/ -->\n<title>Tackle Box Large - Korda - Pesca Fish<\/title>\n<meta name=\"robots\" content=\"index, follow, max-snippet:-1, max-image-preview:large, max-video-preview:-1\" \/>\n<link rel=\"canonical\" href=\"https:\/\/www.pescafish.it\/new\/prodotto\/tackle-box-large-korda\/\" \/>\n<meta property=\"og:locale\" content=\"it_IT\" \/>\n<meta property=\"og:type\" content=\"article\" \/>\n<meta property=\"og:title\" content=\"Tackle Box Large - Korda - Pesca Fish\" \/>\n<meta property=\"og:description\" content=\"Tackle Box Large Quando abbiamo lanciato la Tackle Box originale non ci aspettavamo di essere sommersi dalle richieste per una versione pi\u00f9 grande. Tuttavia, quando ci abbiamo pensato in modo logico, ci sono sempre articoli da pesca riposti in altre tasche, infilati in tasche laterali e lasciati sul fondo della borsa. La Large Tackle Box [&hellip;]\" \/>\n<meta property=\"og:url\" content=\"https:\/\/www.pescafish.it\/new\/prodotto\/tackle-box-large-korda\/\" \/>\n<meta property=\"og:site_name\" content=\"Pesca Fish\" \/>\n<meta property=\"article:publisher\" content=\"https:\/\/www.facebook.com\/pescafishvr\/\" \/>\n<meta property=\"article:modified_time\" content=\"2024-12-11T18:06:08+00:00\" \/>\n<meta property=\"og:image\" content=\"https:\/\/www.pescafish.it\/new\/wp-content\/uploads\/2024\/12\/kbox21.jpg\" \/>\n\t<meta property=\"og:image:width\" content=\"794\" \/>\n\t<meta property=\"og:image:height\" content=\"794\" \/>\n<meta name=\"twitter:card\" content=\"summary_large_image\" \/>\n<meta name=\"twitter:label1\" content=\"Scritto da\">\n\t<meta name=\"twitter:data1\" content=\"francesca\">\n\t<meta name=\"twitter:label2\" content=\"Tempo di lettura stimato\">\n\t<meta name=\"twitter:data2\" content=\"2 minuti\">\n<script type=\"application\/ld+json\" class=\"yoast-schema-graph\">{\"@context\":\"https:\/\/schema.org\",\"@graph\":[{\"@type\":\"WebSite\",\"@id\":\"https:\/\/www.pescafish.it\/new\/#website\",\"url\":\"https:\/\/www.pescafish.it\/new\/\",\"name\":\"Pesca Fish\",\"description\":\"Benvenuti sul nostro sito!\",\"potentialAction\":[{\"@type\":\"SearchAction\",\"target\":\"https:\/\/www.pescafish.it\/new\/?s={search_term_string}\",\"query-input\":\"required name=search_term_string\"}],\"inLanguage\":\"it-IT\"},{\"@type\":\"ImageObject\",\"@id\":\"https:\/\/www.pescafish.it\/new\/prodotto\/tackle-box-large-korda\/#primaryimage\",\"inLanguage\":\"it-IT\",\"url\":\"https:\/\/www.pescafish.it\/new\/wp-content\/uploads\/2024\/12\/kbox21.jpg\",\"width\":794,\"height\":794,\"caption\":\"Korda\"},{\"@type\":\"WebPage\",\"@id\":\"https:\/\/www.pescafish.it\/new\/prodotto\/tackle-box-large-korda\/#webpage\",\"url\":\"https:\/\/www.pescafish.it\/new\/prodotto\/tackle-box-large-korda\/\",\"name\":\"Tackle Box Large - Korda - Pesca Fish\",\"isPartOf\":{\"@id\":\"https:\/\/www.pescafish.it\/new\/#website\"},\"primaryImageOfPage\":{\"@id\":\"https:\/\/www.pescafish.it\/new\/prodotto\/tackle-box-large-korda\/#primaryimage\"},\"datePublished\":\"2024-12-11T18:04:39+00:00\",\"dateModified\":\"2024-12-11T18:06:08+00:00\",\"inLanguage\":\"it-IT\",\"potentialAction\":[{\"@type\":\"ReadAction\",\"target\":[\"https:\/\/www.pescafish.it\/new\/prodotto\/tackle-box-large-korda\/\"]}]}]}<\/script>\n<!-- \/ Yoast SEO plugin. -->","_links":{"self":[{"href":"https:\/\/www.pescafish.it\/new\/wp-json\/wp\/v2\/product\/100870"}],"collection":[{"href":"https:\/\/www.pescafish.it\/new\/wp-json\/wp\/v2\/product"}],"about":[{"href":"https:\/\/www.pescafish.it\/new\/wp-json\/wp\/v2\/types\/product"}],"replies":[{"embeddable":true,"href":"https:\/\/www.pescafish.it\/new\/wp-json\/wp\/v2\/comments?post=100870"}],"wp:featuredmedia":[{"embeddable":true,"href":"https:\/\/www.pescafish.it\/new\/wp-json\/wp\/v2\/media\/100871"}],"wp:attachment":[{"href":"https:\/\/www.pescafish.it\/new\/wp-json\/wp\/v2\/media?parent=100870"}],"wp:term":[{"taxonomy":"product_cat","embeddable":true,"href":"https:\/\/www.pescafish.it\/new\/wp-json\/wp\/v2\/product_cat?post=100870"},{"taxonomy":"product_tag","embeddable":true,"href":"https:\/\/www.pescafish.it\/new\/wp-json\/wp\/v2\/product_tag?post=100870"}],"curies":[{"name":"wp","href":"https:\/\/api.w.org\/{rel}","templated":true}]}}