{"id":100577,"date":"2024-11-12T19:20:19","date_gmt":"2024-11-12T18:20:19","guid":{"rendered":"https:\/\/www.pescafish.it\/new\/?post_type=product&#038;p=100577"},"modified":"2024-11-12T19:20:19","modified_gmt":"2024-11-12T18:20:19","slug":"scope-waterproof-smock-nash","status":"publish","type":"product","link":"https:\/\/www.pescafish.it\/new\/prodotto\/scope-waterproof-smock-nash\/","title":{"rendered":"Scope Waterproof Smock\u00a0&#8211; Nash"},"content":{"rendered":"<h2>Scope Waterproof Smock<\/h2>\n<p>Con un rivestimento esterno estremamente performante la giacca impermeabile scope \u00e8 in grado di proteggere non solo dagli eventi atmosferici ma anche dall\u2019ambiente circostante per un nuovo livello di comfort.<\/p>\n<p>Il cappuccio spazioso offre una protezione impareggiabile dal vento e dalla pioggia grazie al suo taglio e alla sua profondit\u00e0, viene arricchito da pannelli frontali interni per mantenere una buona visibilit\u00e0 proteggendo il viso.<\/p>\n<p>L\u2019asso nella manica della giacca \u00e8 la sua tasca nascosta posta alla base della cerniera centrale, che rivela una copertura a rete anti zanzare per la faccia che si pu\u00f2 velocemente attaccare al cappuccio. Questa, lasciando ampio spazio di movimento e comfort per testa, riduce al minimo il rischio di irritazione per chi la indossa, ma tiene lontani tutti gli insetti che possono pungere. E\u2019 la soluzione immediata per affrontare tutte quelle situazioni e ambienti specifici che normalmente sono off limits per le difficolt\u00e0 che il pescatore deve sopportare. Per praticit\u00e0 in condizioni pi\u00f9 facili i pannelli anti vento a collo alto possono essere rimossi mediante appositi bottoni e fissati all\u2019interno del cappuccio per una pi\u00f9 classica protezione e una migliore areazione.<\/p>\n<p><strong>Disponibile nelle seguenti taglie:<\/strong><br \/>\n<strong>KNC0504<\/strong>\u00a0 XXL<br \/>\n<strong>KNC0505<\/strong>\u00a0 XXXL<\/p>\n","protected":false},"excerpt":{"rendered":"<p>Scope Waterproof Smock Con un rivestimento esterno estremamente performante la giacca impermeabile scope \u00e8 in grado di proteggere non solo dagli eventi atmosferici ma anche dall\u2019ambiente circostante per un nuovo livello di comfort. Il cappuccio spazioso offre una protezione impareggiabile dal vento e dalla pioggia grazie al suo taglio e alla sua profondit\u00e0, viene arricchito [&hellip;]<\/p>\n","protected":false},"featured_media":100579,"comment_status":"closed","ping_status":"closed","template":"","meta":[],"product_cat":[748],"product_tag":[1024],"yoast_head":"<!-- This site is optimized with the Yoast SEO plugin v15.3 - https:\/\/yoast.com\/wordpress\/plugins\/seo\/ -->\n<title>Scope Waterproof Smock\u00a0- Nash - Pesca Fish<\/title>\n<meta name=\"robots\" content=\"index, follow, max-snippet:-1, max-image-preview:large, max-video-preview:-1\" \/>\n<link rel=\"canonical\" href=\"https:\/\/www.pescafish.it\/new\/prodotto\/scope-waterproof-smock-nash\/\" \/>\n<meta property=\"og:locale\" content=\"it_IT\" \/>\n<meta property=\"og:type\" content=\"article\" \/>\n<meta property=\"og:title\" content=\"Scope Waterproof Smock\u00a0- Nash - Pesca Fish\" \/>\n<meta property=\"og:description\" content=\"Scope Waterproof Smock Con un rivestimento esterno estremamente performante la giacca impermeabile scope \u00e8 in grado di proteggere non solo dagli eventi atmosferici ma anche dall\u2019ambiente circostante per un nuovo livello di comfort. Il cappuccio spazioso offre una protezione impareggiabile dal vento e dalla pioggia grazie al suo taglio e alla sua profondit\u00e0, viene arricchito [&hellip;]\" \/>\n<meta property=\"og:url\" content=\"https:\/\/www.pescafish.it\/new\/prodotto\/scope-waterproof-smock-nash\/\" \/>\n<meta property=\"og:site_name\" content=\"Pesca Fish\" \/>\n<meta property=\"article:publisher\" content=\"https:\/\/www.facebook.com\/pescafishvr\/\" \/>\n<meta property=\"og:image\" content=\"https:\/\/www.pescafish.it\/new\/wp-content\/uploads\/2024\/11\/IMGL4989_square.2e16d0ba.fill-600x600-1.jpg\" \/>\n\t<meta property=\"og:image:width\" content=\"600\" \/>\n\t<meta property=\"og:image:height\" content=\"600\" \/>\n<meta name=\"twitter:card\" content=\"summary_large_image\" \/>\n<meta name=\"twitter:label1\" content=\"Scritto da\">\n\t<meta name=\"twitter:data1\" content=\"francesca\">\n\t<meta name=\"twitter:label2\" content=\"Tempo di lettura stimato\">\n\t<meta name=\"twitter:data2\" content=\"1 minuto\">\n<script type=\"application\/ld+json\" class=\"yoast-schema-graph\">{\"@context\":\"https:\/\/schema.org\",\"@graph\":[{\"@type\":\"WebSite\",\"@id\":\"https:\/\/www.pescafish.it\/new\/#website\",\"url\":\"https:\/\/www.pescafish.it\/new\/\",\"name\":\"Pesca Fish\",\"description\":\"Benvenuti sul nostro sito!\",\"potentialAction\":[{\"@type\":\"SearchAction\",\"target\":\"https:\/\/www.pescafish.it\/new\/?s={search_term_string}\",\"query-input\":\"required name=search_term_string\"}],\"inLanguage\":\"it-IT\"},{\"@type\":\"ImageObject\",\"@id\":\"https:\/\/www.pescafish.it\/new\/prodotto\/scope-waterproof-smock-nash\/#primaryimage\",\"inLanguage\":\"it-IT\",\"url\":\"https:\/\/www.pescafish.it\/new\/wp-content\/uploads\/2024\/11\/IMGL4989_square.2e16d0ba.fill-600x600-1.jpg\",\"width\":600,\"height\":600,\"caption\":\"Nash\"},{\"@type\":\"WebPage\",\"@id\":\"https:\/\/www.pescafish.it\/new\/prodotto\/scope-waterproof-smock-nash\/#webpage\",\"url\":\"https:\/\/www.pescafish.it\/new\/prodotto\/scope-waterproof-smock-nash\/\",\"name\":\"Scope Waterproof Smock\\u00a0- Nash - Pesca Fish\",\"isPartOf\":{\"@id\":\"https:\/\/www.pescafish.it\/new\/#website\"},\"primaryImageOfPage\":{\"@id\":\"https:\/\/www.pescafish.it\/new\/prodotto\/scope-waterproof-smock-nash\/#primaryimage\"},\"datePublished\":\"2024-11-12T18:20:19+00:00\",\"dateModified\":\"2024-11-12T18:20:19+00:00\",\"inLanguage\":\"it-IT\",\"potentialAction\":[{\"@type\":\"ReadAction\",\"target\":[\"https:\/\/www.pescafish.it\/new\/prodotto\/scope-waterproof-smock-nash\/\"]}]}]}<\/script>\n<!-- \/ Yoast SEO plugin. -->","_links":{"self":[{"href":"https:\/\/www.pescafish.it\/new\/wp-json\/wp\/v2\/product\/100577"}],"collection":[{"href":"https:\/\/www.pescafish.it\/new\/wp-json\/wp\/v2\/product"}],"about":[{"href":"https:\/\/www.pescafish.it\/new\/wp-json\/wp\/v2\/types\/product"}],"replies":[{"embeddable":true,"href":"https:\/\/www.pescafish.it\/new\/wp-json\/wp\/v2\/comments?post=100577"}],"wp:featuredmedia":[{"embeddable":true,"href":"https:\/\/www.pescafish.it\/new\/wp-json\/wp\/v2\/media\/100579"}],"wp:attachment":[{"href":"https:\/\/www.pescafish.it\/new\/wp-json\/wp\/v2\/media?parent=100577"}],"wp:term":[{"taxonomy":"product_cat","embeddable":true,"href":"https:\/\/www.pescafish.it\/new\/wp-json\/wp\/v2\/product_cat?post=100577"},{"taxonomy":"product_tag","embeddable":true,"href":"https:\/\/www.pescafish.it\/new\/wp-json\/wp\/v2\/product_tag?post=100577"}],"curies":[{"name":"wp","href":"https:\/\/api.w.org\/{rel}","templated":true}]}}